{"id":755853,"date":"2025-08-28T06:51:05","date_gmt":"2025-08-28T03:51:05","guid":{"rendered":"https:\/\/roveyayinevi.com.tr\/index.php\/urun\/depresyon-veya-zafer\/"},"modified":"2026-04-16T03:08:54","modified_gmt":"2026-04-16T00:08:54","slug":"depresyon-veya-zafer","status":"publish","type":"product","link":"https:\/\/roveyayinevi.com.tr\/index.php\/urun\/depresyon-veya-zafer\/","title":{"rendered":"DEPRESYON VEYA ZAFER"},"content":{"rendered":"<p>\u0130\u00e7 Hesapla\u015fmalar! Hissizlik! Yeniden Do\u011fu\u015f!Hepimizin i\u00e7inde ta\u015f\u0131d\u0131\u011f\u0131 ku\u0308\u00e7u\u0308k ve ac\u0131mas\u0131z bir cehennem vard\u0131r. Bu cehenneme du\u0308\u015fmeyen kimseler muhtemelen, bundan \u00f6tu\u0308ru\u0308 \u0131zd\u0131rap \u00e7eken di\u011ferlerine, hayatlar\u0131n\u0131n bir d\u00f6neminde, e\u015flik eder. Bu, depresyon cehennemidir.Bu kitap depresyonun ne oldu\u011funu, bununla nas\u0131l ya\u015fanabilece\u011fini, sonras\u0131nda nas\u0131l u\u0308stesinden gelinece\u011fini \u00e7ok zevkli bir bi\u00e7imde a\u00e7\u0131kl\u0131yor. \u00c7u\u0308nku\u0308 bu cehennemi terketmek i\u00e7in at\u0131lmas\u0131 gereken ilk ad\u0131m, onu te\u015fhis etmek ve anlamakt\u0131r.Depresyon veya Zafer her tu\u0308rden okur i\u00e7in bir kitap; do\u011frucu oldu\u011fu kadar cu\u0308retk\u00e2r, ilham verici oldu\u011fu kadar kullan\u0131\u015fl\u0131.<\/p>\n","protected":false},"excerpt":{"rendered":"<p>\u0130\u00e7 Hesapla\u015fmalar! Hissizlik! Yeniden Do\u011fu\u015f!Hepimizin i\u00e7inde ta\u015f\u0131d\u0131\u011f\u0131 ku\u0308\u00e7u\u0308k ve ac\u0131mas\u0131z bir cehennem vard\u0131r. Bu cehenneme du\u0308\u015fmeyen kimseler muhtemelen, bundan \u00f6tu\u0308ru\u0308 \u0131zd\u0131rap \u00e7eken di\u011ferlerine, hayatlar\u0131n\u0131n bir d\u00f6neminde,<span class=\"excerpt-hellip\"> [\u2026]<\/span><\/p>\n","protected":false},"featured_media":0,"template":"","meta":{"_monsterinsights_skip_tracking":false,"_monsterinsights_sitenote_active":false,"_monsterinsights_sitenote_note":"","_monsterinsights_sitenote_category":0},"product_brand":[],"product_cat":[12291,18202],"product_tag":[],"class_list":{"0":"post-755853","1":"product","2":"type-product","3":"status-publish","5":"product_cat-edebiyat","6":"product_cat-hikaye","7":"pa_cilt-ciltsiz","8":"pa_tur-kitap","9":"pa_yayinevi-beta-byou","10":"pa_yazar-meritxell-duran","12":"first","13":"instock","14":"sale","15":"shipping-taxable","16":"purchasable","17":"product-type-simple"},"_links":{"self":[{"href":"https:\/\/roveyayinevi.com.tr\/index.php\/wp-json\/wp\/v2\/product\/755853","targetHints":{"allow":["GET"]}}],"collection":[{"href":"https:\/\/roveyayinevi.com.tr\/index.php\/wp-json\/wp\/v2\/product"}],"about":[{"href":"https:\/\/roveyayinevi.com.tr\/index.php\/wp-json\/wp\/v2\/types\/product"}],"wp:attachment":[{"href":"https:\/\/roveyayinevi.com.tr\/index.php\/wp-json\/wp\/v2\/media?parent=755853"}],"wp:term":[{"taxonomy":"product_brand","embeddable":true,"href":"https:\/\/roveyayinevi.com.tr\/index.php\/wp-json\/wp\/v2\/product_brand?post=755853"},{"taxonomy":"product_cat","embeddable":true,"href":"https:\/\/roveyayinevi.com.tr\/index.php\/wp-json\/wp\/v2\/product_cat?post=755853"},{"taxonomy":"product_tag","embeddable":true,"href":"https:\/\/roveyayinevi.com.tr\/index.php\/wp-json\/wp\/v2\/product_tag?post=755853"}],"curies":[{"name":"wp","href":"https:\/\/api.w.org\/{rel}","templated":true}]}}