{"id":755845,"date":"2025-08-28T06:50:53","date_gmt":"2025-08-28T03:50:53","guid":{"rendered":"https:\/\/roveyayinevi.com.tr\/index.php\/urun\/disney-yepyeni-bir-dunya-degistirilmis-bir-masal\/"},"modified":"2026-04-16T03:08:54","modified_gmt":"2026-04-16T00:08:54","slug":"disney-yepyeni-bir-dunya-degistirilmis-bir-masal","status":"publish","type":"product","link":"https:\/\/roveyayinevi.com.tr\/index.php\/urun\/disney-yepyeni-bir-dunya-degistirilmis-bir-masal\/","title":{"rendered":"DISNEY &#8211; YEPYEN\u0130 B\u0130R D\u00dcNYA DE\u011e\u0130\u015eT\u0130R\u0130LM\u0130\u015e B\u0130R MASAL"},"content":{"rendered":"<p>New York Times \u00c7oksatar SerisiAlaaddin lambay\u0131 bulmasayd\u0131 ne olurdu?Alaaddin bir Sokak Faresi. T\u0131pk\u0131 \u00e7o\u011fu Sokak Faresi gibi, o da yoksul Agrabah\u2019ta hayatta kalmaya \u00e7al\u0131\u015f\u0131yor. Yasemin, \u00f6nceden ayarlanm\u0131\u015f bir evlili\u011fe ad\u0131m atmaya haz\u0131rlananbir prenses. Tek istedi\u011fi, kaderinden ka\u00e7mak, saray duvarlar\u0131n\u0131n ard\u0131nda nas\u0131l bir du\u0308nya oldu\u011funu g\u00f6rmek. Ama Sultan\u2019\u0131n Cafer adl\u0131 \u2018gu\u0308venilir\u2019 ak\u0131l hocas\u0131n\u0131n gu\u0308\u00e7 kazanmas\u0131ylaher \u015fey aniden de\u011fi\u015fir. Cafer, eski bir lamban\u0131n yard\u0131m\u0131yla sihrin kurallar\u0131n\u0131 \u00e7i\u011fnemeye, sevgi ve \u00f6lu\u0308mu\u0308 kontrol etmeye kalk\u0131\u015f\u0131r. K\u0131sa su\u0308re sonra Alaaddin ve prenses unvan\u0131n\u0131 kaybetmi\u015f olan Yasemin, krall\u0131\u011f\u0131 par\u00e7alamakla tehdit eden \u00e7\u0131lg\u0131n hu\u0308ku\u0308mdar\u0131 durdurmak i\u00e7in Agrabah halk\u0131n\u0131 bir araya getirmek zorunda kal\u0131r.Bu, senin bildi\u011fin \u00f6yku\u0308 de\u011fil. Bu, gu\u0308\u00e7le ilgili bir \u00f6yku\u0308. Yeniliklerle. Sevgiyle. Ve bu \u00f6yku\u0308de tek bir an, her \u015feyi de\u011fi\u015ftirebilir.<\/p>\n","protected":false},"excerpt":{"rendered":"<p>New York Times \u00c7oksatar SerisiAlaaddin lambay\u0131 bulmasayd\u0131 ne olurdu?Alaaddin bir Sokak Faresi. T\u0131pk\u0131 \u00e7o\u011fu Sokak Faresi gibi, o da yoksul Agrabah\u2019ta hayatta kalmaya \u00e7al\u0131\u015f\u0131yor. Yasemin, \u00f6nceden<span class=\"excerpt-hellip\"> [\u2026]<\/span><\/p>\n","protected":false},"featured_media":0,"template":"","meta":{"_monsterinsights_skip_tracking":false,"_monsterinsights_sitenote_active":false,"_monsterinsights_sitenote_note":"","_monsterinsights_sitenote_category":0},"product_brand":[],"product_cat":[12274,12284],"product_tag":[],"class_list":{"0":"post-755845","1":"product","2":"type-product","3":"status-publish","5":"product_cat-cocuk-ve-genclik-kitaplari","6":"product_cat-hikayeler","7":"pa_cilt-ciltsiz","8":"pa_tur-kitap","9":"pa_yayinevi-beta-byou","10":"pa_yazar-liz-braswell","12":"first","13":"instock","14":"sale","15":"shipping-taxable","16":"purchasable","17":"product-type-simple"},"_links":{"self":[{"href":"https:\/\/roveyayinevi.com.tr\/index.php\/wp-json\/wp\/v2\/product\/755845","targetHints":{"allow":["GET"]}}],"collection":[{"href":"https:\/\/roveyayinevi.com.tr\/index.php\/wp-json\/wp\/v2\/product"}],"about":[{"href":"https:\/\/roveyayinevi.com.tr\/index.php\/wp-json\/wp\/v2\/types\/product"}],"wp:attachment":[{"href":"https:\/\/roveyayinevi.com.tr\/index.php\/wp-json\/wp\/v2\/media?parent=755845"}],"wp:term":[{"taxonomy":"product_brand","embeddable":true,"href":"https:\/\/roveyayinevi.com.tr\/index.php\/wp-json\/wp\/v2\/product_brand?post=755845"},{"taxonomy":"product_cat","embeddable":true,"href":"https:\/\/roveyayinevi.com.tr\/index.php\/wp-json\/wp\/v2\/product_cat?post=755845"},{"taxonomy":"product_tag","embeddable":true,"href":"https:\/\/roveyayinevi.com.tr\/index.php\/wp-json\/wp\/v2\/product_tag?post=755845"}],"curies":[{"name":"wp","href":"https:\/\/api.w.org\/{rel}","templated":true}]}}