{"id":755836,"date":"2025-08-28T06:50:39","date_gmt":"2025-08-28T03:50:39","guid":{"rendered":"https:\/\/roveyayinevi.com.tr\/index.php\/urun\/disney-manga-witch-2\/"},"modified":"2026-04-16T03:08:54","modified_gmt":"2026-04-16T00:08:54","slug":"disney-manga-witch-2","status":"publish","type":"product","link":"https:\/\/roveyayinevi.com.tr\/index.php\/urun\/disney-manga-witch-2\/","title":{"rendered":"DISNEY MANGA WITCH 2"},"content":{"rendered":"<p>Uzak bir gezegenden gelen zalim, gizemli gu\u0308\u00e7ler Du\u0308nya\u2019y\u0131 tehdit ediyor. Kadim Kandrakar taraf\u0131ndan se\u00e7ilen be\u015f koruyucu Will, Irma, Taranee, Cornelia, Hay Lin, du\u0308nyalar\u0131 birbirinden ay\u0131ran bariyeri korumakla g\u00f6revlendirildi. W.i.t.c.h.\u2019in soluk kesen maceras\u0131 bu ikinci ve son kitapla devam ediyor. Tu\u0308m du\u0308nyada sat\u0131\u015f rekorlar\u0131 k\u0131ran Disney \u00e7izgi roman\u0131n\u0131n manga versiyonu \u015fimdi Tu\u0308rkiye\u2019de!Will\u2019in henu\u0308z yeni ta\u015f\u0131nd\u0131\u011f\u0131 Heatherfifield\u2019da gizemli olaylar ya\u015fan\u0131yor. Arkada\u015flar\u0131 Irma,Taranee, Hay Lin ve Cornelia ile birlikte evrene du\u0308zeni geri getirmek i\u00e7in sava\u015fmak zorunda kalacaklar. Metamondo\u2019dan du\u0308nya u\u0308zerindeki gu\u0308cu\u0308 ele ge\u00e7irmeyi planlayan zalim Phobos\u2019un planlar\u0131n\u0131 durdurmak i\u00e7in sava\u015f ba\u015flamak u\u0308zere.<\/p>\n","protected":false},"excerpt":{"rendered":"<p>Uzak bir gezegenden gelen zalim, gizemli gu\u0308\u00e7ler Du\u0308nya\u2019y\u0131 tehdit ediyor. Kadim Kandrakar taraf\u0131ndan se\u00e7ilen be\u015f koruyucu Will, Irma, Taranee, Cornelia, Hay Lin, du\u0308nyalar\u0131 birbirinden ay\u0131ran bariyeri<span class=\"excerpt-hellip\"> [\u2026]<\/span><\/p>\n","protected":false},"featured_media":0,"template":"","meta":{"_monsterinsights_skip_tracking":false,"_monsterinsights_sitenote_active":false,"_monsterinsights_sitenote_note":"","_monsterinsights_sitenote_category":0},"product_brand":[],"product_cat":[12416,12291],"product_tag":[],"class_list":{"0":"post-755836","1":"product","2":"type-product","3":"status-publish","5":"product_cat-cizgi-roman","6":"product_cat-edebiyat","7":"pa_cilt-ciltsiz","8":"pa_tur-kitap","9":"pa_yayinevi-beta-byou","10":"pa_yazar-haruko-iida","12":"first","13":"instock","14":"sale","15":"shipping-taxable","16":"purchasable","17":"product-type-simple"},"_links":{"self":[{"href":"https:\/\/roveyayinevi.com.tr\/index.php\/wp-json\/wp\/v2\/product\/755836","targetHints":{"allow":["GET"]}}],"collection":[{"href":"https:\/\/roveyayinevi.com.tr\/index.php\/wp-json\/wp\/v2\/product"}],"about":[{"href":"https:\/\/roveyayinevi.com.tr\/index.php\/wp-json\/wp\/v2\/types\/product"}],"wp:attachment":[{"href":"https:\/\/roveyayinevi.com.tr\/index.php\/wp-json\/wp\/v2\/media?parent=755836"}],"wp:term":[{"taxonomy":"product_brand","embeddable":true,"href":"https:\/\/roveyayinevi.com.tr\/index.php\/wp-json\/wp\/v2\/product_brand?post=755836"},{"taxonomy":"product_cat","embeddable":true,"href":"https:\/\/roveyayinevi.com.tr\/index.php\/wp-json\/wp\/v2\/product_cat?post=755836"},{"taxonomy":"product_tag","embeddable":true,"href":"https:\/\/roveyayinevi.com.tr\/index.php\/wp-json\/wp\/v2\/product_tag?post=755836"}],"curies":[{"name":"wp","href":"https:\/\/api.w.org\/{rel}","templated":true}]}}