{"id":755833,"date":"2025-08-28T06:50:34","date_gmt":"2025-08-28T03:50:34","guid":{"rendered":"https:\/\/roveyayinevi.com.tr\/index.php\/urun\/disney-manga-stic-ve-samuray-2\/"},"modified":"2026-04-16T03:08:54","modified_gmt":"2026-04-16T00:08:54","slug":"disney-manga-stic-ve-samuray-2","status":"publish","type":"product","link":"https:\/\/roveyayinevi.com.tr\/index.php\/urun\/disney-manga-stic-ve-samuray-2\/","title":{"rendered":"DISNEY MANGA ST\u0130\u00c7 VE SAMURAY -2"},"content":{"rendered":"<p>Sti\u00e7 -evrenin en yumu\u015fak tu\u0308ylu\u0308 ve en tehlikeli yarat\u0131\u011f\u0131- Orta \u00c7a\u011f Japonyas\u0131&#8217;na zorunlu ini\u015f yapt\u0131\u011f\u0131nda, sert bir samuray olan Lord Yamato onu yan\u0131na ald\u0131 ve ikisi dost oldular. Ancak Sti\u00e7\u2019in pe\u015findeki Galaktik Federasyon, ka\u00e7ak dene\u011fi yakalamak i\u00e7in Jumba ve Pleakley\u2019yi Du\u0308nya\u2019ya g\u00f6nderdi.Sti\u00e7 ve Sava\u015f Lordu yerli halka fark ettirmeden bu istilac\u0131 uzayl\u0131larla ba\u015f edebilecek mi? Sti\u00e7, Yamato\u2019nun siyasi gu\u0308\u00e7 planlar\u0131n\u0131 berbat m\u0131 edecek? Ve kaleye yerle\u015fen o gizemli hayalet de neyin nesi?<\/p>\n","protected":false},"excerpt":{"rendered":"<p>Sti\u00e7 -evrenin en yumu\u015fak tu\u0308ylu\u0308 ve en tehlikeli yarat\u0131\u011f\u0131- Orta \u00c7a\u011f Japonyas\u0131&#8217;na zorunlu ini\u015f yapt\u0131\u011f\u0131nda, sert bir samuray olan Lord Yamato onu yan\u0131na ald\u0131 ve ikisi<span class=\"excerpt-hellip\"> [\u2026]<\/span><\/p>\n","protected":false},"featured_media":0,"template":"","meta":{"_monsterinsights_skip_tracking":false,"_monsterinsights_sitenote_active":false,"_monsterinsights_sitenote_note":"","_monsterinsights_sitenote_category":0},"product_brand":[],"product_cat":[12416,12291],"product_tag":[],"class_list":{"0":"post-755833","1":"product","2":"type-product","3":"status-publish","5":"product_cat-cizgi-roman","6":"product_cat-edebiyat","7":"pa_cilt-ciltsiz","8":"pa_tur-kitap","9":"pa_yayinevi-beta-byou","10":"pa_yazar-hiroto-wada","12":"first","13":"instock","14":"sale","15":"shipping-taxable","16":"purchasable","17":"product-type-simple"},"_links":{"self":[{"href":"https:\/\/roveyayinevi.com.tr\/index.php\/wp-json\/wp\/v2\/product\/755833","targetHints":{"allow":["GET"]}}],"collection":[{"href":"https:\/\/roveyayinevi.com.tr\/index.php\/wp-json\/wp\/v2\/product"}],"about":[{"href":"https:\/\/roveyayinevi.com.tr\/index.php\/wp-json\/wp\/v2\/types\/product"}],"wp:attachment":[{"href":"https:\/\/roveyayinevi.com.tr\/index.php\/wp-json\/wp\/v2\/media?parent=755833"}],"wp:term":[{"taxonomy":"product_brand","embeddable":true,"href":"https:\/\/roveyayinevi.com.tr\/index.php\/wp-json\/wp\/v2\/product_brand?post=755833"},{"taxonomy":"product_cat","embeddable":true,"href":"https:\/\/roveyayinevi.com.tr\/index.php\/wp-json\/wp\/v2\/product_cat?post=755833"},{"taxonomy":"product_tag","embeddable":true,"href":"https:\/\/roveyayinevi.com.tr\/index.php\/wp-json\/wp\/v2\/product_tag?post=755833"}],"curies":[{"name":"wp","href":"https:\/\/api.w.org\/{rel}","templated":true}]}}