{"id":755832,"date":"2025-08-28T06:50:32","date_gmt":"2025-08-28T03:50:32","guid":{"rendered":"https:\/\/roveyayinevi.com.tr\/index.php\/urun\/disney-manga-stic-ve-samuray-1\/"},"modified":"2026-04-16T03:08:53","modified_gmt":"2026-04-16T00:08:53","slug":"disney-manga-stic-ve-samuray-1","status":"publish","type":"product","link":"https:\/\/roveyayinevi.com.tr\/index.php\/urun\/disney-manga-stic-ve-samuray-1\/","title":{"rendered":"DISNEY MANGA ST\u0130\u00c7 VE SAMURAY &#8211; 1"},"content":{"rendered":"<p>Galaktik Federasyon\u2019dan ka\u00e7an Sti\u00e7, uzay gemisi ar\u0131zalan\u0131nca acil ini\u015f yapmakzorunda kal\u0131r\u2026 ama Hawaii\u2019ye de\u011fil, Sengoku\u2019ya, yani i\u00e7 sava\u015f d\u00f6nemi Japonyas\u0131na! Sert kumandan Lord Yamato ve klan\u0131 taraf\u0131ndan bulunan Sti\u00e7\u2019in e\u015fsiz sevimlili\u011fi \u201cmavi tanuki\u201dyi beraberinde eve g\u00f6tu\u0308rmeye karar veren sava\u015f ustas\u0131 samuray i\u00e7in \u00e7ok fazla. Sti\u00e7\u2019in karma\u015faya duydu\u011fu sevgi, samuray\u0131n gu\u0308cu\u0308 i\u00e7in harika bir avantaj m\u0131 olacak? Yoksa onun \u015firin ve pofuduk bedeni lordun ac\u0131mas\u0131zl\u0131\u011f\u0131n\u0131 yerle bir mi edecek?<\/p>\n","protected":false},"excerpt":{"rendered":"<p>Galaktik Federasyon\u2019dan ka\u00e7an Sti\u00e7, uzay gemisi ar\u0131zalan\u0131nca acil ini\u015f yapmakzorunda kal\u0131r\u2026 ama Hawaii\u2019ye de\u011fil, Sengoku\u2019ya, yani i\u00e7 sava\u015f d\u00f6nemi Japonyas\u0131na! Sert kumandan Lord Yamato ve klan\u0131<span class=\"excerpt-hellip\"> [\u2026]<\/span><\/p>\n","protected":false},"featured_media":0,"template":"","meta":{"_monsterinsights_skip_tracking":false,"_monsterinsights_sitenote_active":false,"_monsterinsights_sitenote_note":"","_monsterinsights_sitenote_category":0},"product_brand":[],"product_cat":[12416,12291],"product_tag":[],"class_list":{"0":"post-755832","1":"product","2":"type-product","3":"status-publish","5":"product_cat-cizgi-roman","6":"product_cat-edebiyat","7":"pa_cilt-ciltsiz","8":"pa_tur-kitap","9":"pa_yayinevi-beta-byou","10":"pa_yazar-hiroto-wada","12":"first","13":"instock","14":"sale","15":"shipping-taxable","16":"purchasable","17":"product-type-simple"},"_links":{"self":[{"href":"https:\/\/roveyayinevi.com.tr\/index.php\/wp-json\/wp\/v2\/product\/755832","targetHints":{"allow":["GET"]}}],"collection":[{"href":"https:\/\/roveyayinevi.com.tr\/index.php\/wp-json\/wp\/v2\/product"}],"about":[{"href":"https:\/\/roveyayinevi.com.tr\/index.php\/wp-json\/wp\/v2\/types\/product"}],"wp:attachment":[{"href":"https:\/\/roveyayinevi.com.tr\/index.php\/wp-json\/wp\/v2\/media?parent=755832"}],"wp:term":[{"taxonomy":"product_brand","embeddable":true,"href":"https:\/\/roveyayinevi.com.tr\/index.php\/wp-json\/wp\/v2\/product_brand?post=755832"},{"taxonomy":"product_cat","embeddable":true,"href":"https:\/\/roveyayinevi.com.tr\/index.php\/wp-json\/wp\/v2\/product_cat?post=755832"},{"taxonomy":"product_tag","embeddable":true,"href":"https:\/\/roveyayinevi.com.tr\/index.php\/wp-json\/wp\/v2\/product_tag?post=755832"}],"curies":[{"name":"wp","href":"https:\/\/api.w.org\/{rel}","templated":true}]}}