{"id":755829,"date":"2025-08-28T06:49:52","date_gmt":"2025-08-28T03:49:52","guid":{"rendered":"https:\/\/roveyayinevi.com.tr\/index.php\/urun\/disney-manga-karlar-ulkesi-ii\/"},"modified":"2026-04-16T03:08:53","modified_gmt":"2026-04-16T00:08:53","slug":"disney-manga-karlar-ulkesi-ii","status":"publish","type":"product","link":"https:\/\/roveyayinevi.com.tr\/index.php\/urun\/disney-manga-karlar-ulkesi-ii\/","title":{"rendered":"Disney Manga Karlar \u00dclkesi II"},"content":{"rendered":"<p>\u00c7OK SEV\u0130LEN KARLAR \u00dcLKES\u0130 II \u015e\u0130MD\u0130 MANGA OLARAK KAR\u015eINDA!Bir Kuzey Maceras\u0131\u2026Elsa neden sihirli gu\u0308\u00e7lerle do\u011fmu\u015ftu? Bu sorunun yan\u0131t\u0131 Elsa\u2019y\u0131 \u00e7a\u011f\u0131r\u0131yor ve krall\u0131\u011f\u0131n\u0131 tehlikeye at\u0131yor. Anna, Kristoff, Olaf ve Sven ile ge\u00e7mi\u015fini ke\u015ffedip gelece\u011fi kurtaracak tehlikeli ama muhte\u015fem bir maceraya at\u0131l\u0131yor.Bakal\u0131m Elsa\u2019n\u0131n gu\u0308\u00e7leri bu bilinmezlik yolculu\u011funda herkesi kurtarmaya yetecek mi?<\/p>\n","protected":false},"excerpt":{"rendered":"<p>\u00c7OK SEV\u0130LEN KARLAR \u00dcLKES\u0130 II \u015e\u0130MD\u0130 MANGA OLARAK KAR\u015eINDA!Bir Kuzey Maceras\u0131\u2026Elsa neden sihirli gu\u0308\u00e7lerle do\u011fmu\u015ftu? Bu sorunun yan\u0131t\u0131 Elsa\u2019y\u0131 \u00e7a\u011f\u0131r\u0131yor ve krall\u0131\u011f\u0131n\u0131 tehlikeye at\u0131yor. Anna, Kristoff,<span class=\"excerpt-hellip\"> [\u2026]<\/span><\/p>\n","protected":false},"featured_media":0,"template":"","meta":{"_monsterinsights_skip_tracking":false,"_monsterinsights_sitenote_active":false,"_monsterinsights_sitenote_note":"","_monsterinsights_sitenote_category":0},"product_brand":[],"product_cat":[12416,12291],"product_tag":[],"class_list":{"0":"post-755829","1":"product","2":"type-product","3":"status-publish","5":"product_cat-cizgi-roman","6":"product_cat-edebiyat","7":"pa_cilt-ciltsiz","8":"pa_tur-kitap","9":"pa_yayinevi-beta-byou","10":"pa_yazar-arina-tanemura","12":"first","13":"instock","14":"sale","15":"shipping-taxable","16":"purchasable","17":"product-type-simple"},"_links":{"self":[{"href":"https:\/\/roveyayinevi.com.tr\/index.php\/wp-json\/wp\/v2\/product\/755829","targetHints":{"allow":["GET"]}}],"collection":[{"href":"https:\/\/roveyayinevi.com.tr\/index.php\/wp-json\/wp\/v2\/product"}],"about":[{"href":"https:\/\/roveyayinevi.com.tr\/index.php\/wp-json\/wp\/v2\/types\/product"}],"wp:attachment":[{"href":"https:\/\/roveyayinevi.com.tr\/index.php\/wp-json\/wp\/v2\/media?parent=755829"}],"wp:term":[{"taxonomy":"product_brand","embeddable":true,"href":"https:\/\/roveyayinevi.com.tr\/index.php\/wp-json\/wp\/v2\/product_brand?post=755829"},{"taxonomy":"product_cat","embeddable":true,"href":"https:\/\/roveyayinevi.com.tr\/index.php\/wp-json\/wp\/v2\/product_cat?post=755829"},{"taxonomy":"product_tag","embeddable":true,"href":"https:\/\/roveyayinevi.com.tr\/index.php\/wp-json\/wp\/v2\/product_tag?post=755829"}],"curies":[{"name":"wp","href":"https:\/\/api.w.org\/{rel}","templated":true}]}}