{"id":755816,"date":"2025-08-28T06:49:33","date_gmt":"2025-08-28T03:49:33","guid":{"rendered":"https:\/\/roveyayinevi.com.tr\/index.php\/urun\/iste-bu-ask-degistirilmis-bir-masal\/"},"modified":"2026-04-16T03:08:53","modified_gmt":"2026-04-16T00:08:53","slug":"iste-bu-ask-degistirilmis-bir-masal","status":"publish","type":"product","link":"https:\/\/roveyayinevi.com.tr\/index.php\/urun\/iste-bu-ask-degistirilmis-bir-masal\/","title":{"rendered":"\u0130\u015fte Bu A\u015fk -De\u011fi\u015ftirilmi\u015f Bir Masal"},"content":{"rendered":"<p>Ya Sindirella camdan ayakkab\u0131y\u0131 hi\u00e7 denemeseydi?Sindirella&#8217;n\u0131n baloda ge\u00e7irdi\u011fi o gece, hayal etti\u011finden bile g\u00fczeldi.Ba\u015fka bir ya\u015fam\u0131n fevkalade ve esrarengiz b\u00fcy\u00fcs\u00fcn\u00fc deneyimlemi\u015f, \u00fcvey annesi Leydi Tremaine&#8217;in zulm\u00fcnden birka\u00e7 saatli\u011fine ka\u00e7\u0131p mutlu olabilmi\u015f ve bir de g\u00f6r\u00fcr g\u00f6rmez birbirlerine ba\u011fland\u0131klar\u0131 \u00e7ekici bir yabanc\u0131yla tan\u0131\u015fm\u0131\u015ft\u0131. Ertesi g\u00fcn, Sindirella Grand\u00fck\u2019\u00fcn, ard\u0131nda camdan bir ayakkab\u0131 b\u0131rakan gizemli bir prensesi arad\u0131\u011f\u0131n\u0131 \u00f6\u011frenip daha g\u00fczel bir gelece\u011fin hayalini kurma c\u00fcretini g\u00f6sterir. Pek tabii, Leydi Tremaine olaya el atana dek&#8230; Kay\u0131p &#8220;prensesin&#8221; kendisi oldu\u011funu kan\u0131tlayamay\u0131p Leydi Tremaine&#8217;in himayesinde ya\u015famaya daha fazla katlanamayan Sindirella, yepyeni bir ba\u015flang\u0131\u00e7 yapmak i\u00e7in sarayda terzi olarak \u00e7al\u0131\u015fmaya ba\u015flar. Fakat Grand\u00fck onu, sarayda misafir olarak konaklayan Kral&#8217;\u0131n k\u0131z karde\u015finin hizmetine verir. Sindirella bu g\u00f6revde, Kral&#8217;i -ve Prens&#8217;i &#8211; tahttan indirmek ve uzun y\u0131llard\u0131r var olan \u00f6n yarg\u0131lar sonucunda kendi peri vaftiz annesi de d\u00e2hil olmak \u00fczere t\u00fcm perileri g\u00fc\u00e7ten d\u00fc\u015f\u00fcrmek i\u00e7in kurulmu\u015f bir kumpasa \u015fahit olur. A\u015fk\u0131n ve krall\u0131\u011f\u0131na duydu\u011fu sadakatin \u00e7\u0131kmazlar\u0131yla kar\u015f\u0131 kar\u015f\u0131ya kalan Sindirella, ge\u00e7mi\u015ften gelen ve yoluna \u00e7\u0131kan d\u00fc\u015fmanlar\u0131 alt etmenin bir yolunu bulmal\u0131d\u0131r. \u00c7ok ge\u00e7 olmadan.<\/p>\n","protected":false},"excerpt":{"rendered":"<p>Ya Sindirella camdan ayakkab\u0131y\u0131 hi\u00e7 denemeseydi?Sindirella&#8217;n\u0131n baloda ge\u00e7irdi\u011fi o gece, hayal etti\u011finden bile g\u00fczeldi.Ba\u015fka bir ya\u015fam\u0131n fevkalade ve esrarengiz b\u00fcy\u00fcs\u00fcn\u00fc deneyimlemi\u015f, \u00fcvey annesi Leydi Tremaine&#8217;in zulm\u00fcnden<span class=\"excerpt-hellip\"> [\u2026]<\/span><\/p>\n","protected":false},"featured_media":0,"template":"","meta":{"_monsterinsights_skip_tracking":false,"_monsterinsights_sitenote_active":false,"_monsterinsights_sitenote_note":"","_monsterinsights_sitenote_category":0},"product_brand":[],"product_cat":[12291,12711],"product_tag":[],"class_list":{"0":"post-755816","1":"product","2":"type-product","3":"status-publish","5":"product_cat-edebiyat","6":"product_cat-roman-oyku","7":"pa_cilt-ciltsiz","8":"pa_tur-kitap","9":"pa_yayinevi-beta-byou","10":"pa_yazar-elizabeth-lim","12":"first","13":"instock","14":"sale","15":"shipping-taxable","16":"purchasable","17":"product-type-simple"},"_links":{"self":[{"href":"https:\/\/roveyayinevi.com.tr\/index.php\/wp-json\/wp\/v2\/product\/755816","targetHints":{"allow":["GET"]}}],"collection":[{"href":"https:\/\/roveyayinevi.com.tr\/index.php\/wp-json\/wp\/v2\/product"}],"about":[{"href":"https:\/\/roveyayinevi.com.tr\/index.php\/wp-json\/wp\/v2\/types\/product"}],"wp:attachment":[{"href":"https:\/\/roveyayinevi.com.tr\/index.php\/wp-json\/wp\/v2\/media?parent=755816"}],"wp:term":[{"taxonomy":"product_brand","embeddable":true,"href":"https:\/\/roveyayinevi.com.tr\/index.php\/wp-json\/wp\/v2\/product_brand?post=755816"},{"taxonomy":"product_cat","embeddable":true,"href":"https:\/\/roveyayinevi.com.tr\/index.php\/wp-json\/wp\/v2\/product_cat?post=755816"},{"taxonomy":"product_tag","embeddable":true,"href":"https:\/\/roveyayinevi.com.tr\/index.php\/wp-json\/wp\/v2\/product_tag?post=755816"}],"curies":[{"name":"wp","href":"https:\/\/api.w.org\/{rel}","templated":true}]}}