{"id":755814,"date":"2025-08-28T06:49:30","date_gmt":"2025-08-28T03:49:30","guid":{"rendered":"https:\/\/roveyayinevi.com.tr\/index.php\/urun\/ningyo\/"},"modified":"2026-04-16T03:08:53","modified_gmt":"2026-04-16T00:08:53","slug":"ningyo","status":"publish","type":"product","link":"https:\/\/roveyayinevi.com.tr\/index.php\/urun\/ningyo\/","title":{"rendered":"Ningyo"},"content":{"rendered":"<p>&#8220;A\u011fa\u00e7 Denizi\u201d veya &#8220;Kendini \u00d6ld\u00fcrenlerOrman\u0131\u201d olarak bilinen Japonya&#8217;dakiAokigahara orman\u0131\u2026Gizemli yarat\u0131klar taraf\u0131ndany\u00f6nlendiriliyormu\u015f gibi g\u00f6r\u00fcnen biradam orada hayat\u0131n\u0131 kaybetti.Bir sure sonra k\u00fc\u00e7\u00fck karde\u015fi Kai,a\u011fabeyinin ortadan kaybolmas\u0131n\u0131nnedenlerini ke\u015ffetmeye kararl\u0131 bir\u015fekilde olay yerine geliyor.Ama derinliklerine&#8217; do\u011fru ilerledik\u00e7eorman de\u011fi\u015fiyor sanki&#8230;Yoksa bir insan ve bir deniz k\u0131z\u0131n\u0131nkar\u015f\u0131la\u015fmas\u0131 d\u00fcnyan\u0131ngelece\u011fini etkileyebilir mi?<\/p>\n","protected":false},"excerpt":{"rendered":"<p>&#8220;A\u011fa\u00e7 Denizi\u201d veya &#8220;Kendini \u00d6ld\u00fcrenlerOrman\u0131\u201d olarak bilinen Japonya&#8217;dakiAokigahara orman\u0131\u2026Gizemli yarat\u0131klar taraf\u0131ndany\u00f6nlendiriliyormu\u015f gibi g\u00f6r\u00fcnen biradam orada hayat\u0131n\u0131 kaybetti.Bir sure sonra k\u00fc\u00e7\u00fck karde\u015fi Kai,a\u011fabeyinin ortadan kaybolmas\u0131n\u0131nnedenlerini ke\u015ffetmeye kararl\u0131<span class=\"excerpt-hellip\"> [\u2026]<\/span><\/p>\n","protected":false},"featured_media":0,"template":"","meta":{"_monsterinsights_skip_tracking":false,"_monsterinsights_sitenote_active":false,"_monsterinsights_sitenote_note":"","_monsterinsights_sitenote_category":0},"product_brand":[],"product_cat":[12416,12291],"product_tag":[],"class_list":{"0":"post-755814","1":"product","2":"type-product","3":"status-publish","5":"product_cat-cizgi-roman","6":"product_cat-edebiyat","7":"pa_cilt-ciltsiz","8":"pa_tur-kitap","9":"pa_yayinevi-beta-byou","10":"pa_yazar-mato-mr-tan","12":"first","13":"instock","14":"sale","15":"shipping-taxable","16":"purchasable","17":"product-type-simple"},"_links":{"self":[{"href":"https:\/\/roveyayinevi.com.tr\/index.php\/wp-json\/wp\/v2\/product\/755814","targetHints":{"allow":["GET"]}}],"collection":[{"href":"https:\/\/roveyayinevi.com.tr\/index.php\/wp-json\/wp\/v2\/product"}],"about":[{"href":"https:\/\/roveyayinevi.com.tr\/index.php\/wp-json\/wp\/v2\/types\/product"}],"wp:attachment":[{"href":"https:\/\/roveyayinevi.com.tr\/index.php\/wp-json\/wp\/v2\/media?parent=755814"}],"wp:term":[{"taxonomy":"product_brand","embeddable":true,"href":"https:\/\/roveyayinevi.com.tr\/index.php\/wp-json\/wp\/v2\/product_brand?post=755814"},{"taxonomy":"product_cat","embeddable":true,"href":"https:\/\/roveyayinevi.com.tr\/index.php\/wp-json\/wp\/v2\/product_cat?post=755814"},{"taxonomy":"product_tag","embeddable":true,"href":"https:\/\/roveyayinevi.com.tr\/index.php\/wp-json\/wp\/v2\/product_tag?post=755814"}],"curies":[{"name":"wp","href":"https:\/\/api.w.org\/{rel}","templated":true}]}}