{"id":755809,"date":"2025-08-28T06:49:22","date_gmt":"2025-08-28T03:49:22","guid":{"rendered":"https:\/\/roveyayinevi.com.tr\/index.php\/urun\/kitap-kurdunun-yukselisi-1\/"},"modified":"2026-04-16T03:08:53","modified_gmt":"2026-04-16T00:08:53","slug":"kitap-kurdunun-yukselisi-1","status":"publish","type":"product","link":"https:\/\/roveyayinevi.com.tr\/index.php\/urun\/kitap-kurdunun-yukselisi-1\/","title":{"rendered":"K\u0130TAP KURDU&#8217;NUN Y\u00dcKSEL\u0130\u015e\u0130  &#8211; 1"},"content":{"rendered":"<p>\u00dcniversiteli bir gen\u00e7 k\u0131z, \u00fczerine kitaplar\u0131n devrilmesiyle hayat\u0131m kaybeder ve kendini, okuryazarl\u0131k oran\u0131n\u0131n d\u00fc\u015f\u00fck oldu\u011fu bir evrende, bir askerin k\u00fc\u00e7\u00fck k\u0131z\u0131 olarak yeniden d\u00fcnyaya gelmi\u015f h\u00e2lde bulur. Kitap okumay\u0131 \u00e7ok istese de bu d\u00fcnyada neredeyse hi\u00e7 kitap yoktur O da, hep k\u00fct\u00fcphaneci olmak istedi\u011finden, etraf\u0131n\u0131 kitaplarla \u00e7evirebilmek i\u00e7in kitaplar\u0131 kendisi yapmaya ba\u015flar.Kitapseverler ve kitap kurtlar\u0131 i\u00e7in yaz\u0131lm\u0131\u015f bu biblio-fantezih d\u00fcnyas\u0131na giri\u015f yap\u0131n!<\/p>\n","protected":false},"excerpt":{"rendered":"<p>\u00dcniversiteli bir gen\u00e7 k\u0131z, \u00fczerine kitaplar\u0131n devrilmesiyle hayat\u0131m kaybeder ve kendini, okuryazarl\u0131k oran\u0131n\u0131n d\u00fc\u015f\u00fck oldu\u011fu bir evrende, bir askerin k\u00fc\u00e7\u00fck k\u0131z\u0131 olarak yeniden d\u00fcnyaya gelmi\u015f h\u00e2lde<span class=\"excerpt-hellip\"> [\u2026]<\/span><\/p>\n","protected":false},"featured_media":0,"template":"","meta":{"_monsterinsights_skip_tracking":false,"_monsterinsights_sitenote_active":false,"_monsterinsights_sitenote_note":"","_monsterinsights_sitenote_category":0},"product_brand":[],"product_cat":[12416,12291],"product_tag":[],"class_list":{"0":"post-755809","1":"product","2":"type-product","3":"status-publish","5":"product_cat-cizgi-roman","6":"product_cat-edebiyat","7":"pa_cilt-ciltsiz","8":"pa_tur-kitap","9":"pa_yayinevi-beta-byou","10":"pa_yazar-miya-kazuki","12":"first","13":"instock","14":"sale","15":"shipping-taxable","16":"purchasable","17":"product-type-simple"},"_links":{"self":[{"href":"https:\/\/roveyayinevi.com.tr\/index.php\/wp-json\/wp\/v2\/product\/755809","targetHints":{"allow":["GET"]}}],"collection":[{"href":"https:\/\/roveyayinevi.com.tr\/index.php\/wp-json\/wp\/v2\/product"}],"about":[{"href":"https:\/\/roveyayinevi.com.tr\/index.php\/wp-json\/wp\/v2\/types\/product"}],"wp:attachment":[{"href":"https:\/\/roveyayinevi.com.tr\/index.php\/wp-json\/wp\/v2\/media?parent=755809"}],"wp:term":[{"taxonomy":"product_brand","embeddable":true,"href":"https:\/\/roveyayinevi.com.tr\/index.php\/wp-json\/wp\/v2\/product_brand?post=755809"},{"taxonomy":"product_cat","embeddable":true,"href":"https:\/\/roveyayinevi.com.tr\/index.php\/wp-json\/wp\/v2\/product_cat?post=755809"},{"taxonomy":"product_tag","embeddable":true,"href":"https:\/\/roveyayinevi.com.tr\/index.php\/wp-json\/wp\/v2\/product_tag?post=755809"}],"curies":[{"name":"wp","href":"https:\/\/api.w.org\/{rel}","templated":true}]}}