{"id":755807,"date":"2025-08-28T06:49:18","date_gmt":"2025-08-28T03:49:18","guid":{"rendered":"https:\/\/roveyayinevi.com.tr\/index.php\/urun\/brutal-5\/"},"modified":"2026-04-16T03:08:53","modified_gmt":"2026-04-16T00:08:53","slug":"brutal-5","status":"publish","type":"product","link":"https:\/\/roveyayinevi.com.tr\/index.php\/urun\/brutal-5\/","title":{"rendered":"Brutal 5"},"content":{"rendered":"<p>K\u00d6T\u00dcL\u00dc\u011e\u00dc YARGILAYACAK OLAN ANCAK \u015eEYTANDIR.   ZORBALIK, TEHD\u0130TLER VE \u00c7OCUKLARA KAR\u015eI K\u00d6T\u00dcL\u00dcK!   K\u00d6T\u00dcL\u00dcKLER\u0130 G\u00dc\u00c7 \u0130LE \u00d6RTBAS EDEN SAPKIN B\u0130R \u00d6\u011eRETMEN!   \u00c7OCUKLARI \u0130ST\u0130SMAR EDEN B\u0130R ADAM.   ADALET\u0130N YARGILAMADI\u011eI A\u015eA\u011eILIK P\u0130SL\u0130KLER\u0130, B\u00dcY\u00dcK\u015eEH\u0130R POL\u0130S DEPARTMANI B\u0130R\u0130NC\u0130 SORU\u015eTURMA B\u00d6L\u00dcM\u00dc\u2019NDEN DAN H\u0130ROK\u0130 L\u0130N\u00c7 ED\u0130YOR! <\/p>\n","protected":false},"excerpt":{"rendered":"<p>K\u00d6T\u00dcL\u00dc\u011e\u00dc YARGILAYACAK OLAN ANCAK \u015eEYTANDIR. ZORBALIK, TEHD\u0130TLER VE \u00c7OCUKLARA KAR\u015eI K\u00d6T\u00dcL\u00dcK! K\u00d6T\u00dcL\u00dcKLER\u0130 G\u00dc\u00c7 \u0130LE \u00d6RTBAS EDEN SAPKIN B\u0130R \u00d6\u011eRETMEN! \u00c7OCUKLARI \u0130ST\u0130SMAR EDEN B\u0130R ADAM. ADALET\u0130N YARGILAMADI\u011eI<span class=\"excerpt-hellip\"> [\u2026]<\/span><\/p>\n","protected":false},"featured_media":0,"template":"","meta":{"_monsterinsights_skip_tracking":false,"_monsterinsights_sitenote_active":false,"_monsterinsights_sitenote_note":"","_monsterinsights_sitenote_category":0},"product_brand":[],"product_cat":[12416,12291],"product_tag":[],"class_list":{"0":"post-755807","1":"product","2":"type-product","3":"status-publish","5":"product_cat-cizgi-roman","6":"product_cat-edebiyat","7":"pa_cilt-ciltsiz","8":"pa_tur-kitap","9":"pa_yayinevi-athica-yayinlari","10":"pa_yazar-kei-koga","12":"first","13":"instock","14":"sale","15":"shipping-taxable","16":"purchasable","17":"product-type-simple"},"_links":{"self":[{"href":"https:\/\/roveyayinevi.com.tr\/index.php\/wp-json\/wp\/v2\/product\/755807","targetHints":{"allow":["GET"]}}],"collection":[{"href":"https:\/\/roveyayinevi.com.tr\/index.php\/wp-json\/wp\/v2\/product"}],"about":[{"href":"https:\/\/roveyayinevi.com.tr\/index.php\/wp-json\/wp\/v2\/types\/product"}],"wp:attachment":[{"href":"https:\/\/roveyayinevi.com.tr\/index.php\/wp-json\/wp\/v2\/media?parent=755807"}],"wp:term":[{"taxonomy":"product_brand","embeddable":true,"href":"https:\/\/roveyayinevi.com.tr\/index.php\/wp-json\/wp\/v2\/product_brand?post=755807"},{"taxonomy":"product_cat","embeddable":true,"href":"https:\/\/roveyayinevi.com.tr\/index.php\/wp-json\/wp\/v2\/product_cat?post=755807"},{"taxonomy":"product_tag","embeddable":true,"href":"https:\/\/roveyayinevi.com.tr\/index.php\/wp-json\/wp\/v2\/product_tag?post=755807"}],"curies":[{"name":"wp","href":"https:\/\/api.w.org\/{rel}","templated":true}]}}