{"id":755803,"date":"2025-08-28T06:49:13","date_gmt":"2025-08-28T03:49:13","guid":{"rendered":"https:\/\/roveyayinevi.com.tr\/index.php\/urun\/iktisat-ve-toplum-dergisi-158-sayi-sermaye-ve-enflasyon\/"},"modified":"2026-04-16T03:08:53","modified_gmt":"2026-04-16T00:08:53","slug":"iktisat-ve-toplum-dergisi-158-sayi-sermaye-ve-enflasyon","status":"publish","type":"product","link":"https:\/\/roveyayinevi.com.tr\/index.php\/urun\/iktisat-ve-toplum-dergisi-158-sayi-sermaye-ve-enflasyon\/","title":{"rendered":"\u0130ktisat ve Toplum Dergisi 158. Say\u0131  Sermaye ve Enflasyon"},"content":{"rendered":"<p>Bu say\u0131da: Gelir ve T\u00fcketim \u0130li\u015fkileri \u00dczerine Makroekonomik Bir Analiz &#8211; Mahfi E\u011filmez              T\u00fcrkiye\u2019de Derinle\u015fen Yap\u0131sal Kriz E\u011filimi ve K\u00e2r \u0130tilimli Enflasyonun Dinamikleri &#8211; A. Erin\u00e7 Yeldan, Ahmet Ha\u015fim K\u00f6se, Korkut Boratav                \u0130malat Sanayinde 100 Y\u0131ll\u0131k B\u00f6l\u00fc\u015f\u00fcm Bilan\u00e7osu &#8211; Serdal Bah\u00e7e            21. Y\u00fczy\u0131l\u0131n Siyasal Y\u00f6netim \u0130lkeleri ve T\u00fcrkiye &#8211; Ersin Kalayc\u0131o\u011flu               Uzun Vadeli D\u00fc\u015f\u00fck Emisyonlu Kalk\u0131nmaya Ge\u00e7i\u015fi H\u0131zland\u0131rmak: COP28 &#8211; R. Funda Barbaros              Asya \u0130mparatorluklar\u0131, AT\u00dcT ve Osmanl\u0131 &#8211; Ergun T\u00fcrkcan         D\u00f6ng\u00fcsel Ekonominin Arkaplan\u0131 \u00dczerine &#8211; Arsev Umur Ayd\u0131no\u011flu                 Neoklasik Modelde \u0130\u00e7b\u00fckey \u00dcretim Olanaklar\u0131 S\u0131n\u0131r\u0131n\u0131n Ele\u015ftirisi (2) &#8211; Haberler &#8211; Turan Suba\u015fat                1908 Sonras\u0131 \u0130ktisat E\u011fitiminde Ziya G\u00f6kalp Etkisi &#8211; Ercan Eren          Do\u011fru E\u011fitim Do\u011fru Meslek: Do\u011fru E\u015fle\u015fme Neden \u00d6nemli? &#8211; U\u011fur Aytun, Oytun Me\u00e7ik          MEPI \u00dczerinden Enflasyonun \u00dcniversite \u00d6\u011frencilerinin Hayat\u0131 \u00dczerindeki Etkisini Anlamak: ODT\u00dc\u2019de Bir Ara\u015ft\u0131rma &#8211; Dilay A\u00e7\u0131l, Melisa Aydemir, Levent K\u0131sa, Ata Mert \u00d6zbek, \u0130dil \u00d6zy\u00fcnl\u00fc, Niyazi Emir Tekin, G\u00f6rkem Topal, Ahmet Hakan Y\u0131ld\u0131z, Samet Y\u00fcksel          R\u00f6portaj: O\u011fuz Ar\u0131c\u0131            Cumhuriyetin I\u015f\u0131\u011f\u0131nda Veteriner Hekimlik: Ge\u00e7mi\u015ften G\u00fcn\u00fcm\u00fcze Bir Yolculuk<\/p>\n","protected":false},"excerpt":{"rendered":"<p>Bu say\u0131da: Gelir ve T\u00fcketim \u0130li\u015fkileri \u00dczerine Makroekonomik Bir Analiz &#8211; Mahfi E\u011filmez T\u00fcrkiye\u2019de Derinle\u015fen Yap\u0131sal Kriz E\u011filimi ve K\u00e2r \u0130tilimli Enflasyonun Dinamikleri &#8211; A. Erin\u00e7<span class=\"excerpt-hellip\"> [\u2026]<\/span><\/p>\n","protected":false},"featured_media":0,"template":"","meta":{"_monsterinsights_skip_tracking":false,"_monsterinsights_sitenote_active":false,"_monsterinsights_sitenote_note":"","_monsterinsights_sitenote_category":0},"product_brand":[],"product_cat":[13527],"product_tag":[],"class_list":{"0":"post-755803","1":"product","2":"type-product","3":"status-publish","5":"product_cat-sureli-yayinlar","6":"pa_cilt-ciltsiz","7":"pa_tur-dergi","8":"pa_yayinevi-efil-yayinevi-dergi","9":"pa_yazar-kolektif","11":"first","12":"instock","13":"sale","14":"shipping-taxable","15":"purchasable","16":"product-type-simple"},"_links":{"self":[{"href":"https:\/\/roveyayinevi.com.tr\/index.php\/wp-json\/wp\/v2\/product\/755803","targetHints":{"allow":["GET"]}}],"collection":[{"href":"https:\/\/roveyayinevi.com.tr\/index.php\/wp-json\/wp\/v2\/product"}],"about":[{"href":"https:\/\/roveyayinevi.com.tr\/index.php\/wp-json\/wp\/v2\/types\/product"}],"wp:attachment":[{"href":"https:\/\/roveyayinevi.com.tr\/index.php\/wp-json\/wp\/v2\/media?parent=755803"}],"wp:term":[{"taxonomy":"product_brand","embeddable":true,"href":"https:\/\/roveyayinevi.com.tr\/index.php\/wp-json\/wp\/v2\/product_brand?post=755803"},{"taxonomy":"product_cat","embeddable":true,"href":"https:\/\/roveyayinevi.com.tr\/index.php\/wp-json\/wp\/v2\/product_cat?post=755803"},{"taxonomy":"product_tag","embeddable":true,"href":"https:\/\/roveyayinevi.com.tr\/index.php\/wp-json\/wp\/v2\/product_tag?post=755803"}],"curies":[{"name":"wp","href":"https:\/\/api.w.org\/{rel}","templated":true}]}}