{"id":755796,"date":"2025-08-28T06:49:03","date_gmt":"2025-08-28T03:49:03","guid":{"rendered":"https:\/\/roveyayinevi.com.tr\/index.php\/urun\/mesnevi-1-2-3-kutlulu-ciltli\/"},"modified":"2026-04-16T03:08:53","modified_gmt":"2026-04-16T00:08:53","slug":"mesnevi-1-2-3-kutlulu-ciltli","status":"publish","type":"product","link":"https:\/\/roveyayinevi.com.tr\/index.php\/urun\/mesnevi-1-2-3-kutlulu-ciltli\/","title":{"rendered":"Mesnevi 1-2-3 (Kutlulu-Ciltli)"},"content":{"rendered":"<p>Mesnevi 1 Mevl\u00e2n\u00e2\u2019n\u0131n, Mesnevi\u2019yi H\u00fcsameddin \u00c7elebi\u2019nin ricas\u0131yla yazmaya 1260\u2019da ba\u015flad\u0131\u011f\u0131, 1268\u2019de bitirdi\u011fi s\u00f6ylenir. F\u00fcr\u00fczanfar\u2019e g\u00f6re Mevl\u00e2n\u00e2 kendi Mesnevi\u2019sine \u015funu yazd\u0131rm\u0131\u015ft\u0131r: \u201cMesnevi\u2019yi belki ayak alt\u0131na koyarak g\u00f6klerin tepesine \u00e7\u0131kmak i\u00e7in s\u00f6yledim.\u201d \u201cModern standartlara g\u00f6re de\u011ferlendirildi\u011finde, Mesnevi \u00e7ok uzun bir \u015fiirdir: neredeyse \u0130lyada ve Odysseia\u2019n\u0131n toplam\u0131 kadar ve \u0130lahi Komedya\u2019n\u0131n yakla\u015f\u0131k iki kat\u0131 kadar dize i\u00e7erir. Ama bu kar\u015f\u0131la\u015ft\u0131rmalar onu ger\u00e7ekte oldu\u011fundan daha k\u0131saym\u0131\u015f gibi g\u00f6sterir, asl\u0131nda Mesnevi\u2019nin her m\u0131sras\u0131 yirmi iki heceli oldu\u011fundan 25.700 m\u0131sral\u0131 Mesnevi ger\u00e7ekte 33.500 m\u0131sral\u0131 Faerie Queene\u2019den \u00e7ok daha kapsaml\u0131 bir eserdir.\u201d \u2013Reynold Alleyne Nicholson   Mesnevi 2 \u201cRumi soyadl\u0131 Cel\u00e2leddin taraf\u0131ndan yaz\u0131lm\u0131\u015f, din, tarih, ahlak ve siyasetle ilgili \u00e7e\u015fitli konularda Mesnevi adl\u0131 \u015fiirsel bir eser.  Bu \u015fiir \u0130ran\u2019da \u00e7ok be\u011fenilir ve ger\u00e7ekten takdiri hak eder.\u201d \u2013Fars Dilindeki En De\u011ferli Kitaplara Dair Bir Katalog \u201cMesnevi gibi s\u0131rad\u0131\u015f\u0131 bir kitap belki de bir insan taraf\u0131ndan yaz\u0131lm\u0131\u015f olamaz. Shakespeare ve Chaucer d\u0131\u015f\u0131nda Mevl\u00e2n\u00e2\u2019yla kar\u015f\u0131la\u015ft\u0131r\u0131labilecek bir yazar tan\u0131m\u0131yorum.\u201d \u2013Sir William Jones   Mesnevi 3 \u201cMevl\u00e2n\u00e2 kendi Mesnevi\u2019si i\u00e7in `O bir vahdet d\u00fckk\u00e2n\u0131d\u0131r\u2019 der ve ekler: `S\u00f6ylemek zorunda oldu\u011fum her \u015feyi s\u00f6yleseydim k\u0131rk deve ta\u015f\u0131yamazd\u0131.\u2019\u201d \u2013Annemarie Schimmel \u201cMesnevi yaz\u0131ld\u0131\u011f\u0131 tarihten itibaren b\u00fct\u00fcn \u0130slam \u00e2lemine yay\u0131lm\u0131\u015f, akl\u0131 ba\u015f\u0131nda, zevki yerinde, bilgisini hazmetmi\u015f herkes taraf\u0131ndan b\u00fcy\u00fck bir sayg\u0131yla, sevgiyle benimsenmi\u015f, dini ve hele tasavvufi bahislerde Kur\u2019an-\u0131 Kerim ve hadislerden sonra ilk kaynak say\u0131lm\u0131\u015ft\u0131r.\u201d \u2013Abd\u00fclbaki G\u00f6lp\u0131narl\u0131<\/p>\n","protected":false},"excerpt":{"rendered":"<p>Mesnevi 1 Mevl\u00e2n\u00e2\u2019n\u0131n, Mesnevi\u2019yi H\u00fcsameddin \u00c7elebi\u2019nin ricas\u0131yla yazmaya 1260\u2019da ba\u015flad\u0131\u011f\u0131, 1268\u2019de bitirdi\u011fi s\u00f6ylenir. F\u00fcr\u00fczanfar\u2019e g\u00f6re Mevl\u00e2n\u00e2 kendi Mesnevi\u2019sine \u015funu yazd\u0131rm\u0131\u015ft\u0131r: \u201cMesnevi\u2019yi belki ayak alt\u0131na koyarak g\u00f6klerin<span class=\"excerpt-hellip\"> [\u2026]<\/span><\/p>\n","protected":false},"featured_media":0,"template":"","meta":{"_monsterinsights_skip_tracking":false,"_monsterinsights_sitenote_active":false,"_monsterinsights_sitenote_note":"","_monsterinsights_sitenote_category":0},"product_brand":[],"product_cat":[12718,12719],"product_tag":[],"class_list":{"0":"post-755796","1":"product","2":"type-product","3":"status-publish","5":"product_cat-din","6":"product_cat-islam","7":"pa_cilt-ciltli","8":"pa_tur-kitap","9":"pa_yayinevi-alfa-yayinlari","10":"pa_yazar-mevlana-celaleddin-i-rumi","12":"first","13":"instock","14":"sale","15":"shipping-taxable","16":"purchasable","17":"product-type-simple"},"_links":{"self":[{"href":"https:\/\/roveyayinevi.com.tr\/index.php\/wp-json\/wp\/v2\/product\/755796","targetHints":{"allow":["GET"]}}],"collection":[{"href":"https:\/\/roveyayinevi.com.tr\/index.php\/wp-json\/wp\/v2\/product"}],"about":[{"href":"https:\/\/roveyayinevi.com.tr\/index.php\/wp-json\/wp\/v2\/types\/product"}],"wp:attachment":[{"href":"https:\/\/roveyayinevi.com.tr\/index.php\/wp-json\/wp\/v2\/media?parent=755796"}],"wp:term":[{"taxonomy":"product_brand","embeddable":true,"href":"https:\/\/roveyayinevi.com.tr\/index.php\/wp-json\/wp\/v2\/product_brand?post=755796"},{"taxonomy":"product_cat","embeddable":true,"href":"https:\/\/roveyayinevi.com.tr\/index.php\/wp-json\/wp\/v2\/product_cat?post=755796"},{"taxonomy":"product_tag","embeddable":true,"href":"https:\/\/roveyayinevi.com.tr\/index.php\/wp-json\/wp\/v2\/product_tag?post=755796"}],"curies":[{"name":"wp","href":"https:\/\/api.w.org\/{rel}","templated":true}]}}