{"id":755795,"date":"2025-08-28T06:49:01","date_gmt":"2025-08-28T03:49:01","guid":{"rendered":"https:\/\/roveyayinevi.com.tr\/index.php\/urun\/sezai-karakocun-hizirla-kirk-saati\/"},"modified":"2026-04-16T03:08:53","modified_gmt":"2026-04-16T00:08:53","slug":"sezai-karakocun-hizirla-kirk-saati","status":"publish","type":"product","link":"https:\/\/roveyayinevi.com.tr\/index.php\/urun\/sezai-karakocun-hizirla-kirk-saati\/","title":{"rendered":"Sezai Karako\u00e7\u2019un H\u0131z\u0131rla K\u0131rk Saat\u2019i"},"content":{"rendered":"<p>Cahit Zarifo\u011flu, 1967 y\u0131l\u0131nda, Bug\u00fcn gazetesindeki k\u00f6\u015fesinde \u201cH\u0131z\u0131rla K\u0131rk Saat\u201d i\u00e7in: \u201cT\u00fcrk \u015fiirinin kendi kayna\u011f\u0131na d\u00f6nme ve kendi olma \u00f6zg\u00fcrl\u00fc\u011f\u00fcn\u00fc ilan etme ve kendi bayra\u011f\u0131n\u0131 kullanma sava\u015f\u0131 ve zaferi,\u201d diyor; \u201cOnda her t\u00fcrl\u00fc esaret unsurundan \u00f6zentisiz ve kendili\u011finden ayr\u0131 kalm\u0131\u015f, fakat ka\u00e7\u0131n\u0131lmaz bat\u0131dan gerekli olanlar\u0131 da almay\u0131 ba\u015farm\u0131\u015f bir \u00f6zg\u00fcrl\u00fck vard\u0131r.\u201d diye ekliyor. \u201cH\u0131z\u0131rla K\u0131rk Saat\u201d modern T\u00fcrk \u015fiirinde metafizik yo\u011funlu\u011fu ve etki g\u00fcc\u00fc en y\u00fcksek \u015fiirlerden biridir ve Sezai Karako\u00e7\u2019un \u00e7izgisi i\u00e7inde, \u015fiir dilinin d\u00fc\u015f\u00fcnce ile kusursuz b\u00fct\u00fcnle\u015fmesini ortaya koyan \u00f6zg\u00fcn bir eserdir. Osman Bayraktar, titizlikle haz\u0131rlad\u0131\u011f\u0131 \u00e7al\u0131\u015fmas\u0131nda, \u201cH\u0131z\u0131rla K\u0131rk Saat\u201din geni\u015f bir tahlilini ortaya koyarken ayn\u0131 zamanda Karako\u00e7\u2019un sanata bak\u0131\u015f\u0131n\u0131 ve poetikas\u0131n\u0131 da irdeliyor. Hem edebiyat d\u00fcnyas\u0131nda hem de akademik alanda ilgi oda\u011f\u0131 olmay\u0131 s\u00fcrd\u00fcren \u201cH\u0131z\u0131rla K\u0131rk Saat\u201di, \u015fairin \u015fiirindeki yeri, tarihsel ba\u011flam\u0131, dini-k\u00fclt\u00fcrel arka plan\u0131, ele\u015ftirileri, anlam d\u00fcnyas\u0131, referanslar\u0131, uyand\u0131rd\u0131\u011f\u0131 etkiler ve daha pek \u00e7ok ba\u011flamda derinlemesine inceliyor.<\/p>\n","protected":false},"excerpt":{"rendered":"<p>Cahit Zarifo\u011flu, 1967 y\u0131l\u0131nda, Bug\u00fcn gazetesindeki k\u00f6\u015fesinde \u201cH\u0131z\u0131rla K\u0131rk Saat\u201d i\u00e7in: \u201cT\u00fcrk \u015fiirinin kendi kayna\u011f\u0131na d\u00f6nme ve kendi olma \u00f6zg\u00fcrl\u00fc\u011f\u00fcn\u00fc ilan etme ve kendi bayra\u011f\u0131n\u0131 kullanma<span class=\"excerpt-hellip\"> [\u2026]<\/span><\/p>\n","protected":false},"featured_media":0,"template":"","meta":{"_monsterinsights_skip_tracking":false,"_monsterinsights_sitenote_active":false,"_monsterinsights_sitenote_note":"","_monsterinsights_sitenote_category":0},"product_brand":[],"product_cat":[18545,12291],"product_tag":[],"class_list":{"0":"post-755795","1":"product","2":"type-product","3":"status-publish","5":"product_cat-anlati","6":"product_cat-edebiyat","7":"pa_cilt-ciltsiz","8":"pa_tur-kitap","9":"pa_yayinevi-ketebe-yayinlari","10":"pa_yazar-osman-bayraktar","12":"first","13":"instock","14":"sale","15":"shipping-taxable","16":"purchasable","17":"product-type-simple"},"_links":{"self":[{"href":"https:\/\/roveyayinevi.com.tr\/index.php\/wp-json\/wp\/v2\/product\/755795","targetHints":{"allow":["GET"]}}],"collection":[{"href":"https:\/\/roveyayinevi.com.tr\/index.php\/wp-json\/wp\/v2\/product"}],"about":[{"href":"https:\/\/roveyayinevi.com.tr\/index.php\/wp-json\/wp\/v2\/types\/product"}],"wp:attachment":[{"href":"https:\/\/roveyayinevi.com.tr\/index.php\/wp-json\/wp\/v2\/media?parent=755795"}],"wp:term":[{"taxonomy":"product_brand","embeddable":true,"href":"https:\/\/roveyayinevi.com.tr\/index.php\/wp-json\/wp\/v2\/product_brand?post=755795"},{"taxonomy":"product_cat","embeddable":true,"href":"https:\/\/roveyayinevi.com.tr\/index.php\/wp-json\/wp\/v2\/product_cat?post=755795"},{"taxonomy":"product_tag","embeddable":true,"href":"https:\/\/roveyayinevi.com.tr\/index.php\/wp-json\/wp\/v2\/product_tag?post=755795"}],"curies":[{"name":"wp","href":"https:\/\/api.w.org\/{rel}","templated":true}]}}