{"id":755791,"date":"2025-08-28T06:48:56","date_gmt":"2025-08-28T03:48:56","guid":{"rendered":"https:\/\/roveyayinevi.com.tr\/index.php\/urun\/turkiyede-merkez-sagin-kurulusu-demokrat-partinin-gozunden-cumhuriyet-halk-partisi\/"},"modified":"2026-04-16T03:08:53","modified_gmt":"2026-04-16T00:08:53","slug":"turkiyede-merkez-sagin-kurulusu-demokrat-partinin-gozunden-cumhuriyet-halk-partisi","status":"publish","type":"product","link":"https:\/\/roveyayinevi.com.tr\/index.php\/urun\/turkiyede-merkez-sagin-kurulusu-demokrat-partinin-gozunden-cumhuriyet-halk-partisi\/","title":{"rendered":"T\u00fcrkiye\u2019de Merkez Sa\u011fin Kurulu\u015fu: Demokrat Parti\u2019nin G\u00f6z\u00fcnden Cumhuriyet Halk Partisi"},"content":{"rendered":"<p>\u0130\u00e7indekiler     B\u0130R\u0130NC\u0130 B\u00d6L\u00dcM KAVRAMSAL \u00c7ER\u00c7EVE: \u00c7OK PART\u0130L\u0130 REJ\u0130M VE MERKEZ SA\u011e   \u0130K\u0130NC\u0130 B\u00d6L\u00dcM DEMOKRAT PART\u0130 (DP)\u2019N\u0130N S\u0130YASAL VE \u00d6RG\u00dcTSEL YAPISI   \u00dc\u00c7\u00dcNC\u00dc B\u00d6L\u00dcM MUHALEFET ALANININ ME\u015eRULA\u015eTIRILMASI \u00c7ABALARI   D\u00d6RD\u00dcNC\u00dc B\u00d6L\u00dcM \u0130KT\u0130DAR KO\u015eULLARINDA MERKEZ SA\u011eIN KONSOL\u0130DASYONU   BE\u015e\u0130NC\u0130 B\u00d6L\u00dcM \u00c7O\u011eUNLUK\u00c7U DEMOKRAS\u0130 \u0130LE TIRMANAN REJ\u0130M KR\u0130Z\u0130   ALTINCI B\u00d6L\u00dcM \u201cDEMOKRAS\u0130\u201d SAVA\u015eI: \u0130KT\u0130DAR MEVZ\u0130LER\u0130N\u0130N TAHK\u0130M\u0130   SONU\u00c7   KAYNAK\u00c7A   EKLER <\/p>\n","protected":false},"excerpt":{"rendered":"<p>\u0130\u00e7indekiler B\u0130R\u0130NC\u0130 B\u00d6L\u00dcM KAVRAMSAL \u00c7ER\u00c7EVE: \u00c7OK PART\u0130L\u0130 REJ\u0130M VE MERKEZ SA\u011e \u0130K\u0130NC\u0130 B\u00d6L\u00dcM DEMOKRAT PART\u0130 (DP)\u2019N\u0130N S\u0130YASAL VE \u00d6RG\u00dcTSEL YAPISI \u00dc\u00c7\u00dcNC\u00dc B\u00d6L\u00dcM MUHALEFET ALANININ ME\u015eRULA\u015eTIRILMASI \u00c7ABALARI<span class=\"excerpt-hellip\"> [\u2026]<\/span><\/p>\n","protected":false},"featured_media":0,"template":"","meta":{"_monsterinsights_skip_tracking":false,"_monsterinsights_sitenote_active":false,"_monsterinsights_sitenote_note":"","_monsterinsights_sitenote_category":0},"product_brand":[],"product_cat":[12337,14706],"product_tag":[],"class_list":{"0":"post-755791","1":"product","2":"type-product","3":"status-publish","5":"product_cat-politika-siyaset","6":"product_cat-siyaset-bilimi","7":"pa_cilt-ciltsiz","8":"pa_tur-kitap","9":"pa_yayinevi-gazi-kitabevi","10":"pa_yazar-serife-gokcen-yanik","12":"first","13":"instock","14":"sale","15":"shipping-taxable","16":"purchasable","17":"product-type-simple"},"_links":{"self":[{"href":"https:\/\/roveyayinevi.com.tr\/index.php\/wp-json\/wp\/v2\/product\/755791","targetHints":{"allow":["GET"]}}],"collection":[{"href":"https:\/\/roveyayinevi.com.tr\/index.php\/wp-json\/wp\/v2\/product"}],"about":[{"href":"https:\/\/roveyayinevi.com.tr\/index.php\/wp-json\/wp\/v2\/types\/product"}],"wp:attachment":[{"href":"https:\/\/roveyayinevi.com.tr\/index.php\/wp-json\/wp\/v2\/media?parent=755791"}],"wp:term":[{"taxonomy":"product_brand","embeddable":true,"href":"https:\/\/roveyayinevi.com.tr\/index.php\/wp-json\/wp\/v2\/product_brand?post=755791"},{"taxonomy":"product_cat","embeddable":true,"href":"https:\/\/roveyayinevi.com.tr\/index.php\/wp-json\/wp\/v2\/product_cat?post=755791"},{"taxonomy":"product_tag","embeddable":true,"href":"https:\/\/roveyayinevi.com.tr\/index.php\/wp-json\/wp\/v2\/product_tag?post=755791"}],"curies":[{"name":"wp","href":"https:\/\/api.w.org\/{rel}","templated":true}]}}