{"id":755790,"date":"2025-08-28T06:48:55","date_gmt":"2025-08-28T03:48:55","guid":{"rendered":"https:\/\/roveyayinevi.com.tr\/index.php\/urun\/sosyal-politika-perspektifinden-goc-yazilari\/"},"modified":"2026-04-16T03:08:53","modified_gmt":"2026-04-16T00:08:53","slug":"sosyal-politika-perspektifinden-goc-yazilari","status":"publish","type":"product","link":"https:\/\/roveyayinevi.com.tr\/index.php\/urun\/sosyal-politika-perspektifinden-goc-yazilari\/","title":{"rendered":"Sosyal Politika Perspektifinden G\u00f6\u00e7 Yaz\u0131lar\u0131"},"content":{"rendered":"<p>\u0130\u00e7indekiler       \u00b7         KAVRAMLAR VE KURAMLAR \u00dcZER\u0130NDEN G\u00d6\u00c7\u00dc OKUMAK   \u00b7         BULU\u00c7 \u0130\u015eG\u00dcC\u00dc P\u0130YASALARINDA G\u00dcVENCES\u0130ZL\u0130\u011e\u0130N YAYGINLA\u015eMASINDA G\u00d6\u00c7\u00dcN ETK\u0130LER\u0130N\u0130N ANAL\u0130Z\u0130: T\u00dcRK\u0130YE \u00d6RNE\u011e\u0130   \u00b7         G\u00d6\u00c7 OLGUSU KAPSAMINDA YOKSULLUK ve SOSYAL DI\u015eLANMA   \u00b7         G\u00d6\u00c7\u00dcN KADINLA\u015eMASI   \u00b7         G\u00d6\u00c7 ve UYUM   \u00b7         DEZAVANTAJLI B\u0130R GRUP OLARAK G\u00d6\u00c7MENL\u0130K VE SOSYAL ENTEGRASYON SORUNU: T\u00dcRK\u0130YE\u2019DEK\u0130 SUR\u0130YEL\u0130 G\u00d6\u00c7MENLER VE SOSYAL ENTEGRASYON POL\u0130T\u0130KALARININ DE\u011eERLEND\u0130R\u0130LMES\u0130   \u00b7         ALMANYA\u2019YA \u0130\u015e\u00c7\u0130 G\u00d6\u00c7\u00dcN\u00dcN T\u00dcRK ROCK M\u00dcZ\u0130\u011e\u0130NDEK\u0130 YANSIMALARI <\/p>\n","protected":false},"excerpt":{"rendered":"<p>\u0130\u00e7indekiler \u00b7 KAVRAMLAR VE KURAMLAR \u00dcZER\u0130NDEN G\u00d6\u00c7\u00dc OKUMAK \u00b7 BULU\u00c7 \u0130\u015eG\u00dcC\u00dc P\u0130YASALARINDA G\u00dcVENCES\u0130ZL\u0130\u011e\u0130N YAYGINLA\u015eMASINDA G\u00d6\u00c7\u00dcN ETK\u0130LER\u0130N\u0130N ANAL\u0130Z\u0130: T\u00dcRK\u0130YE \u00d6RNE\u011e\u0130 \u00b7 G\u00d6\u00c7 OLGUSU KAPSAMINDA YOKSULLUK ve SOSYAL<span class=\"excerpt-hellip\"> [\u2026]<\/span><\/p>\n","protected":false},"featured_media":0,"template":"","meta":{"_monsterinsights_skip_tracking":false,"_monsterinsights_sitenote_active":false,"_monsterinsights_sitenote_note":"","_monsterinsights_sitenote_category":0},"product_brand":[],"product_cat":[12337],"product_tag":[],"class_list":{"0":"post-755790","1":"product","2":"type-product","3":"status-publish","5":"product_cat-politika-siyaset","6":"pa_cilt-ciltsiz","7":"pa_tur-kitap","8":"pa_yayinevi-gazi-kitabevi","9":"pa_yazar-kolektif","11":"first","12":"instock","13":"sale","14":"shipping-taxable","15":"purchasable","16":"product-type-simple"},"_links":{"self":[{"href":"https:\/\/roveyayinevi.com.tr\/index.php\/wp-json\/wp\/v2\/product\/755790","targetHints":{"allow":["GET"]}}],"collection":[{"href":"https:\/\/roveyayinevi.com.tr\/index.php\/wp-json\/wp\/v2\/product"}],"about":[{"href":"https:\/\/roveyayinevi.com.tr\/index.php\/wp-json\/wp\/v2\/types\/product"}],"wp:attachment":[{"href":"https:\/\/roveyayinevi.com.tr\/index.php\/wp-json\/wp\/v2\/media?parent=755790"}],"wp:term":[{"taxonomy":"product_brand","embeddable":true,"href":"https:\/\/roveyayinevi.com.tr\/index.php\/wp-json\/wp\/v2\/product_brand?post=755790"},{"taxonomy":"product_cat","embeddable":true,"href":"https:\/\/roveyayinevi.com.tr\/index.php\/wp-json\/wp\/v2\/product_cat?post=755790"},{"taxonomy":"product_tag","embeddable":true,"href":"https:\/\/roveyayinevi.com.tr\/index.php\/wp-json\/wp\/v2\/product_tag?post=755790"}],"curies":[{"name":"wp","href":"https:\/\/api.w.org\/{rel}","templated":true}]}}