{"id":755788,"date":"2025-08-28T06:48:53","date_gmt":"2025-08-28T03:48:53","guid":{"rendered":"https:\/\/roveyayinevi.com.tr\/index.php\/urun\/denge-oyunu\/"},"modified":"2026-04-16T03:08:52","modified_gmt":"2026-04-16T00:08:52","slug":"denge-oyunu","status":"publish","type":"product","link":"https:\/\/roveyayinevi.com.tr\/index.php\/urun\/denge-oyunu\/","title":{"rendered":"Denge Oyunu"},"content":{"rendered":"<p>Nazi-Sovyet Sald\u0131rmazl\u0131k Antla\u015fmas\u0131\u2019n\u0131n imzaland\u0131\u011f\u0131, Fransa\u2019n\u0131n birka\u00e7 hafta i\u00e7inde \u00e7\u00f6kt\u00fc\u011f\u00fc, Mihver g\u00fc\u00e7lerinin h\u0131zla ilerledi\u011fi bir d\u00f6nemde ba\u011f\u0131ms\u0131zl\u0131\u011f\u0131n\u0131 yak\u0131n zamanda kazanm\u0131\u015f T\u00fcrkiye, \u0130kinci D\u00fcnya Sava\u015f\u0131\u2019na girmemek i\u00e7in b\u00fcy\u00fck bir gayret g\u00f6sterdi. Denge Oyunu, iktisadi ve asker\u00ee a\u00e7\u0131dan eli zay\u0131f olan T\u00fcrkiye\u2019nin bu d\u00f6nemde nas\u0131l bir d\u0131\u015f politika izledi\u011fini olduk\u00e7a ayr\u0131nt\u0131l\u0131 bir \u015fekilde ele al\u0131yor. D\u0131\u015f politikay\u0131 y\u00f6netenlerin ger\u00e7ek\u00e7ili\u011fi \u00f6n plana alarak, nas\u0131l kararl\u0131 bir \u201caktif tarafs\u0131zl\u0131k\u201d izlediklerini, M\u00fcttefik ve Mihver \u00fclkelerin diplomatlar\u0131yla nas\u0131l pazarl\u0131klar yapt\u0131klar\u0131n\u0131, hangi arg\u00fcmanlar\u0131 kulland\u0131klar\u0131n\u0131, sava\u015f s\u0131ras\u0131nda ya\u015fananlar ve sava\u015f sonras\u0131nda olacaklar konusunda hangi hususlara dikkat ettiklerini diplomatik kaynaklar\u0131, an\u0131lar\u0131, belgeleri ve bas\u0131n\u0131 ayr\u0131nt\u0131l\u0131 bir \u015fekilde inceleyerek ortaya koyuyor. \u201cT\u00fcrkiye \u0130kinci D\u00fcnya Sava\u015f\u0131\u2019n\u0131n g\u00fc\u00e7l\u00fc devletlerini ba\u015far\u0131yla etkilemi\u015f ve b\u00f6ylelikle sava\u015fa kar\u0131\u015ft\u0131r\u0131lma olas\u0131l\u0131\u011f\u0131n\u0131 azaltm\u0131\u015ft\u0131r. Etkinli\u011fi ise yoksul ve azgeli\u015fmi\u015f bir \u00fclkenin konumu ile orant\u0131l\u0131 de\u011fildir. Bu etkinlik elindeki olanaklar\u0131 en iyi \u015fekilde de\u011ferlendirmesini bilen bir \u2018karar verici kadronun\u2019 varl\u0131\u011f\u0131 ve \u00fclkenin co\u011frafi konumunun ola\u011fan\u00fcst\u00fc duyarl\u0131\u011f\u0131 sayesinde sa\u011flanm\u0131\u015ft\u0131r. Ancak co\u011frafi konum bu t\u00fcr bir ba\u015far\u0131 i\u00e7in yeterli de\u011fildir, zira do\u011fru de\u011ferlendirilmedi\u011fi takdirde \u00fclkenin mahv\u0131na da neden olabilir.\u201d SEL\u0130M DER\u0130NG\u0130L<\/p>\n","protected":false},"excerpt":{"rendered":"<p>Nazi-Sovyet Sald\u0131rmazl\u0131k Antla\u015fmas\u0131\u2019n\u0131n imzaland\u0131\u011f\u0131, Fransa\u2019n\u0131n birka\u00e7 hafta i\u00e7inde \u00e7\u00f6kt\u00fc\u011f\u00fc, Mihver g\u00fc\u00e7lerinin h\u0131zla ilerledi\u011fi bir d\u00f6nemde ba\u011f\u0131ms\u0131zl\u0131\u011f\u0131n\u0131 yak\u0131n zamanda kazanm\u0131\u015f T\u00fcrkiye, \u0130kinci D\u00fcnya Sava\u015f\u0131\u2019na girmemek i\u00e7in b\u00fcy\u00fck<span class=\"excerpt-hellip\"> [\u2026]<\/span><\/p>\n","protected":false},"featured_media":0,"template":"","meta":{"_monsterinsights_skip_tracking":false,"_monsterinsights_sitenote_active":false,"_monsterinsights_sitenote_note":"","_monsterinsights_sitenote_category":0},"product_brand":[],"product_cat":[12337],"product_tag":[],"class_list":{"0":"post-755788","1":"product","2":"type-product","3":"status-publish","5":"product_cat-politika-siyaset","6":"pa_cilt-ciltsiz","7":"pa_tur-kitap","8":"pa_yayinevi-iletisim-yayinlari","9":"pa_yazar-selim-deringil","11":"first","12":"instock","13":"sale","14":"shipping-taxable","15":"purchasable","16":"product-type-simple"},"_links":{"self":[{"href":"https:\/\/roveyayinevi.com.tr\/index.php\/wp-json\/wp\/v2\/product\/755788","targetHints":{"allow":["GET"]}}],"collection":[{"href":"https:\/\/roveyayinevi.com.tr\/index.php\/wp-json\/wp\/v2\/product"}],"about":[{"href":"https:\/\/roveyayinevi.com.tr\/index.php\/wp-json\/wp\/v2\/types\/product"}],"wp:attachment":[{"href":"https:\/\/roveyayinevi.com.tr\/index.php\/wp-json\/wp\/v2\/media?parent=755788"}],"wp:term":[{"taxonomy":"product_brand","embeddable":true,"href":"https:\/\/roveyayinevi.com.tr\/index.php\/wp-json\/wp\/v2\/product_brand?post=755788"},{"taxonomy":"product_cat","embeddable":true,"href":"https:\/\/roveyayinevi.com.tr\/index.php\/wp-json\/wp\/v2\/product_cat?post=755788"},{"taxonomy":"product_tag","embeddable":true,"href":"https:\/\/roveyayinevi.com.tr\/index.php\/wp-json\/wp\/v2\/product_tag?post=755788"}],"curies":[{"name":"wp","href":"https:\/\/api.w.org\/{rel}","templated":true}]}}