{"id":755787,"date":"2025-08-28T06:48:52","date_gmt":"2025-08-28T03:48:52","guid":{"rendered":"https:\/\/roveyayinevi.com.tr\/index.php\/urun\/cumhuriyetin-dogusundan-akpye-turkiyede-din-siyaseti\/"},"modified":"2026-04-16T03:08:52","modified_gmt":"2026-04-16T00:08:52","slug":"cumhuriyetin-dogusundan-akpye-turkiyede-din-siyaseti","status":"publish","type":"product","link":"https:\/\/roveyayinevi.com.tr\/index.php\/urun\/cumhuriyetin-dogusundan-akpye-turkiyede-din-siyaseti\/","title":{"rendered":"Cumhuriyet&#8217;in Do\u011fu\u015fundan AKP&#8217;ye T\u00fcrkiye&#8217;de Din Siyaseti"},"content":{"rendered":"<p>Ceren Lord bu kitapta, T\u00fcrkiye\u2019nin kurulu\u015fundan itibaren bir ulus-devlet olu\u015fturulmas\u0131 amac\u0131yla \u0130sl\u00e2m\u2019\u0131n nas\u0131l kullan\u0131ld\u0131\u011f\u0131n\u0131, \u0130sl\u00e2m\u00ee seferberli\u011fin devlet eliyle ve devlet ayg\u0131tlar\u0131 yoluyla nas\u0131l g\u00fc\u00e7lendirildi\u011fini anlat\u0131yor. 2002 se\u00e7imlerinden sonra iktidara gelen AKP\u2019nin T\u00fcrkiye\u2019yi \u201c\u0130sl\u00e2mile\u015ftirmeye\u201d ba\u015flad\u0131\u011f\u0131na dair genel kan\u0131n\u0131n aksine, bunun yeni bir olgu olmad\u0131\u011f\u0131n\u0131, yerle\u015fik bir devlet gelene\u011fi olarak kullan\u0131ld\u0131\u011f\u0131n\u0131 ortaya koyuyor. Cumhuriyet\u2019in Do\u011fu\u015fundan AKP\u2019ye T\u00fcrkiye\u2019de Din Siyaseti, Diyanet\u2019i de ihmal etmiyor. Bu kurumun ortaya \u00e7\u0131k\u0131\u015f nedenlerinden g\u00fcn\u00fcm\u00fczde elde etti\u011fi g\u00fcce, S\u00fcnnilere tan\u0131nan ayr\u0131cal\u0131klardan di\u011fer dinleri ve mezhepleri d\u0131\u015flamaya uzanan bir yelpazede Diyanet\u2019i mercek alt\u0131na alarak din-devlet ili\u015fkilerine \u00e7oky\u00f6nl\u00fc bir a\u00e7\u0131dan bak\u0131yor. Lord, T\u00fcrkiye\u2019deki din politikalar\u0131n\u0131 yaln\u0131zca sek\u00fclerlik-\u0130sl\u00e2mc\u0131l\u0131k ikili\u011fine ve \u00e7at\u0131\u015fmas\u0131na sokmadan, daha derinlikli bir ara\u015ft\u0131rma ve kavray\u0131\u015f\u0131n m\u00fcmk\u00fcn oldu\u011funu g\u00f6steriyor. \u201cDevletin ordu gibi fraksiyonlar\u0131 dini kontrol etmeye \u00e7al\u0131\u015fm\u0131\u015f olabilir, ama Diyanet buna nas\u0131l tepki g\u00f6sterdi, hangi stratejileri benimsedi ve hangi \u00f6l\u00e7\u00fcde ba\u015far\u0131l\u0131 oldu? Bu kitap bunun hi\u00e7bir \u015fekilde tek y\u00f6nl\u00fc bir ili\u015fki olmad\u0131\u011f\u0131n\u0131 ve Diyanet\u2019in de kamusal alan\u0131n ve ahl\u00e2k\u0131n \u0130sl\u00e2mile\u015ftirilmesi amac\u0131yla \u015fimdiye kadarki \u00e7al\u0131\u015fmalarda ihmal edilen bir \u015fekilde m\u00fccadele etmek i\u00e7in her bir f\u0131rsat\u0131 kullanarak kendi alan\u0131 ve otoritesini geni\u015fletmek i\u00e7in stratejik olarak manevra yapt\u0131\u011f\u0131n\u0131 g\u00f6steriyor. Bu \u015fekilde kitap ayn\u0131 zamanda \u0130sl\u00e2mc\u0131 hareket ve AKP\u2019nin y\u00fckseli\u015fiyle ilgili alternatif bir de\u011ferlendirme sunuyor.\u201d<\/p>\n","protected":false},"excerpt":{"rendered":"<p>Ceren Lord bu kitapta, T\u00fcrkiye\u2019nin kurulu\u015fundan itibaren bir ulus-devlet olu\u015fturulmas\u0131 amac\u0131yla \u0130sl\u00e2m\u2019\u0131n nas\u0131l kullan\u0131ld\u0131\u011f\u0131n\u0131, \u0130sl\u00e2m\u00ee seferberli\u011fin devlet eliyle ve devlet ayg\u0131tlar\u0131 yoluyla nas\u0131l g\u00fc\u00e7lendirildi\u011fini anlat\u0131yor. 2002<span class=\"excerpt-hellip\"> [\u2026]<\/span><\/p>\n","protected":false},"featured_media":0,"template":"","meta":{"_monsterinsights_skip_tracking":false,"_monsterinsights_sitenote_active":false,"_monsterinsights_sitenote_note":"","_monsterinsights_sitenote_category":0},"product_brand":[],"product_cat":[12337],"product_tag":[],"class_list":{"0":"post-755787","1":"product","2":"type-product","3":"status-publish","5":"product_cat-politika-siyaset","6":"pa_cilt-ciltsiz","7":"pa_tur-kitap","8":"pa_yayinevi-iletisim-yayinlari","9":"pa_yazar-ceren-lord","11":"first","12":"instock","13":"sale","14":"shipping-taxable","15":"purchasable","16":"product-type-simple"},"_links":{"self":[{"href":"https:\/\/roveyayinevi.com.tr\/index.php\/wp-json\/wp\/v2\/product\/755787","targetHints":{"allow":["GET"]}}],"collection":[{"href":"https:\/\/roveyayinevi.com.tr\/index.php\/wp-json\/wp\/v2\/product"}],"about":[{"href":"https:\/\/roveyayinevi.com.tr\/index.php\/wp-json\/wp\/v2\/types\/product"}],"wp:attachment":[{"href":"https:\/\/roveyayinevi.com.tr\/index.php\/wp-json\/wp\/v2\/media?parent=755787"}],"wp:term":[{"taxonomy":"product_brand","embeddable":true,"href":"https:\/\/roveyayinevi.com.tr\/index.php\/wp-json\/wp\/v2\/product_brand?post=755787"},{"taxonomy":"product_cat","embeddable":true,"href":"https:\/\/roveyayinevi.com.tr\/index.php\/wp-json\/wp\/v2\/product_cat?post=755787"},{"taxonomy":"product_tag","embeddable":true,"href":"https:\/\/roveyayinevi.com.tr\/index.php\/wp-json\/wp\/v2\/product_tag?post=755787"}],"curies":[{"name":"wp","href":"https:\/\/api.w.org\/{rel}","templated":true}]}}