{"id":755767,"date":"2025-08-28T06:48:25","date_gmt":"2025-08-28T03:48:25","guid":{"rendered":"https:\/\/roveyayinevi.com.tr\/index.php\/urun\/cumhuriyet-ve-kadin\/"},"modified":"2026-04-16T03:08:52","modified_gmt":"2026-04-16T00:08:52","slug":"cumhuriyet-ve-kadin","status":"publish","type":"product","link":"https:\/\/roveyayinevi.com.tr\/index.php\/urun\/cumhuriyet-ve-kadin\/","title":{"rendered":"Cumhuriyet ve Kad\u0131n"},"content":{"rendered":"<p>Cumhuriyet d\u00f6nemi, Tanzimat ve II. Me\u015frutiyet d\u00f6neminde ba\u015flayan modernle\u015fme ak\u0131m\u0131n\u0131n ete kemi\u011fe b\u00fcr\u00fcnd\u00fc\u011f\u00fc bir devre tekab\u00fcl eder. Bu ink\u0131laplar \u00e7a\u011f\u0131n\u0131n m\u00fchim ba\u015fl\u0131klar\u0131ndan biri de kad\u0131nd\u0131r.Tanzimat d\u00f6neminden itibaren dile getirilmeye ba\u015flanan \u201ckad\u0131n\u201d konusu, Mill\u00ee M\u00fccadele d\u00f6neminde kad\u0131nlar\u0131n g\u00f6sterdi\u011fi b\u00fcy\u00fck \u00e7aba ile farkl\u0131 bir noktaya ta\u015f\u0131n\u0131r. Sava\u015fta g\u00f6sterilen b\u00fcy\u00fck kahramanl\u0131klar Cumhuriyetin ilan\u0131 ile birlikte siyasi, hukuki haklarla ku\u015fat\u0131lan e\u011fitim ile y\u00fcceltilen kad\u0131nlar i\u00e7in bir ba\u015flang\u0131\u00e7 noktas\u0131 olur. Muas\u0131rla\u015fma hedefine do\u011fru at\u0131lan her ad\u0131mda kad\u0131nlar\u0131n toplum i\u00e7indeki variyetinin y\u00fcceltilmesi i\u00e7in \u00e7al\u0131\u015f\u0131lm\u0131\u015ft\u0131r. Mustafa Kemal Atat\u00fcrk taraf\u0131ndan sava\u015f\u0131n bitimi ile birlikte dile getirilmeye ba\u015flanan kad\u0131n devrimi Cumhuriyetin en \u00f6nemli kazan\u0131mlar\u0131ndan biri olur.T\u00fcrk kad\u0131n\u0131n\u0131n hak aray\u0131\u015f ser\u00fcveni Cumhuriyet d\u00f6neminde kendisine nas\u0131l bir yer bulmu\u015ftur, bu aray\u0131\u015f\u0131n filizlenmesi ve geli\u015ftirilmesi a\u015famas\u0131ndaki dinamikler nelerdir, edinilen haklar lay\u0131k\u0131yla kullan\u0131lm\u0131\u015f m\u0131d\u0131r sorular\u0131 \u00fczerinden yola \u00e7\u0131k\u0131larak haz\u0131rlanan bu \u00e7al\u0131\u015fmada \u201cCumhuriyet ve Kad\u0131n\u201d konusu siyasi, hukuki ve toplumsal kazan\u0131mlar \u00fczerinden de\u011ferlendirilmi\u015ftir.<\/p>\n","protected":false},"excerpt":{"rendered":"<p>Cumhuriyet d\u00f6nemi, Tanzimat ve II. Me\u015frutiyet d\u00f6neminde ba\u015flayan modernle\u015fme ak\u0131m\u0131n\u0131n ete kemi\u011fe b\u00fcr\u00fcnd\u00fc\u011f\u00fc bir devre tekab\u00fcl eder. Bu ink\u0131laplar \u00e7a\u011f\u0131n\u0131n m\u00fchim ba\u015fl\u0131klar\u0131ndan biri de kad\u0131nd\u0131r.Tanzimat d\u00f6neminden<span class=\"excerpt-hellip\"> [\u2026]<\/span><\/p>\n","protected":false},"featured_media":0,"template":"","meta":{"_monsterinsights_skip_tracking":false,"_monsterinsights_sitenote_active":false,"_monsterinsights_sitenote_note":"","_monsterinsights_sitenote_category":0},"product_brand":[],"product_cat":[12370,12304],"product_tag":[],"class_list":{"0":"post-755767","1":"product","2":"type-product","3":"status-publish","5":"product_cat-arastirma-inceleme","6":"product_cat-tarih","7":"pa_cilt-ciltsiz","8":"pa_tur-kitap","9":"pa_yayinevi-otuken-nesriyat","10":"pa_yazar-beral-alaci","12":"first","13":"instock","14":"sale","15":"shipping-taxable","16":"purchasable","17":"product-type-simple"},"_links":{"self":[{"href":"https:\/\/roveyayinevi.com.tr\/index.php\/wp-json\/wp\/v2\/product\/755767","targetHints":{"allow":["GET"]}}],"collection":[{"href":"https:\/\/roveyayinevi.com.tr\/index.php\/wp-json\/wp\/v2\/product"}],"about":[{"href":"https:\/\/roveyayinevi.com.tr\/index.php\/wp-json\/wp\/v2\/types\/product"}],"wp:attachment":[{"href":"https:\/\/roveyayinevi.com.tr\/index.php\/wp-json\/wp\/v2\/media?parent=755767"}],"wp:term":[{"taxonomy":"product_brand","embeddable":true,"href":"https:\/\/roveyayinevi.com.tr\/index.php\/wp-json\/wp\/v2\/product_brand?post=755767"},{"taxonomy":"product_cat","embeddable":true,"href":"https:\/\/roveyayinevi.com.tr\/index.php\/wp-json\/wp\/v2\/product_cat?post=755767"},{"taxonomy":"product_tag","embeddable":true,"href":"https:\/\/roveyayinevi.com.tr\/index.php\/wp-json\/wp\/v2\/product_tag?post=755767"}],"curies":[{"name":"wp","href":"https:\/\/api.w.org\/{rel}","templated":true}]}}