{"id":755764,"date":"2025-08-28T06:48:21","date_gmt":"2025-08-28T03:48:21","guid":{"rendered":"https:\/\/roveyayinevi.com.tr\/index.php\/urun\/tuy-kadar-hafif\/"},"modified":"2026-04-16T03:08:52","modified_gmt":"2026-04-16T00:08:52","slug":"tuy-kadar-hafif","status":"publish","type":"product","link":"https:\/\/roveyayinevi.com.tr\/index.php\/urun\/tuy-kadar-hafif\/","title":{"rendered":"T\u00fcy Kadar Hafif"},"content":{"rendered":"<p>Ser\u00e7eler,insanlar\u0131 teselli edebilirama ayn\u0131 zamanda onlar\u0131a\u011flatabilir de\u2026  Ser\u00e7e-insan ili\u015fkisinin ba\u015flang\u0131c\u0131 \u00e7ok eski zamanlara dek uzan\u0131r ve bu ili\u015fkinin izleri ser\u00e7elerin genomunda bile g\u00f6zlemlenebilir: \u0130nsanlar tah\u0131l yeti\u015ftirmeye ba\u015flad\u0131klar\u0131nda ser\u00e7e, tah\u0131l yiyen bir hayvana d\u00f6n\u00fc\u015ft\u00fc ve o zamandan beri hayat\u0131m\u0131z\u0131n ayr\u0131lmaz bir par\u00e7as\u0131 haline geldi. Buna kar\u015f\u0131n, en s\u0131k rastlanan ve say\u0131s\u0131z pop\u00fcler s\u00f6ylemde yer alacak kadar yayg\u0131n g\u00f6r\u00fclen bu ku\u015f t\u00fcr\u00fc, ne yaz\u0131k ki art\u0131k ciddi bir tehdit alt\u0131nda. Alman do\u011fa uzmanlar\u0131 Eva Goris ve Claus-Peter Hutter ile ser\u00e7elerin gizli d\u00fcnyas\u0131na do\u011fru yolculu\u011fa \u00e7\u0131karken heyecan verici k\u00fclt\u00fcrel bir tarihe \u015fahit olacak ve ser\u00e7elerle ilgili bir\u00e7ok ilgin\u00e7, dahas\u0131 e\u011flenceli ger\u00e7e\u011fin fark\u0131na varacaks\u0131n\u0131z. \u201cBirimiz hepimiz, hepimiz birimiz i\u00e7in\u2026\u201d slogan\u0131yla T\u00fcy Kadar Hafif\u2019i okurken do\u011fan\u0131n \u00e7a\u011fr\u0131s\u0131na kulak verecek, ser\u00e7elere yard\u0131m etmek ve hayatta kalmalar\u0131n\u0131 kolayla\u015ft\u0131rmak i\u00e7in neler yapabilece\u011finizi \u00f6\u011freneceksiniz.<\/p>\n","protected":false},"excerpt":{"rendered":"<p>Ser\u00e7eler,insanlar\u0131 teselli edebilirama ayn\u0131 zamanda onlar\u0131a\u011flatabilir de\u2026 Ser\u00e7e-insan ili\u015fkisinin ba\u015flang\u0131c\u0131 \u00e7ok eski zamanlara dek uzan\u0131r ve bu ili\u015fkinin izleri ser\u00e7elerin genomunda bile g\u00f6zlemlenebilir: \u0130nsanlar tah\u0131l yeti\u015ftirmeye<span class=\"excerpt-hellip\"> [\u2026]<\/span><\/p>\n","protected":false},"featured_media":0,"template":"","meta":{"_monsterinsights_skip_tracking":false,"_monsterinsights_sitenote_active":false,"_monsterinsights_sitenote_note":"","_monsterinsights_sitenote_category":0},"product_brand":[],"product_cat":[13005,13010],"product_tag":[],"class_list":{"0":"post-755764","1":"product","2":"type-product","3":"status-publish","5":"product_cat-bilim-muhendislik","6":"product_cat-doga-bilimleri","7":"pa_cilt-ciltsiz","8":"pa_tur-kitap","9":"pa_yayinevi-serenad-yayinevi","10":"pa_yazar-eva-goris-claus-peter-hutter","12":"first","13":"instock","14":"sale","15":"shipping-taxable","16":"purchasable","17":"product-type-simple"},"_links":{"self":[{"href":"https:\/\/roveyayinevi.com.tr\/index.php\/wp-json\/wp\/v2\/product\/755764","targetHints":{"allow":["GET"]}}],"collection":[{"href":"https:\/\/roveyayinevi.com.tr\/index.php\/wp-json\/wp\/v2\/product"}],"about":[{"href":"https:\/\/roveyayinevi.com.tr\/index.php\/wp-json\/wp\/v2\/types\/product"}],"wp:attachment":[{"href":"https:\/\/roveyayinevi.com.tr\/index.php\/wp-json\/wp\/v2\/media?parent=755764"}],"wp:term":[{"taxonomy":"product_brand","embeddable":true,"href":"https:\/\/roveyayinevi.com.tr\/index.php\/wp-json\/wp\/v2\/product_brand?post=755764"},{"taxonomy":"product_cat","embeddable":true,"href":"https:\/\/roveyayinevi.com.tr\/index.php\/wp-json\/wp\/v2\/product_cat?post=755764"},{"taxonomy":"product_tag","embeddable":true,"href":"https:\/\/roveyayinevi.com.tr\/index.php\/wp-json\/wp\/v2\/product_tag?post=755764"}],"curies":[{"name":"wp","href":"https:\/\/api.w.org\/{rel}","templated":true}]}}