{"id":755761,"date":"2025-08-28T06:48:16","date_gmt":"2025-08-28T03:48:16","guid":{"rendered":"https:\/\/roveyayinevi.com.tr\/index.php\/urun\/1922-ankara-yazi-rus-sanatcinin-gozunden-kurtulus-gunleri\/"},"modified":"2026-04-16T03:08:52","modified_gmt":"2026-04-16T00:08:52","slug":"1922-ankara-yazi-rus-sanatcinin-gozunden-kurtulus-gunleri","status":"publish","type":"product","link":"https:\/\/roveyayinevi.com.tr\/index.php\/urun\/1922-ankara-yazi-rus-sanatcinin-gozunden-kurtulus-gunleri\/","title":{"rendered":"1922 Ankara Yaz\u0131 \u2013 Rus Sanat\u00e7\u0131n\u0131n G\u00f6z\u00fcnden Kurtulu\u015f G\u00fcnleri"},"content":{"rendered":"<p>D\u00fcnyaca \u00fcnl\u00fc Rus ressam Yevgeni Lansere, B\u00fcy\u00fckel\u00e7i Aralov\u2019un \u00e7a\u011fr\u0131s\u0131yla 1922 y\u0131l\u0131nda Ankara\u2019ya gelir. T\u00fcrkiye\u2019ye yapt\u0131\u011f\u0131 geziyi ve ayr\u0131nt\u0131lar\u0131n\u0131 Ankara Yaz\u0131 adl\u0131 kitab\u0131nda payla\u015f\u0131r. Gezi s\u0131ras\u0131nda tuttu\u011fu g\u00fcnl\u00fckler, yeni bir devletin, yeni bir ulusun ve yeni bir liderin do\u011fu\u015funu kesin \u00e7izgilerle g\u00f6rebilece\u011fimiz, son derece ilgi \u00e7ekici tarihsel belgelerdir. B\u00fcy\u00fck Ekim Devrimi\u2019ni ger\u00e7ekle\u015ftiren Sovyet Rusya, emperyalist Bat\u0131l\u0131 g\u00fc\u00e7lere kar\u015f\u0131 Kurtulu\u015f Sava\u015f\u0131\u2019ndan b\u00fcy\u00fck bir askeri ve siyasi zaferle \u00e7\u0131kan T\u00fcrkiye Cumhuriyeti\u2019nin en yak\u0131n m\u00fcttefiki haline gelmi\u015f, Lansere de yeni T\u00fcrkiye\u2019yi resmeden ilk Rus sanat\u00e7\u0131 olmu\u015ftur. Daha Milli M\u00fccadele s\u0131ras\u0131nda Mustafa Kemal Pa\u015fa ile defalarca g\u00f6r\u00fc\u015fen ve onun portresini yapan sanat\u00e7\u0131, T\u00fcrk Devrimi\u2019nin ve ba\u011f\u0131ms\u0131zl\u0131k m\u00fccadelesinin liderleriyle ger\u00e7ekle\u015ftirdi\u011fi t\u00fcm g\u00f6r\u00fc\u015fmeleri g\u00fcnl\u00fcklerine aktarm\u0131\u015ft\u0131r. Yeni bir devletin ba\u015fkent olmaya haz\u0131rlanan k\u00fc\u00e7\u00fck bir kentini, g\u00fcnl\u00fck ya\u015fam\u0131, geleneksel mimarisini, insanlar\u0131 ve k\u00fclt\u00fcr\u00fc ile yans\u0131tan Lansere, Ankara izlenimlerini ill\u00fcstrasyon ve \u00e7izimleriyle aktar\u0131rken Sovyet-T\u00fcrk dostlu\u011fu \u00fczerine \u00f6nemli saptamalar yap\u0131yor, Kurtulu\u015f Sava\u015f\u0131\u2019n\u0131n son g\u00fcnlerindeki ortam\u0131 b\u00fcy\u00fck bir ustal\u0131kla betimliyor. Cumhuriyetimizin 100. Y\u0131l\u0131nda bu an\u0131tsal yap\u0131t\u0131 yay\u0131mlamaktan b\u00fcy\u00fck bir onur duyuyoruz. <\/p>\n","protected":false},"excerpt":{"rendered":"<p>D\u00fcnyaca \u00fcnl\u00fc Rus ressam Yevgeni Lansere, B\u00fcy\u00fckel\u00e7i Aralov\u2019un \u00e7a\u011fr\u0131s\u0131yla 1922 y\u0131l\u0131nda Ankara\u2019ya gelir. T\u00fcrkiye\u2019ye yapt\u0131\u011f\u0131 geziyi ve ayr\u0131nt\u0131lar\u0131n\u0131 Ankara Yaz\u0131 adl\u0131 kitab\u0131nda payla\u015f\u0131r. Gezi s\u0131ras\u0131nda tuttu\u011fu<span class=\"excerpt-hellip\"> [\u2026]<\/span><\/p>\n","protected":false},"featured_media":0,"template":"","meta":{"_monsterinsights_skip_tracking":false,"_monsterinsights_sitenote_active":false,"_monsterinsights_sitenote_note":"","_monsterinsights_sitenote_category":0},"product_brand":[],"product_cat":[13054],"product_tag":[],"class_list":{"0":"post-755761","1":"product","2":"type-product","3":"status-publish","5":"product_cat-gezi-ve-rehber-kitaplari","6":"pa_cilt-ciltsiz","7":"pa_tur-kitap","8":"pa_yayinevi-cumhuriyet-kitaplari","9":"pa_yazar-yevgeni-y-lansere","11":"first","12":"instock","13":"sale","14":"shipping-taxable","15":"purchasable","16":"product-type-simple"},"_links":{"self":[{"href":"https:\/\/roveyayinevi.com.tr\/index.php\/wp-json\/wp\/v2\/product\/755761","targetHints":{"allow":["GET"]}}],"collection":[{"href":"https:\/\/roveyayinevi.com.tr\/index.php\/wp-json\/wp\/v2\/product"}],"about":[{"href":"https:\/\/roveyayinevi.com.tr\/index.php\/wp-json\/wp\/v2\/types\/product"}],"wp:attachment":[{"href":"https:\/\/roveyayinevi.com.tr\/index.php\/wp-json\/wp\/v2\/media?parent=755761"}],"wp:term":[{"taxonomy":"product_brand","embeddable":true,"href":"https:\/\/roveyayinevi.com.tr\/index.php\/wp-json\/wp\/v2\/product_brand?post=755761"},{"taxonomy":"product_cat","embeddable":true,"href":"https:\/\/roveyayinevi.com.tr\/index.php\/wp-json\/wp\/v2\/product_cat?post=755761"},{"taxonomy":"product_tag","embeddable":true,"href":"https:\/\/roveyayinevi.com.tr\/index.php\/wp-json\/wp\/v2\/product_tag?post=755761"}],"curies":[{"name":"wp","href":"https:\/\/api.w.org\/{rel}","templated":true}]}}