{"id":755760,"date":"2025-08-28T06:48:15","date_gmt":"2025-08-28T03:48:15","guid":{"rendered":"https:\/\/roveyayinevi.com.tr\/index.php\/urun\/yaratici-kod\/"},"modified":"2026-04-16T03:08:52","modified_gmt":"2026-04-16T00:08:52","slug":"yaratici-kod","status":"publish","type":"product","link":"https:\/\/roveyayinevi.com.tr\/index.php\/urun\/yaratici-kod\/","title":{"rendered":"Yarat\u0131c\u0131 Kod"},"content":{"rendered":"<p>Yarat\u0131c\u0131 olmak ne demektir? Yarat\u0131c\u0131l\u0131k e\u011fitilebilir mi? Yapay zek\u00e2 yarat\u0131c\u0131 olarak kabul edilebilir mi? Matematik dehas\u0131 Marcus du Sautoy yarat\u0131c\u0131l\u0131\u011f\u0131n gelece\u011fine y\u00f6nelik bu temel k\u0131lavuzda bizi yapay zek\u00e2 ve algoritmik \u00f6\u011frenme d\u00fcnyas\u0131na s\u00fcr\u00fckl\u00fcyor. Yarat\u0131c\u0131 s\u00fcre\u00e7te model ve taklidin rol\u00fcn\u00fc vurgulayan Sautoy, oyun, m\u00fczik ve sanat yarat\u0131m\u0131nda insan yenili\u011fine rakip olmak ya da onu ge\u00e7mek isteyen programlar\u0131 ve programc\u0131lar\u0131 (Deep Mind ve Flow Machine\u2019den Botnik ve WHIM\u2019e) tan\u0131t\u0131yor. Bulu\u015f d\u00fcnyas\u0131na heyecan verici bir tur i\u00e7eren kitap, yarat\u0131c\u0131l\u0131\u011f\u0131n yeni y\u00fcz\u00fcn\u00fc ve insan kodunun gizemlerini ke\u015ffediyor.   \u201cMakineler bizi her zamankinden daha fazla alanda a\u015ft\u0131k\u00e7a en az\u0131ndan bir alan\u0131n kutsal ve tart\u0131\u015f\u0131lmaz kalaca\u011f\u0131 konusunda kendimizi rahatlatabiliriz: insan yarat\u0131c\u0131l\u0131\u011f\u0131. Ya da yapabilir miyiz? &#8230; Marcus du Sautoy yarat\u0131c\u0131l\u0131\u011f\u0131n do\u011fas\u0131yla ilgili b\u00fcy\u00fcleyici ke\u015ffinde bu varsay\u0131mlar\u0131n \u00e7o\u011funu sorguluyor.\u201d   \u2013 Financial Times   \u201cB\u00fcy\u00fcleyici&#8230; \u0130nsan\u0131n hayal g\u00fcc\u00fcn\u00fc \u015fekillendiren t\u00fcm deneyimler, umutlar, hayaller, vizyonlar, \u015fehvetler, a\u015fklar ve nefretler bir \u2018kod\u2019dan ba\u015fka bir \u015fey de\u011filse er ya da ge\u00e7 bir makine onu k\u0131racakt\u0131r. Du Sautoy bunun \u015fimdi bile nas\u0131l oldu\u011funu g\u00f6stermek i\u00e7in bir dizi kan\u0131t topluyor.\u201d <\/p>\n","protected":false},"excerpt":{"rendered":"<p>Yarat\u0131c\u0131 olmak ne demektir? Yarat\u0131c\u0131l\u0131k e\u011fitilebilir mi? Yapay zek\u00e2 yarat\u0131c\u0131 olarak kabul edilebilir mi? Matematik dehas\u0131 Marcus du Sautoy yarat\u0131c\u0131l\u0131\u011f\u0131n gelece\u011fine y\u00f6nelik bu temel k\u0131lavuzda bizi<span class=\"excerpt-hellip\"> [\u2026]<\/span><\/p>\n","protected":false},"featured_media":0,"template":"","meta":{"_monsterinsights_skip_tracking":false,"_monsterinsights_sitenote_active":false,"_monsterinsights_sitenote_note":"","_monsterinsights_sitenote_category":0},"product_brand":[],"product_cat":[13005,13006],"product_tag":[],"class_list":{"0":"post-755760","1":"product","2":"type-product","3":"status-publish","5":"product_cat-bilim-muhendislik","6":"product_cat-populer-bilim","7":"pa_cilt-ciltsiz","8":"pa_tur-kitap","9":"pa_yayinevi-ginko-kitap","10":"pa_yazar-marcus-du-sautoy","12":"first","13":"instock","14":"sale","15":"shipping-taxable","16":"purchasable","17":"product-type-simple"},"_links":{"self":[{"href":"https:\/\/roveyayinevi.com.tr\/index.php\/wp-json\/wp\/v2\/product\/755760","targetHints":{"allow":["GET"]}}],"collection":[{"href":"https:\/\/roveyayinevi.com.tr\/index.php\/wp-json\/wp\/v2\/product"}],"about":[{"href":"https:\/\/roveyayinevi.com.tr\/index.php\/wp-json\/wp\/v2\/types\/product"}],"wp:attachment":[{"href":"https:\/\/roveyayinevi.com.tr\/index.php\/wp-json\/wp\/v2\/media?parent=755760"}],"wp:term":[{"taxonomy":"product_brand","embeddable":true,"href":"https:\/\/roveyayinevi.com.tr\/index.php\/wp-json\/wp\/v2\/product_brand?post=755760"},{"taxonomy":"product_cat","embeddable":true,"href":"https:\/\/roveyayinevi.com.tr\/index.php\/wp-json\/wp\/v2\/product_cat?post=755760"},{"taxonomy":"product_tag","embeddable":true,"href":"https:\/\/roveyayinevi.com.tr\/index.php\/wp-json\/wp\/v2\/product_tag?post=755760"}],"curies":[{"name":"wp","href":"https:\/\/api.w.org\/{rel}","templated":true}]}}