{"id":755730,"date":"2025-08-28T06:47:26","date_gmt":"2025-08-28T03:47:26","guid":{"rendered":"https:\/\/roveyayinevi.com.tr\/index.php\/urun\/ama-ben-donme-dolabim-lunapark-serisi-donme-dolap\/"},"modified":"2026-04-16T03:08:51","modified_gmt":"2026-04-16T00:08:51","slug":"ama-ben-donme-dolabim-lunapark-serisi-donme-dolap","status":"publish","type":"product","link":"https:\/\/roveyayinevi.com.tr\/index.php\/urun\/ama-ben-donme-dolabim-lunapark-serisi-donme-dolap\/","title":{"rendered":"Ama Ben D\u00f6nme Dolab\u0131m &#8211; Lunapark Serisi-D\u00f6nme Dolap"},"content":{"rendered":"<p>Siyah beyaz \u00e7ocuk kitab\u0131 olur mu hi\u00e7! Cevab\u0131, bu kitapta! Seni, \u0131\u015f\u0131l \u0131\u015f\u0131l bir lunaparkta \u201cD\u00d6NME DOLAP\u201da davet ediyorum. Gel, renklerin bo\u015flu\u011funu reng\u00e2renk bir hayal g\u00fcc\u00fc ile birlikte doldural\u0131m! *** Kafas\u0131 bazen bir k\u0131v\u0131rc\u0131k gibi kar\u0131\u015f\u0131yor d\u00f6nme dolab\u0131n. D\u00f6n\u00fcyor\u2026 D\u00f6n\u00fcyor\u2026 Bazen bulutlarla bulu\u015fturuyor \u00e7ocuklar\u0131, Bazen de \u00e7i\u00e7eklerle\u2026 Kendi \u0131\u015f\u0131\u011f\u0131n\u0131 kendi \u00fcretiyor d\u00f6nme dolap. Ama bunun i\u00e7in \u00f6nce biraz karanl\u0131kta kalmas\u0131 gerekiyor. Daha \u00e7ok parlamak i\u00e7in\u2026 *** Elvan KARADEN\u0130Z, kendi \u0131\u015f\u0131\u011f\u0131n\u0131 kendi \u00fcreten, b\u00fcy\u00fcd\u00fck\u00e7e k\u00fc\u00e7\u00fclen bir d\u00f6nme dolap ile kar\u015f\u0131m\u0131zda bu sefer. Kibir, birey olmak, kendi \u0131\u015f\u0131\u011f\u0131n\u0131 bulmak\u2026 Son derece soyut olan kavramlar, \u00e7ocuksu fikirler ile birle\u015fince defalarca okunacak bir kitaba d\u00f6n\u00fc\u015f\u00fcyor. E\u011flenceli oldu\u011fu kadar derin, reng\u00e2renk ve siyah beyaz bir hik\u00e2ye\u2026<\/p>\n","protected":false},"excerpt":{"rendered":"<p>Siyah beyaz \u00e7ocuk kitab\u0131 olur mu hi\u00e7! Cevab\u0131, bu kitapta! Seni, \u0131\u015f\u0131l \u0131\u015f\u0131l bir lunaparkta \u201cD\u00d6NME DOLAP\u201da davet ediyorum. Gel, renklerin bo\u015flu\u011funu reng\u00e2renk bir hayal g\u00fcc\u00fc<span class=\"excerpt-hellip\"> [\u2026]<\/span><\/p>\n","protected":false},"featured_media":0,"template":"","meta":{"_monsterinsights_skip_tracking":false,"_monsterinsights_sitenote_active":false,"_monsterinsights_sitenote_note":"","_monsterinsights_sitenote_category":0},"product_brand":[],"product_cat":[12274,12284],"product_tag":[],"class_list":{"0":"post-755730","1":"product","2":"type-product","3":"status-publish","5":"product_cat-cocuk-ve-genclik-kitaplari","6":"product_cat-hikayeler","7":"pa_cilt-ciltsiz","8":"pa_tur-kitap","9":"pa_yayinevi-luna-cocuk-yayinlari","10":"pa_yazar-elvan-karadeniz","12":"first","13":"instock","14":"sale","15":"shipping-taxable","16":"purchasable","17":"product-type-simple"},"_links":{"self":[{"href":"https:\/\/roveyayinevi.com.tr\/index.php\/wp-json\/wp\/v2\/product\/755730","targetHints":{"allow":["GET"]}}],"collection":[{"href":"https:\/\/roveyayinevi.com.tr\/index.php\/wp-json\/wp\/v2\/product"}],"about":[{"href":"https:\/\/roveyayinevi.com.tr\/index.php\/wp-json\/wp\/v2\/types\/product"}],"wp:attachment":[{"href":"https:\/\/roveyayinevi.com.tr\/index.php\/wp-json\/wp\/v2\/media?parent=755730"}],"wp:term":[{"taxonomy":"product_brand","embeddable":true,"href":"https:\/\/roveyayinevi.com.tr\/index.php\/wp-json\/wp\/v2\/product_brand?post=755730"},{"taxonomy":"product_cat","embeddable":true,"href":"https:\/\/roveyayinevi.com.tr\/index.php\/wp-json\/wp\/v2\/product_cat?post=755730"},{"taxonomy":"product_tag","embeddable":true,"href":"https:\/\/roveyayinevi.com.tr\/index.php\/wp-json\/wp\/v2\/product_tag?post=755730"}],"curies":[{"name":"wp","href":"https:\/\/api.w.org\/{rel}","templated":true}]}}