{"id":755715,"date":"2025-08-28T06:46:57","date_gmt":"2025-08-28T03:46:57","guid":{"rendered":"https:\/\/roveyayinevi.com.tr\/index.php\/urun\/15-soru-serisi-hepimiz-robot-mu-olacagiz\/"},"modified":"2026-04-16T03:08:51","modified_gmt":"2026-04-16T00:08:51","slug":"15-soru-serisi-hepimiz-robot-mu-olacagiz","status":"publish","type":"product","link":"https:\/\/roveyayinevi.com.tr\/index.php\/urun\/15-soru-serisi-hepimiz-robot-mu-olacagiz\/","title":{"rendered":"15 Soru Serisi \u2013 Hepimiz Robot Mu Olaca\u011f\u0131z ?"},"content":{"rendered":"<p>Ak\u0131ll\u0131 telefon en iyi arkada\u015f\u0131n m\u0131? Teknoloji gezegenimize yard\u0131m edebilir mi? Peki, h\u00e2l\u00e2 icat edilecek bir \u015feyler var m\u0131? Ne zaman a\u011fa yakaland\u0131k? Robotlar robot olduklar\u0131n\u0131 bilirler mi? Hem e\u011flen hem de 15 soruda s\u00fcper bir teknoloji uzman\u0131 ol!   15 soru, 15 cevap, 15 KitapYeni nesil \u00e7ocuklara y\u00f6nelik muhte\u015fem bir ansiklopedi serisi En \u00f6nemli konular\u0131 ve sorunlar\u0131 a\u00e7\u0131k, basit ve e\u011flenceli bir dille anlatan bu serimiz sayesinde \u00e7ocuklar, \u00e7evrelerindeki d\u00fcnyaya ili\u015fkin fark\u0131ndal\u0131k kazanacak ve ekonomiden tarihe, teknolojiden iklime kadar \u00e7e\u015fitli konularda uzmanla\u015facaklar.10 ya\u015f ve \u00fczeri i\u00e7in uygun olan bu serimiz sayesinde \u00e7ocuklar, neredeyse fark\u0131nda olmandan kendilerine sunulan temalar\u0131n her birinin uzmanlar\u0131 haline gelecekler Ak\u0131ll\u0131 telefon en iyi arkada\u015f\u0131n m\u0131? Teknoloji gezegenimize yard\u0131m edebilir mi? Peki, h\u00e2l\u00e2 icat edilecek bir \u015feyler var m\u0131? Ne zaman a\u011fa yakaland\u0131k? Robotlar robot olduklar\u0131n\u0131 bilirler mi? Bu ve bunun gibi sorulara \u00e7ocuklar\u0131n anlayabilece\u011fi dilden cevap veren 15 soru serisinin bu cildi ile \u00e7ocuklar temel kavramlar\u0131 a\u00e7\u0131k ve anla\u015f\u0131l\u0131r kelimeler, somut \u00f6rnekler, birbirinden g\u00fczel \u00e7izimler, karikat\u00fcrler ve bolca ironi ile \u00f6\u011frenecekler!Kitapta ayn\u0131 zamanda \u00e7ocuklar\u0131n ilgisini \u00e7ekecek ekstra sorular, cevaplar, bilgiler ve d\u00fc\u015f\u00fcnme antrenmanlar\u0131 da bulman\u0131z m\u00fcmk\u00fcn!Alan\u0131nda uzman ki\u015filerin yard\u0131mlar\u0131yla yaz\u0131lan bu kitaplar sayesinde \u00e7ocuklar, hem farkl\u0131 konulara ili\u015fkin derinlemesine bilgiye sahip olacak hem de bu sayede kendi ilgi alanlar\u0131n\u0131 ke\u015ffedecekler. <\/p>\n","protected":false},"excerpt":{"rendered":"<p>Ak\u0131ll\u0131 telefon en iyi arkada\u015f\u0131n m\u0131? Teknoloji gezegenimize yard\u0131m edebilir mi? Peki, h\u00e2l\u00e2 icat edilecek bir \u015feyler var m\u0131? Ne zaman a\u011fa yakaland\u0131k? Robotlar robot olduklar\u0131n\u0131<span class=\"excerpt-hellip\"> [\u2026]<\/span><\/p>\n","protected":false},"featured_media":0,"template":"","meta":{"_monsterinsights_skip_tracking":false,"_monsterinsights_sitenote_active":false,"_monsterinsights_sitenote_note":"","_monsterinsights_sitenote_category":0},"product_brand":[],"product_cat":[12274,15842],"product_tag":[],"class_list":{"0":"post-755715","1":"product","2":"type-product","3":"status-publish","5":"product_cat-cocuk-ve-genclik-kitaplari","6":"product_cat-egitici-kitaplar","7":"pa_cilt-ciltsiz","8":"pa_tur-kitap","9":"pa_yayinevi-odtu-gelistirme-vakfi-yayincilik","10":"pa_yazar-pierdomenico-baccalario-federica-taddia-massimo-temporelli","12":"first","13":"instock","14":"sale","15":"shipping-taxable","16":"purchasable","17":"product-type-simple"},"_links":{"self":[{"href":"https:\/\/roveyayinevi.com.tr\/index.php\/wp-json\/wp\/v2\/product\/755715","targetHints":{"allow":["GET"]}}],"collection":[{"href":"https:\/\/roveyayinevi.com.tr\/index.php\/wp-json\/wp\/v2\/product"}],"about":[{"href":"https:\/\/roveyayinevi.com.tr\/index.php\/wp-json\/wp\/v2\/types\/product"}],"wp:attachment":[{"href":"https:\/\/roveyayinevi.com.tr\/index.php\/wp-json\/wp\/v2\/media?parent=755715"}],"wp:term":[{"taxonomy":"product_brand","embeddable":true,"href":"https:\/\/roveyayinevi.com.tr\/index.php\/wp-json\/wp\/v2\/product_brand?post=755715"},{"taxonomy":"product_cat","embeddable":true,"href":"https:\/\/roveyayinevi.com.tr\/index.php\/wp-json\/wp\/v2\/product_cat?post=755715"},{"taxonomy":"product_tag","embeddable":true,"href":"https:\/\/roveyayinevi.com.tr\/index.php\/wp-json\/wp\/v2\/product_tag?post=755715"}],"curies":[{"name":"wp","href":"https:\/\/api.w.org\/{rel}","templated":true}]}}