{"id":755705,"date":"2025-08-28T06:46:45","date_gmt":"2025-08-28T03:46:45","guid":{"rendered":"https:\/\/roveyayinevi.com.tr\/index.php\/urun\/bir-kac-asir-bende-kal\/"},"modified":"2026-04-16T03:08:51","modified_gmt":"2026-04-16T00:08:51","slug":"bir-kac-asir-bende-kal","status":"publish","type":"product","link":"https:\/\/roveyayinevi.com.tr\/index.php\/urun\/bir-kac-asir-bende-kal\/","title":{"rendered":"Bir Ka\u00e7 As\u0131r Bende Kal"},"content":{"rendered":"<p>Hala sol yan\u0131mda sonsuz sonbahar D\u00fc\u015fen yapraklar\u0131n yaras\u0131 derin Her yeni g\u00fcn sanki maziye do\u011far Kapanmaz bir t\u00fcrl\u00fc yarada yerin   Belirsiz zaman\u0131n avu\u00e7 i\u00e7inden Silkinip hayata bakam\u0131yorum \u0130\u00e7imde dola\u015fan veda sisinden Kurtulup yar\u0131na akam\u0131yorum   Umutlar ak\u015fam\u0131n g\u00fcn bat\u0131m\u0131ndan Payla\u015f\u0131r g\u00f6nl\u00fcm\u00fcn her dilimini Sonra han\u00e7erini \u00e7\u0131karm\u0131\u015f k\u0131ndan Yaralar g\u00f6nl\u00fcm\u00fcn her iklimini <\/p>\n","protected":false},"excerpt":{"rendered":"<p>Hala sol yan\u0131mda sonsuz sonbahar D\u00fc\u015fen yapraklar\u0131n yaras\u0131 derin Her yeni g\u00fcn sanki maziye do\u011far Kapanmaz bir t\u00fcrl\u00fc yarada yerin Belirsiz zaman\u0131n avu\u00e7 i\u00e7inden Silkinip hayata<span class=\"excerpt-hellip\"> [\u2026]<\/span><\/p>\n","protected":false},"featured_media":0,"template":"","meta":{"_monsterinsights_skip_tracking":false,"_monsterinsights_sitenote_active":false,"_monsterinsights_sitenote_note":"","_monsterinsights_sitenote_category":0},"product_brand":[],"product_cat":[12291,12509],"product_tag":[],"class_list":{"0":"post-755705","1":"product","2":"type-product","3":"status-publish","5":"product_cat-edebiyat","6":"product_cat-siir","7":"pa_cilt-ciltsiz","8":"pa_tur-kitap","9":"pa_yayinevi-semenderkitap-yayinlari","10":"pa_yazar-firdevs-buyukates","12":"first","13":"instock","14":"sale","15":"shipping-taxable","16":"purchasable","17":"product-type-simple"},"_links":{"self":[{"href":"https:\/\/roveyayinevi.com.tr\/index.php\/wp-json\/wp\/v2\/product\/755705","targetHints":{"allow":["GET"]}}],"collection":[{"href":"https:\/\/roveyayinevi.com.tr\/index.php\/wp-json\/wp\/v2\/product"}],"about":[{"href":"https:\/\/roveyayinevi.com.tr\/index.php\/wp-json\/wp\/v2\/types\/product"}],"wp:attachment":[{"href":"https:\/\/roveyayinevi.com.tr\/index.php\/wp-json\/wp\/v2\/media?parent=755705"}],"wp:term":[{"taxonomy":"product_brand","embeddable":true,"href":"https:\/\/roveyayinevi.com.tr\/index.php\/wp-json\/wp\/v2\/product_brand?post=755705"},{"taxonomy":"product_cat","embeddable":true,"href":"https:\/\/roveyayinevi.com.tr\/index.php\/wp-json\/wp\/v2\/product_cat?post=755705"},{"taxonomy":"product_tag","embeddable":true,"href":"https:\/\/roveyayinevi.com.tr\/index.php\/wp-json\/wp\/v2\/product_tag?post=755705"}],"curies":[{"name":"wp","href":"https:\/\/api.w.org\/{rel}","templated":true}]}}