{"id":755696,"date":"2025-08-28T06:46:32","date_gmt":"2025-08-28T03:46:32","guid":{"rendered":"https:\/\/roveyayinevi.com.tr\/index.php\/urun\/incinmissin\/"},"modified":"2026-04-08T03:16:28","modified_gmt":"2026-04-08T00:16:28","slug":"incinmissin","status":"publish","type":"product","link":"https:\/\/roveyayinevi.com.tr\/index.php\/urun\/incinmissin\/","title":{"rendered":"\u0130ncinmi\u015fsin"},"content":{"rendered":"<p>BELK\u0130 DE SORUN BENDE DE\u011e\u0130L SENDED\u0130R Sevgiyi bilmeyen ellere kalbini emanet etti\u011fin i\u00e7in herkesi ayn\u0131 sanma. \u0130ncinmekten korkup yeni kararlar almaktan, yeni ba\u015flang\u0131\u00e7lar yapmaktan ve yeni bir d\u00fczen kurmaktan korkma. K\u00f6t\u00fc kalpli insanlara iyi davrand\u0131\u011f\u0131n i\u00e7in kendini su\u00e7lama. \u0130steklerini, hedeflerini, kararlar\u0131n\u0131 ve hayallerini \u00f6nceli\u011fin yapt\u0131\u011f\u0131n i\u00e7in kendine k\u0131zma. Sevgini, enerjini ve zaman\u0131n\u0131 sadece buna de\u011fece\u011fine emin oldu\u011fun insanlara sundu\u011fun i\u00e7in kendini so\u011fuk, kibirli ya da asosyal sanma. Kendinle vakit ge\u00e7irmeyi tercih etti\u011fin ve bundan keyif ald\u0131\u011f\u0131n i\u00e7in yaln\u0131z kald\u0131\u011f\u0131n\u0131 d\u00fc\u015f\u00fcnme. Kontrol\u00fcn sende oldu\u011funu unutma. Hik\u00e2yeler birbirine benziyor olsa da bu kez sonu farkl\u0131 olacak. \u00c7\u00fcnk\u00fc bu kez incinmeyeceksin, g\u00fcven bana&#8230; <\/p>\n","protected":false},"excerpt":{"rendered":"<p>BELK\u0130 DE SORUN BENDE DE\u011e\u0130L SENDED\u0130R Sevgiyi bilmeyen ellere kalbini emanet etti\u011fin i\u00e7in herkesi ayn\u0131 sanma. \u0130ncinmekten korkup yeni kararlar almaktan, yeni ba\u015flang\u0131\u00e7lar yapmaktan ve yeni<span class=\"excerpt-hellip\"> [\u2026]<\/span><\/p>\n","protected":false},"featured_media":0,"template":"","meta":{"_monsterinsights_skip_tracking":false,"_monsterinsights_sitenote_active":false,"_monsterinsights_sitenote_note":"","_monsterinsights_sitenote_category":0},"product_brand":[],"product_cat":[12364,12376],"product_tag":[],"class_list":{"0":"post-755696","1":"product","2":"type-product","3":"status-publish","5":"product_cat-genel-konular","6":"product_cat-kisisel-gelisim","7":"pa_cilt-ciltsiz","8":"pa_tur-kitap","9":"pa_yayinevi-destek-yayinlari","10":"pa_yazar-melis-bozkurt","12":"first","13":"instock","14":"sale","15":"shipping-taxable","16":"purchasable","17":"product-type-simple"},"_links":{"self":[{"href":"https:\/\/roveyayinevi.com.tr\/index.php\/wp-json\/wp\/v2\/product\/755696","targetHints":{"allow":["GET"]}}],"collection":[{"href":"https:\/\/roveyayinevi.com.tr\/index.php\/wp-json\/wp\/v2\/product"}],"about":[{"href":"https:\/\/roveyayinevi.com.tr\/index.php\/wp-json\/wp\/v2\/types\/product"}],"wp:attachment":[{"href":"https:\/\/roveyayinevi.com.tr\/index.php\/wp-json\/wp\/v2\/media?parent=755696"}],"wp:term":[{"taxonomy":"product_brand","embeddable":true,"href":"https:\/\/roveyayinevi.com.tr\/index.php\/wp-json\/wp\/v2\/product_brand?post=755696"},{"taxonomy":"product_cat","embeddable":true,"href":"https:\/\/roveyayinevi.com.tr\/index.php\/wp-json\/wp\/v2\/product_cat?post=755696"},{"taxonomy":"product_tag","embeddable":true,"href":"https:\/\/roveyayinevi.com.tr\/index.php\/wp-json\/wp\/v2\/product_tag?post=755696"}],"curies":[{"name":"wp","href":"https:\/\/api.w.org\/{rel}","templated":true}]}}