{"id":755695,"date":"2025-08-28T06:46:31","date_gmt":"2025-08-28T03:46:31","guid":{"rendered":"https:\/\/roveyayinevi.com.tr\/index.php\/urun\/vazgecebilmenin-isiginda-365-gun\/"},"modified":"2026-04-16T03:08:50","modified_gmt":"2026-04-16T00:08:50","slug":"vazgecebilmenin-isiginda-365-gun","status":"publish","type":"product","link":"https:\/\/roveyayinevi.com.tr\/index.php\/urun\/vazgecebilmenin-isiginda-365-gun\/","title":{"rendered":"Vazge\u00e7ebilmenin I\u015f\u0131\u011f\u0131nda 365 G\u00fcn"},"content":{"rendered":"<p>\u00c7ok satan kitaplar\u0131yla milyonlarca okurun hayat\u0131na dokunan Guy Finley, Vazge\u00e7ebilmenin I\u015f\u0131\u011f\u0131nda 365 G\u00fcn kitab\u0131nda Mevsimler Yasas\u0131\u2019n\u0131n mucizelerine \u0131\u015f\u0131k tutuyor. Her biri y\u0131l\u0131n mevsimlerine ayr\u0131lm\u0131\u015f d\u00f6rt b\u00f6l\u00fcmde size K\u0131\u015f, \u0130lkbahar, Yaz ve Sonbahar\u2019\u0131n g\u00f6r\u00fcnmez ruhunu olu\u015fturan muazzam g\u00fc\u00e7leri ke\u015ffetmeyi ve hayat\u0131n\u0131z\u0131 yepyeni bir seviyeye \u00e7\u0131karmak i\u00e7in onlar\u0131 kullanmay\u0131 \u00f6\u011fretmeyi ama\u00e7l\u0131yor. Her yeni g\u00fcn\u00fcn size kazand\u0131rabileceklerini \u00f6z\u00fcmsedik\u00e7e zihninizin keskinle\u015fti\u011fini, g\u00fcnlerinizin \u0131\u015f\u0131ldamaya ba\u015flad\u0131\u011f\u0131n\u0131, yarat\u0131c\u0131l\u0131\u011f\u0131n\u0131z\u0131n yepyeni bir ruh kazand\u0131\u011f\u0131n\u0131 ve kalbinizdeki tamamlanmay\u0131 hissedeceksiniz. <\/p>\n","protected":false},"excerpt":{"rendered":"<p>\u00c7ok satan kitaplar\u0131yla milyonlarca okurun hayat\u0131na dokunan Guy Finley, Vazge\u00e7ebilmenin I\u015f\u0131\u011f\u0131nda 365 G\u00fcn kitab\u0131nda Mevsimler Yasas\u0131\u2019n\u0131n mucizelerine \u0131\u015f\u0131k tutuyor. Her biri y\u0131l\u0131n mevsimlerine ayr\u0131lm\u0131\u015f d\u00f6rt b\u00f6l\u00fcmde<span class=\"excerpt-hellip\"> [\u2026]<\/span><\/p>\n","protected":false},"featured_media":0,"template":"","meta":{"_monsterinsights_skip_tracking":false,"_monsterinsights_sitenote_active":false,"_monsterinsights_sitenote_note":"","_monsterinsights_sitenote_category":0},"product_brand":[],"product_cat":[12364,12376],"product_tag":[],"class_list":{"0":"post-755695","1":"product","2":"type-product","3":"status-publish","5":"product_cat-genel-konular","6":"product_cat-kisisel-gelisim","7":"pa_cilt-ciltsiz","8":"pa_tur-kitap","9":"pa_yayinevi-destek-yayinlari","10":"pa_yazar-guy-finley","12":"first","13":"instock","14":"sale","15":"shipping-taxable","16":"purchasable","17":"product-type-simple"},"_links":{"self":[{"href":"https:\/\/roveyayinevi.com.tr\/index.php\/wp-json\/wp\/v2\/product\/755695","targetHints":{"allow":["GET"]}}],"collection":[{"href":"https:\/\/roveyayinevi.com.tr\/index.php\/wp-json\/wp\/v2\/product"}],"about":[{"href":"https:\/\/roveyayinevi.com.tr\/index.php\/wp-json\/wp\/v2\/types\/product"}],"wp:attachment":[{"href":"https:\/\/roveyayinevi.com.tr\/index.php\/wp-json\/wp\/v2\/media?parent=755695"}],"wp:term":[{"taxonomy":"product_brand","embeddable":true,"href":"https:\/\/roveyayinevi.com.tr\/index.php\/wp-json\/wp\/v2\/product_brand?post=755695"},{"taxonomy":"product_cat","embeddable":true,"href":"https:\/\/roveyayinevi.com.tr\/index.php\/wp-json\/wp\/v2\/product_cat?post=755695"},{"taxonomy":"product_tag","embeddable":true,"href":"https:\/\/roveyayinevi.com.tr\/index.php\/wp-json\/wp\/v2\/product_tag?post=755695"}],"curies":[{"name":"wp","href":"https:\/\/api.w.org\/{rel}","templated":true}]}}