{"id":755688,"date":"2025-08-28T06:46:20","date_gmt":"2025-08-28T03:46:20","guid":{"rendered":"https:\/\/roveyayinevi.com.tr\/index.php\/urun\/365-gunde-sevgili-kitabim-kuran-fleksi-cilt\/"},"modified":"2026-04-16T03:08:50","modified_gmt":"2026-04-16T00:08:50","slug":"365-gunde-sevgili-kitabim-kuran-fleksi-cilt","status":"publish","type":"product","link":"https:\/\/roveyayinevi.com.tr\/index.php\/urun\/365-gunde-sevgili-kitabim-kuran-fleksi-cilt\/","title":{"rendered":"365 G\u00fcnde Sevgili Kitab\u0131m Kuran (Fleksi Cilt)"},"content":{"rendered":"<p>Hayat maceral\u0131 bir yar\u0131\u015fma gibi kar\u015f\u0131m\u0131zda duruyor. Her etapta ayr\u0131 bir engel ve zorluk bizleri bekliyor. Bu uzun maratonda hayal k\u0131r\u0131kl\u0131klar\u0131 da var sevin\u00e7ler de. Kimimiz ba\u015far\u0131l\u0131 olup huzura eriyor bu yolculukta kimimiz yolda kal\u0131p yenilgiyi kabul ediyor. Ba\u015far\u0131l\u0131 olanlar\u0131n olmayanlardan fark\u0131 ne? Yolun haritas\u0131na sahip olmalar\u0131 olabilir mi?Bu hayat\u0131n da bir haritas\u0131 var elbette. Engelleri, engebeleri, zorluklar\u0131 ve d\u00fczl\u00fckleri g\u00f6steren bir k\u0131lavuz bu. Hem de \u00e7ok yak\u0131n\u0131nda! Evinin duvar\u0131nda as\u0131l\u0131 belki, belki de kitapl\u0131\u011f\u0131n\u0131n \u00fcst raf\u0131nda. Evet, o k\u0131lavuzun ad\u0131 Kur\u2019an. Allah\u2019\u0131n kullar\u0131na yollar\u0131n\u0131 bulabilmeleri, hayat\u0131n zorluklar\u0131yla \u00fcz\u00fcl\u00fcp y\u0131k\u0131lmamalar\u0131 i\u00e7in g\u00f6nderdi\u011fi ayetler. Bu ayetler Allah\u2019\u0131n sana g\u00f6nderdi\u011fi bir pusula asl\u0131nda. D\u00fcnyada ve ahirette mutluluk yolunu sana g\u00f6steren yan\u0131lmaz bir pusula. \u0130\u015fte bu pusulay\u0131 anlayabilme yolculu\u011funa katk\u0131 sunacak bir kitap elindeki.365 G\u00fcnde Sevgili Kitab\u0131m Kur\u2019an bu pusulan\u0131n rehberli\u011finde senin i\u00e7in haz\u0131rland\u0131. Allah\u2019\u0131n sana g\u00f6nderdi\u011fi k\u0131lavuzu bir nebze de olsa anlayabilmen i\u00e7in. Her g\u00fcn\u00fcn Kur\u2019an\u2019la ge\u00e7sin diye. Seni d\u00fcnya ve ahirette mutlulu\u011fa ula\u015ft\u0131racak bu macerada yolda kaybolma diye\u2026<\/p>\n","protected":false},"excerpt":{"rendered":"<p>Hayat maceral\u0131 bir yar\u0131\u015fma gibi kar\u015f\u0131m\u0131zda duruyor. Her etapta ayr\u0131 bir engel ve zorluk bizleri bekliyor. Bu uzun maratonda hayal k\u0131r\u0131kl\u0131klar\u0131 da var sevin\u00e7ler de. Kimimiz<span class=\"excerpt-hellip\"> [\u2026]<\/span><\/p>\n","protected":false},"featured_media":0,"template":"","meta":{"_monsterinsights_skip_tracking":false,"_monsterinsights_sitenote_active":false,"_monsterinsights_sitenote_note":"","_monsterinsights_sitenote_category":0},"product_brand":[],"product_cat":[12274,12284],"product_tag":[],"class_list":{"0":"post-755688","1":"product","2":"type-product","3":"status-publish","5":"product_cat-cocuk-ve-genclik-kitaplari","6":"product_cat-hikayeler","7":"pa_cilt-ciltsiz","8":"pa_tur-kitap","9":"pa_yayinevi-gulce-kitap","10":"pa_yazar-nurdan-damla","12":"first","13":"instock","14":"sale","15":"shipping-taxable","16":"purchasable","17":"product-type-simple"},"_links":{"self":[{"href":"https:\/\/roveyayinevi.com.tr\/index.php\/wp-json\/wp\/v2\/product\/755688","targetHints":{"allow":["GET"]}}],"collection":[{"href":"https:\/\/roveyayinevi.com.tr\/index.php\/wp-json\/wp\/v2\/product"}],"about":[{"href":"https:\/\/roveyayinevi.com.tr\/index.php\/wp-json\/wp\/v2\/types\/product"}],"wp:attachment":[{"href":"https:\/\/roveyayinevi.com.tr\/index.php\/wp-json\/wp\/v2\/media?parent=755688"}],"wp:term":[{"taxonomy":"product_brand","embeddable":true,"href":"https:\/\/roveyayinevi.com.tr\/index.php\/wp-json\/wp\/v2\/product_brand?post=755688"},{"taxonomy":"product_cat","embeddable":true,"href":"https:\/\/roveyayinevi.com.tr\/index.php\/wp-json\/wp\/v2\/product_cat?post=755688"},{"taxonomy":"product_tag","embeddable":true,"href":"https:\/\/roveyayinevi.com.tr\/index.php\/wp-json\/wp\/v2\/product_tag?post=755688"}],"curies":[{"name":"wp","href":"https:\/\/api.w.org\/{rel}","templated":true}]}}