{"id":755667,"date":"2025-08-28T06:45:47","date_gmt":"2025-08-28T03:45:47","guid":{"rendered":"https:\/\/roveyayinevi.com.tr\/index.php\/urun\/gerceklik-yeniden\/"},"modified":"2026-04-16T03:08:50","modified_gmt":"2026-04-16T00:08:50","slug":"gerceklik-yeniden","status":"publish","type":"product","link":"https:\/\/roveyayinevi.com.tr\/index.php\/urun\/gerceklik-yeniden\/","title":{"rendered":"Ger\u00e7eklik Yeniden"},"content":{"rendered":"<p>\u201cGer\u00e7ek a\u015fk\u0131n s\u0131rr\u0131 nedir? Ger\u00e7ekte renksiz olan g\u00f6k bize neden mavi g\u00f6r\u00fcn\u00fcr? Bir \u015fok ya\u015fad\u0131\u011f\u0131m\u0131zda ger\u00e7ekli\u011fimizin sars\u0131lmas\u0131 ne anlama gelir? \u0130yimser olmakla ger\u00e7ek\u00e7i olmak aras\u0131nda nas\u0131l bir ili\u015fki vard\u0131r? Ger\u00e7ekten istedi\u011finiz bir \u015fey i\u00e7in her zorlu\u011fa katlan\u0131r m\u0131s\u0131n\u0131z? Planlar\u0131n ger\u00e7ekle\u015fmesi i\u00e7in hangi ad\u0131mlar\u0131 atmal\u0131y\u0131z? Bu sorularda, ger\u00e7ek, ger\u00e7eklik, ger\u00e7ekte, ger\u00e7ek\u00e7i, ger\u00e7ekten, ger\u00e7ekle\u015ftirmek gibi pek \u00e7ok kelimeyi rahatl\u0131kla kullansak da, ger\u00e7ek ile ne kastetti\u011fimiz \u00e7o\u011funlukla bulan\u0131kt\u0131r. Ancak yine de sorulsa, ger\u00e7ek kavram\u0131ndan az veya \u00e7ok ne anlad\u0131\u011f\u0131m\u0131z\u0131 s\u00f6yleyebiliriz. Ger\u00e7ek, bir yan\u0131yla \u00e7ok bilindik, hakk\u0131nda \u015f\u00fcphe edilemez bir kavram gibi gelirken, biraz \u00fczerine gidildi\u011finde kast\u0131m\u0131zdaki bulan\u0131kl\u0131k a\u00e7\u0131\u011fa \u00e7\u0131kmaya ba\u015flar. [\u2026] Zaman zaman unutsak da bir yolunu bulup ger\u00e7eklik yeniden kendini hat\u0131rlat\u0131r.\u201dYasin Ramazan, ger\u00e7eklik kavram\u0131n\u0131 tart\u0131\u015fmaya a\u00e7\u0131yor; antik \u00e7a\u011fdaki k\u00f6klere g\u00f6z at\u0131p Platon ve Aristoteles\u2019in sistematik felsefelerinden Orta\u00e7a\u011f\u2019\u0131n hararetli tart\u0131\u015fmalar\u0131na, Kartezyen \u015f\u00fcphecilik etraf\u0131nda \u015fekillenen \u00e7al\u0131\u015fmalardan Kant\u2019\u0131n g\u00fcn\u00fcm\u00fcze kadar s\u00fcren etkilerine, Alman idealizminden Wittgenstein\u2019\u0131n ve Nietzsche\u2019nin metafizi\u011fe y\u00f6neltti\u011fi ele\u015ftirilere kadar ger\u00e7eklikle ilgili yakla\u015f\u0131mlar\u0131 de\u011ferlendiriyor. Metafizikle i\u015fimizin bitti\u011fini d\u00fc\u015f\u00fcnen filozoflar\u0131n ve bilim insanlar\u0131n\u0131n aksine metafizi\u011fin ka\u00e7\u0131n\u0131lmazl\u0131\u011f\u0131n\u0131 dolay\u0131s\u0131yla ger\u00e7eklik hakk\u0131nda felsefi sorunun hi\u00e7bir yere kaybolmad\u0131\u011f\u0131n\u0131, bug\u00fcn de canl\u0131 bir \u015fekilde her d\u00fc\u015f\u00fcncenin i\u00e7inde bulundu\u011funu savunuyor.Kitap ger\u00e7eklik \u00fczerinden okurun zihin d\u00fcnyas\u0131n\u0131 doyurucu bir yolculu\u011fa \u00e7\u0131kar\u0131rken ayn\u0131 zamanda felsefeyi \u00f6\u011frenmek i\u00e7in giri\u015f kitab\u0131 olma \u00f6zelli\u011fini ta\u015f\u0131yor. Ger\u00e7eklik Yeniden, zengin literat\u00fcr\u00fc ve g\u00fcncel \u00f6rnekleriyle entelekt\u00fcel k\u00fclt\u00fcre ve felsefe tart\u0131\u015fmalar\u0131na katk\u0131da bulunacak ufuk a\u00e7\u0131c\u0131 bir ba\u015fucu kitab\u0131\u2026<\/p>\n","protected":false},"excerpt":{"rendered":"<p>\u201cGer\u00e7ek a\u015fk\u0131n s\u0131rr\u0131 nedir? Ger\u00e7ekte renksiz olan g\u00f6k bize neden mavi g\u00f6r\u00fcn\u00fcr? Bir \u015fok ya\u015fad\u0131\u011f\u0131m\u0131zda ger\u00e7ekli\u011fimizin sars\u0131lmas\u0131 ne anlama gelir? \u0130yimser olmakla ger\u00e7ek\u00e7i olmak aras\u0131nda nas\u0131l<span class=\"excerpt-hellip\"> [\u2026]<\/span><\/p>\n","protected":false},"featured_media":0,"template":"","meta":{"_monsterinsights_skip_tracking":false,"_monsterinsights_sitenote_active":false,"_monsterinsights_sitenote_note":"","_monsterinsights_sitenote_category":0},"product_brand":[],"product_cat":[12388],"product_tag":[],"class_list":{"0":"post-755667","1":"product","2":"type-product","3":"status-publish","5":"product_cat-felsefe","6":"pa_cilt-ciltsiz","7":"pa_tur-kitap","8":"pa_yayinevi-timas-yayinlari","9":"pa_yazar-yasin-ramazan","11":"first","12":"instock","13":"sale","14":"shipping-taxable","15":"purchasable","16":"product-type-simple"},"_links":{"self":[{"href":"https:\/\/roveyayinevi.com.tr\/index.php\/wp-json\/wp\/v2\/product\/755667","targetHints":{"allow":["GET"]}}],"collection":[{"href":"https:\/\/roveyayinevi.com.tr\/index.php\/wp-json\/wp\/v2\/product"}],"about":[{"href":"https:\/\/roveyayinevi.com.tr\/index.php\/wp-json\/wp\/v2\/types\/product"}],"wp:attachment":[{"href":"https:\/\/roveyayinevi.com.tr\/index.php\/wp-json\/wp\/v2\/media?parent=755667"}],"wp:term":[{"taxonomy":"product_brand","embeddable":true,"href":"https:\/\/roveyayinevi.com.tr\/index.php\/wp-json\/wp\/v2\/product_brand?post=755667"},{"taxonomy":"product_cat","embeddable":true,"href":"https:\/\/roveyayinevi.com.tr\/index.php\/wp-json\/wp\/v2\/product_cat?post=755667"},{"taxonomy":"product_tag","embeddable":true,"href":"https:\/\/roveyayinevi.com.tr\/index.php\/wp-json\/wp\/v2\/product_tag?post=755667"}],"curies":[{"name":"wp","href":"https:\/\/api.w.org\/{rel}","templated":true}]}}

Gerçeklik Yeniden

<p>“Gerçek aşkın sırrı nedir? Gerçekte renksiz olan gök bize neden mavi görünür? Bir şok yaşadığımızda gerçekliğimizin sarsılması ne anlama gelir? İyimser olmakla gerçekçi olmak arasında nasıl bir ilişki vardır? Gerçekten istediğiniz bir şey için her zorluğa katlanır mısınız? Planların gerçekleşmesi için hangi adımları atmalıyız? Bu sorularda, gerçek, gerçeklik, gerçekte, gerçekçi, gerçekten, gerçekleştirmek gibi pek çok kelimeyi rahatlıkla kullansak da, gerçek ile ne kastettiğimiz çoğunlukla bulanıktır. Ancak yine de sorulsa, gerçek kavramından az veya çok ne anladığımızı söyleyebiliriz. Gerçek, bir yanıyla çok bilindik, hakkında şüphe edilemez bir kavram gibi gelirken, biraz üzerine gidildiğinde kastımızdaki bulanıklık açığa çıkmaya başlar. […] Zaman zaman unutsak da bir yolunu bulup gerçeklik yeniden kendini hatırlatır.”Yasin Ramazan, gerçeklik kavramını tartışmaya açıyor; antik çağdaki köklere göz atıp Platon ve Aristoteles’in sistematik felsefelerinden Ortaçağ’ın hararetli tartışmalarına, Kartezyen şüphecilik etrafında şekillenen çalışmalardan Kant’ın günümüze kadar süren etkilerine, Alman idealizminden Wittgenstein’ın ve Nietzsche’nin metafiziğe yönelttiği eleştirilere kadar gerçeklikle ilgili yaklaşımları değerlendiriyor. Metafizikle işimizin bittiğini düşünen filozofların ve bilim insanlarının aksine metafiziğin kaçınılmazlığını dolayısıyla gerçeklik hakkında felsefi sorunun hiçbir yere kaybolmadığını, bugün de canlı bir şekilde her düşüncenin içinde bulunduğunu savunuyor.Kitap gerçeklik üzerinden okurun zihin dünyasını doyurucu bir yolculuğa çıkarırken aynı zamanda felsefeyi öğrenmek için giriş kitabı olma özelliğini taşıyor. Gerçeklik Yeniden, zengin literatürü ve güncel örnekleriyle entelektüel kültüre ve felsefe tartışmalarına katkıda bulunacak ufuk açıcı bir başucu kitabı…</p>

<p>“Gerçek aşkın sırrı nedir? Gerçekte renksiz olan gök bize neden mavi görünür? Bir şok yaşadığımızda gerçekliğimizin sarsılması ne anlama gelir? İyimser olmakla gerçekçi olmak arasında nasıl<span class="excerpt-hellip"> […]</span></p>
