{"id":755641,"date":"2025-08-28T06:45:01","date_gmt":"2025-08-28T03:45:01","guid":{"rendered":"https:\/\/roveyayinevi.com.tr\/index.php\/urun\/ay-perileri-ve-kara-yaratiklar-kara-orman-serisi-birinci-kitap\/"},"modified":"2026-04-16T03:08:49","modified_gmt":"2026-04-16T00:08:49","slug":"ay-perileri-ve-kara-yaratiklar-kara-orman-serisi-birinci-kitap","status":"publish","type":"product","link":"https:\/\/roveyayinevi.com.tr\/index.php\/urun\/ay-perileri-ve-kara-yaratiklar-kara-orman-serisi-birinci-kitap\/","title":{"rendered":"Ay Perileri ve Kara Yarat\u0131klar \u2013 Kara Orman Serisi Birinci Kitap"},"content":{"rendered":"<p>Ve i\u015fte   Ay perisi Aya\u2019n\u0131n gitti\u011fi o g\u00fcnden Sonra da ninem, Ne zaman be\u015fi\u011fimi t\u0131ng\u0131r m\u0131ng\u0131r sallasa, Bana hep bu masal\u0131 anlat\u0131rm\u0131\u015f. O g\u00fcnden sonra da ben, Ne zaman Kara Orman masal\u0131n\u0131 dinlesem, Kalbim hep heyecanla dolarm\u0131\u015f.     B\u00f6yle b\u00f6yle ninem sallam\u0131\u015f be\u015fi\u011fimi her g\u00fcn, Ben de b\u00fcy\u00fcm\u00fc\u015f\u00fcm g\u00fcnbeg\u00fcn. Derken g\u00fcnlerden bir g\u00fcn, \u00d6nemi yok oldu\u011funun hangi g\u00fcn, Elime ka\u011f\u0131d\u0131, kalemi alm\u0131\u015f\u0131m. Ve ald\u0131\u011f\u0131m gibi de Kara Orman masal\u0131n\u0131 yazmaya ba\u015flam\u0131\u015f\u0131m\u2026.<\/p>\n","protected":false},"excerpt":{"rendered":"<p>Ve i\u015fte Ay perisi Aya\u2019n\u0131n gitti\u011fi o g\u00fcnden Sonra da ninem, Ne zaman be\u015fi\u011fimi t\u0131ng\u0131r m\u0131ng\u0131r sallasa, Bana hep bu masal\u0131 anlat\u0131rm\u0131\u015f. O g\u00fcnden sonra da<span class=\"excerpt-hellip\"> [\u2026]<\/span><\/p>\n","protected":false},"featured_media":0,"template":"","meta":{"_monsterinsights_skip_tracking":false,"_monsterinsights_sitenote_active":false,"_monsterinsights_sitenote_note":"","_monsterinsights_sitenote_category":0},"product_brand":[],"product_cat":[12291,14777],"product_tag":[],"class_list":{"0":"post-755641","1":"product","2":"type-product","3":"status-publish","5":"product_cat-edebiyat","6":"product_cat-fantastik","7":"pa_cilt-ciltsiz","8":"pa_tur-kitap","9":"pa_yayinevi-yazarin-kendi-yayini-ak-han","10":"pa_yazar-ak-han","12":"first","13":"instock","14":"sale","15":"shipping-taxable","16":"purchasable","17":"product-type-simple"},"_links":{"self":[{"href":"https:\/\/roveyayinevi.com.tr\/index.php\/wp-json\/wp\/v2\/product\/755641","targetHints":{"allow":["GET"]}}],"collection":[{"href":"https:\/\/roveyayinevi.com.tr\/index.php\/wp-json\/wp\/v2\/product"}],"about":[{"href":"https:\/\/roveyayinevi.com.tr\/index.php\/wp-json\/wp\/v2\/types\/product"}],"wp:attachment":[{"href":"https:\/\/roveyayinevi.com.tr\/index.php\/wp-json\/wp\/v2\/media?parent=755641"}],"wp:term":[{"taxonomy":"product_brand","embeddable":true,"href":"https:\/\/roveyayinevi.com.tr\/index.php\/wp-json\/wp\/v2\/product_brand?post=755641"},{"taxonomy":"product_cat","embeddable":true,"href":"https:\/\/roveyayinevi.com.tr\/index.php\/wp-json\/wp\/v2\/product_cat?post=755641"},{"taxonomy":"product_tag","embeddable":true,"href":"https:\/\/roveyayinevi.com.tr\/index.php\/wp-json\/wp\/v2\/product_tag?post=755641"}],"curies":[{"name":"wp","href":"https:\/\/api.w.org\/{rel}","templated":true}]}}