{"id":755637,"date":"2025-08-28T06:44:56","date_gmt":"2025-08-28T03:44:56","guid":{"rendered":"https:\/\/roveyayinevi.com.tr\/index.php\/urun\/muhasebe-ve-finans-incelemeleri\/"},"modified":"2026-04-16T03:08:49","modified_gmt":"2026-04-16T00:08:49","slug":"muhasebe-ve-finans-incelemeleri","status":"publish","type":"product","link":"https:\/\/roveyayinevi.com.tr\/index.php\/urun\/muhasebe-ve-finans-incelemeleri\/","title":{"rendered":"Muhasebe Ve Finans \u0130ncelemeleri"},"content":{"rendered":"<p>\u0130\u00e7indekiler       1-SOSYAL SORUMLU YATIRIM: KAVRAMSAL B\u0130R \u0130NCELEME 2-MUHASEBE SKANDALLARINA KAR\u015eI BLOCKCHA\u0130N TEKNOLOJ\u0130S\u0130 VE ADL\u0130 MUHASEBE 3-ALGOR\u0130TM\u0130K \u0130\u015eLEMLER\u0130N BORSA \u0130STANBUL\u2019DAK\u0130 YER\u0130 VE P\u0130YASA KIRILGANLI\u011eINA OLAN ETK\u0130S\u0130 4-\u0130MALAT \u0130\u015eLETMELER\u0130N\u0130N \u0130HRA\u00c7 KAYITLI TESL\u0130M VE DO\u011eRUDAN \u0130HRACATLARINDA KDV \u0130ADES\u0130: FARKLILIKLAR VE BENZERL\u0130KLER DO\u011eRULTUSUNDA MUHASEBE KAYIT \u00d6RNEKLER\u0130 5-COMPARISON OF THE EFFECT OF CRYPTO VIX INDEX ON CRYPTOCURRENCY RETURN VOLATILITY BY EGARGH MODEL 6-DENET\u00c7\u0130LER\u0130N F\u0130NANSAL TABLOLARIN DENET\u0130M\u0130NDE H\u0130LEYE \u0130L\u0130\u015eK\u0130N SORUMLULUKLARI: T\u00dcRK\u0130YE\u2019DE DENET\u00c7\u0130LERE Y\u00d6NEL\u0130K B\u0130R ARA\u015eTIRMA 7-THE IMPACT OF REGULATORY CAPITAL ON THE FINANCIAL PERFORMANCE OF DEPOSIT BANKS LISTED IN BIST: A CASE STUDY AFTER THE GLOBAL FINACIAL CRISIS 8-MUHASEBE VE VERG\u0130 UYGULAMALARI PROGRAMLARINA YERLE\u015eEN SON K\u0130\u015e\u0130LER\u0130N FARKLILIKLARININ Y\u00d6K \u00d6NL\u0130SANS ATLASI 2022 VER\u0130LER\u0130 TEMEL\u0130NDE \u0130NCELENMES\u0130 9-\u00dc\u00c7\u00dcNC\u00dc DERECEDEN STOKAST\u0130K BASKINLIK \u0130LE PORTF\u00d6Y SE\u00c7\u0130M\u0130 10-ACFE RAPORLARINDA YER ALAN F\u0130NANSAL H\u0130LELER\u0130N GEL\u0130\u015e\u0130M S\u00dcREC\u0130 11-WHAT IS A HEDGE FUND? 12-END\u00dcSTR\u0130 4.0 \u00c7A\u011eINDA MUHASEBE ET\u0130\u011e\u0130 13-BANKACILIK S\u0130STEM\u0130NDE ALTERNAT\u0130F DA\u011eITIM KANALLARI 14-THE IMPACT OF FINANCIAL DISTRESS ON ACCOUNTING CONSERVATISM 15-B\u0130ST-100 ENDEKS\u0130 VE KAOS VER\u0130LER\u0130 ARASINDAK\u0130 \u0130L\u0130\u015eK\u0130N\u0130N Y\u0130NELEME HAR\u0130TALARI ANAL\u0130Z\u0130 (RQA) \u0130LE TEST ED\u0130LMES\u0130 16-F\u0130NANSAL Y\u00d6NET\u0130MDE DEVR\u0130M: D\u0130J\u0130TAL MUHASEBE \u00c7\u00d6Z\u00dcMLER\u0130 <\/p>\n","protected":false},"excerpt":{"rendered":"<p>\u0130\u00e7indekiler 1-SOSYAL SORUMLU YATIRIM: KAVRAMSAL B\u0130R \u0130NCELEME 2-MUHASEBE SKANDALLARINA KAR\u015eI BLOCKCHA\u0130N TEKNOLOJ\u0130S\u0130 VE ADL\u0130 MUHASEBE 3-ALGOR\u0130TM\u0130K \u0130\u015eLEMLER\u0130N BORSA \u0130STANBUL\u2019DAK\u0130 YER\u0130 VE P\u0130YASA KIRILGANLI\u011eINA OLAN ETK\u0130S\u0130 4-\u0130MALAT<span class=\"excerpt-hellip\"> [\u2026]<\/span><\/p>\n","protected":false},"featured_media":0,"template":"","meta":{"_monsterinsights_skip_tracking":false,"_monsterinsights_sitenote_active":false,"_monsterinsights_sitenote_note":"","_monsterinsights_sitenote_category":0},"product_brand":[],"product_cat":[13043],"product_tag":[],"class_list":{"0":"post-755637","1":"product","2":"type-product","3":"status-publish","5":"product_cat-ekonomi","6":"pa_cilt-ciltsiz","7":"pa_tur-kitap","8":"pa_yayinevi-gazi-kitabevi","9":"pa_yazar-kolektif","11":"first","12":"instock","13":"sale","14":"shipping-taxable","15":"purchasable","16":"product-type-simple"},"_links":{"self":[{"href":"https:\/\/roveyayinevi.com.tr\/index.php\/wp-json\/wp\/v2\/product\/755637","targetHints":{"allow":["GET"]}}],"collection":[{"href":"https:\/\/roveyayinevi.com.tr\/index.php\/wp-json\/wp\/v2\/product"}],"about":[{"href":"https:\/\/roveyayinevi.com.tr\/index.php\/wp-json\/wp\/v2\/types\/product"}],"wp:attachment":[{"href":"https:\/\/roveyayinevi.com.tr\/index.php\/wp-json\/wp\/v2\/media?parent=755637"}],"wp:term":[{"taxonomy":"product_brand","embeddable":true,"href":"https:\/\/roveyayinevi.com.tr\/index.php\/wp-json\/wp\/v2\/product_brand?post=755637"},{"taxonomy":"product_cat","embeddable":true,"href":"https:\/\/roveyayinevi.com.tr\/index.php\/wp-json\/wp\/v2\/product_cat?post=755637"},{"taxonomy":"product_tag","embeddable":true,"href":"https:\/\/roveyayinevi.com.tr\/index.php\/wp-json\/wp\/v2\/product_tag?post=755637"}],"curies":[{"name":"wp","href":"https:\/\/api.w.org\/{rel}","templated":true}]}}