{"id":755628,"date":"2025-08-28T06:44:38","date_gmt":"2025-08-28T03:44:38","guid":{"rendered":"https:\/\/roveyayinevi.com.tr\/index.php\/urun\/cin-kulturu-en-eski-caglardan-gunumuze\/"},"modified":"2026-04-16T03:08:49","modified_gmt":"2026-04-16T00:08:49","slug":"cin-kulturu-en-eski-caglardan-gunumuze","status":"publish","type":"product","link":"https:\/\/roveyayinevi.com.tr\/index.php\/urun\/cin-kulturu-en-eski-caglardan-gunumuze\/","title":{"rendered":"\u00c7in K\u00fclt\u00fcr\u00fc &#8211; En Eski \u00c7a\u011flardan G\u00fcn\u00fcm\u00fcze"},"content":{"rendered":"<p>Bat\u0131\u2019da 19. Y\u00fczy\u0131l\u0131n d\u00fc\u015f\u00fcnsel devrimi sonucunda \u201cd\u00fcnyay\u0131 cennete \u00e7evirme\u201d vaadiyle ortaya \u00e7\u0131kan h\u00fcmanizm, Do\u011fu\u2019yu da etkilemi\u015ftir.  Zamanla, bilim ve teknolojinin her \u015feye g\u00fcc\u00fcn\u00fcn yetece\u011fi fikri do\u011faya h\u00fckmetme m\u00fccadelesine d\u00f6n\u00fc\u015fm\u00fc\u015f, insan\u0131 maddenin kulu h\u00e2line getirmi\u015ftir. Birinci ve \u0130kinci D\u00fcnya Sava\u015flar\u0131 da insan merkezli h\u00fcmanizmin sorgulanmas\u0131na neden olmu\u015ftur. \u0130\u015fte tam bu noktada Profes\u00f6r Lou Yulie, \u00c7in k\u00fclt\u00fcr\u00fcn\u00fcn zaten \u00f6z\u00fcnde olan dengeli h\u00fcmanizmiyle, Bat\u0131\u2019n\u0131n insan merkezli h\u00fcmanizmini kar\u015f\u0131la\u015ft\u0131rarak tart\u0131\u015fmaya a\u00e7ar. Ona g\u00f6re Bat\u0131\u2019n\u0131n birebir kopyas\u0131 h\u00e2line gelerek uluslararas\u0131 sahnede \u00f6zg\u00fcnl\u00fc\u011f\u00fcn\u00fc kaybetmeye y\u00fcz tutan \u00c7in k\u00fclt\u00fcr\u00fc i\u00e7erisinde, madde kar\u015f\u0131s\u0131nda yabanc\u0131la\u015fan insana manevi \u00e7\u00f6z\u00fcmler mevcuttur. Bunun, Yulie\u2019nin s\u0131kl\u0131kla vurgulad\u0131\u011f\u0131 \u201ck\u00fclt\u00fcrel \u00f6zne bilinci\u201dnin, \u00c7in\u2019in temel \u00f6\u011fretileri olan Konf\u00fc\u00e7yanizm, Budizm ve Daoizm\u2019in modern insana uyarlanarak yeniden in\u015fa edilmesiyle olaca\u011f\u0131n\u0131 d\u00fc\u015f\u00fcn\u00fcrken okura, g\u00fcndelik ya\u015fant\u0131daki problemlerden varolu\u015f sorunlar\u0131na kadar yan\u0131tlar sunuyor. <\/p>\n","protected":false},"excerpt":{"rendered":"<p>Bat\u0131\u2019da 19. Y\u00fczy\u0131l\u0131n d\u00fc\u015f\u00fcnsel devrimi sonucunda \u201cd\u00fcnyay\u0131 cennete \u00e7evirme\u201d vaadiyle ortaya \u00e7\u0131kan h\u00fcmanizm, Do\u011fu\u2019yu da etkilemi\u015ftir. Zamanla, bilim ve teknolojinin her \u015feye g\u00fcc\u00fcn\u00fcn yetece\u011fi fikri do\u011faya<span class=\"excerpt-hellip\"> [\u2026]<\/span><\/p>\n","protected":false},"featured_media":0,"template":"","meta":{"_monsterinsights_skip_tracking":false,"_monsterinsights_sitenote_active":false,"_monsterinsights_sitenote_note":"","_monsterinsights_sitenote_category":0},"product_brand":[],"product_cat":[16038,12388],"product_tag":[],"class_list":{"0":"post-755628","1":"product","2":"type-product","3":"status-publish","5":"product_cat-arastirma-inceleme-referans-felsefe","6":"product_cat-felsefe","7":"pa_cilt-ciltsiz","8":"pa_tur-kitap","9":"pa_yayinevi-yeditepe-yayinevi","10":"pa_yazar-lou-yulie","12":"first","13":"instock","14":"sale","15":"shipping-taxable","16":"purchasable","17":"product-type-simple"},"_links":{"self":[{"href":"https:\/\/roveyayinevi.com.tr\/index.php\/wp-json\/wp\/v2\/product\/755628","targetHints":{"allow":["GET"]}}],"collection":[{"href":"https:\/\/roveyayinevi.com.tr\/index.php\/wp-json\/wp\/v2\/product"}],"about":[{"href":"https:\/\/roveyayinevi.com.tr\/index.php\/wp-json\/wp\/v2\/types\/product"}],"wp:attachment":[{"href":"https:\/\/roveyayinevi.com.tr\/index.php\/wp-json\/wp\/v2\/media?parent=755628"}],"wp:term":[{"taxonomy":"product_brand","embeddable":true,"href":"https:\/\/roveyayinevi.com.tr\/index.php\/wp-json\/wp\/v2\/product_brand?post=755628"},{"taxonomy":"product_cat","embeddable":true,"href":"https:\/\/roveyayinevi.com.tr\/index.php\/wp-json\/wp\/v2\/product_cat?post=755628"},{"taxonomy":"product_tag","embeddable":true,"href":"https:\/\/roveyayinevi.com.tr\/index.php\/wp-json\/wp\/v2\/product_tag?post=755628"}],"curies":[{"name":"wp","href":"https:\/\/api.w.org\/{rel}","templated":true}]}}