{"id":755615,"date":"2025-08-28T06:44:18","date_gmt":"2025-08-28T03:44:18","guid":{"rendered":"https:\/\/roveyayinevi.com.tr\/index.php\/urun\/karanlik-sarmal-1-kitap\/"},"modified":"2026-04-16T03:08:49","modified_gmt":"2026-04-16T00:08:49","slug":"karanlik-sarmal-1-kitap","status":"publish","type":"product","link":"https:\/\/roveyayinevi.com.tr\/index.php\/urun\/karanlik-sarmal-1-kitap\/","title":{"rendered":"Karanl\u0131k Sarmal 1. Kitap"},"content":{"rendered":"<p>\u0130ki \u00e7ocuk&#8230;  \u0130ki farkl\u0131 \u00fclke&#8230;  Bir k\u0131\u015f g\u00fcn\u00fc ayn\u0131 anda d\u00fcnyaya geldiklerinde, ci\u011ferlerine ilk nefesi de ayn\u0131 anda \u00e7ektiler.  Birbirlerinden \u00e7ok uzakta olsalar da ya\u015fayacaklar\u0131 ac\u0131lar\u0131 bilir gibi yine ayn\u0131 anda ilk \u00e7\u0131\u011fl\u0131klar\u0131 duyuldu. \u0130stanbul\u2019da zaman\u0131n ad\u0131; 22:23 idi. Bosna\u2019da zaman\u0131n ad\u0131; 21:23 idi. Zamanlar\u0131n ismi farkl\u0131 olsa da o g\u00fcn farkl\u0131 yerlerde iki \u00e7ocuk ayn\u0131 anda d\u00fcnyaya geldi. \u0130lk feryatlar\u0131 ayn\u0131 anda \u00e7\u0131kt\u0131. \u0130lk soluklar\u0131 ci\u011ferlerine ayn\u0131 anda \u00e7ektiler. Her \u015feyden habersizdiler. D\u00fcnyaya geldikleri anda, muktedir olabildikleri tek \u015fey o c\u0131l\u0131z seslerle a\u011flamak ve i\u00e7g\u00fcd\u00fcsel bir can havliyle nefes almakt\u0131. Birbirlerinin varl\u0131\u011f\u0131n\u0131 dahi bilmeden y\u0131llar ge\u00e7ireceklerdi.  Kar\u015f\u0131la\u015ft\u0131klar\u0131nda ise; hen\u00fcz fark\u0131nda bile olmad\u0131klar\u0131 bir sarmal\u0131n i\u00e7indelerdi. Biri, \u0131\u015f\u0131\u011f\u0131n yoklu\u011funa mahkum do\u011fmu\u015ftu. Di\u011feri, onun mahrum oldu\u011fu \u0131\u015f\u0131\u011f\u0131n varl\u0131\u011f\u0131na tutunmu\u015ftu. <\/p>\n","protected":false},"excerpt":{"rendered":"<p>\u0130ki \u00e7ocuk&#8230; \u0130ki farkl\u0131 \u00fclke&#8230; Bir k\u0131\u015f g\u00fcn\u00fc ayn\u0131 anda d\u00fcnyaya geldiklerinde, ci\u011ferlerine ilk nefesi de ayn\u0131 anda \u00e7ektiler. Birbirlerinden \u00e7ok uzakta olsalar da ya\u015fayacaklar\u0131 ac\u0131lar\u0131<span class=\"excerpt-hellip\"> [\u2026]<\/span><\/p>\n","protected":false},"featured_media":0,"template":"","meta":{"_monsterinsights_skip_tracking":false,"_monsterinsights_sitenote_active":false,"_monsterinsights_sitenote_note":"","_monsterinsights_sitenote_category":0},"product_brand":[],"product_cat":[12803,12291],"product_tag":[],"class_list":{"0":"post-755615","1":"product","2":"type-product","3":"status-publish","5":"product_cat-aksiyon-macera","6":"product_cat-edebiyat","7":"pa_cilt-ciltsiz","8":"pa_tur-kitap","9":"pa_yayinevi-theseus-yayinevi","10":"pa_yazar-aslihan-doga","12":"first","13":"instock","14":"sale","15":"shipping-taxable","16":"purchasable","17":"product-type-simple"},"_links":{"self":[{"href":"https:\/\/roveyayinevi.com.tr\/index.php\/wp-json\/wp\/v2\/product\/755615","targetHints":{"allow":["GET"]}}],"collection":[{"href":"https:\/\/roveyayinevi.com.tr\/index.php\/wp-json\/wp\/v2\/product"}],"about":[{"href":"https:\/\/roveyayinevi.com.tr\/index.php\/wp-json\/wp\/v2\/types\/product"}],"wp:attachment":[{"href":"https:\/\/roveyayinevi.com.tr\/index.php\/wp-json\/wp\/v2\/media?parent=755615"}],"wp:term":[{"taxonomy":"product_brand","embeddable":true,"href":"https:\/\/roveyayinevi.com.tr\/index.php\/wp-json\/wp\/v2\/product_brand?post=755615"},{"taxonomy":"product_cat","embeddable":true,"href":"https:\/\/roveyayinevi.com.tr\/index.php\/wp-json\/wp\/v2\/product_cat?post=755615"},{"taxonomy":"product_tag","embeddable":true,"href":"https:\/\/roveyayinevi.com.tr\/index.php\/wp-json\/wp\/v2\/product_tag?post=755615"}],"curies":[{"name":"wp","href":"https:\/\/api.w.org\/{rel}","templated":true}]}}