{"id":755611,"date":"2025-08-28T06:44:10","date_gmt":"2025-08-28T03:44:10","guid":{"rendered":"https:\/\/roveyayinevi.com.tr\/index.php\/urun\/harry-potter-sihirli-nesneler-boyama-kitabi\/"},"modified":"2026-04-16T03:08:49","modified_gmt":"2026-04-16T00:08:49","slug":"harry-potter-sihirli-nesneler-boyama-kitabi","status":"publish","type":"product","link":"https:\/\/roveyayinevi.com.tr\/index.php\/urun\/harry-potter-sihirli-nesneler-boyama-kitabi\/","title":{"rendered":"Harry Potter Sihirli Nesneler Boyama Kitab\u0131"},"content":{"rendered":"<p>U\u00e7an s\u00fcp\u00fcrgelerden \u0131s\u0131ran ders kitaplar\u0131na, hatta \u015fark\u0131 s\u00f6yleyen \u015fapkalara, Harry Potter d\u00fcnyas\u0131 sihirli nesnelerle doludur. Harry Potter filmlerindeki nefes kesen sahnelerden ilham alarak tasarlanm\u0131\u015f s\u00fcsl\u00fc ill\u00fcstrasyonlar ve karma\u015f\u0131k desenler i\u00e7eren bu boyama kitab\u0131 sayesinde Harry Potter hayranlar\u0131 \u00c7\u0131\u011f\u0131rtkanlar\u2019\u0131, Hortkuluklar\u2019\u0131 ve daha pek \u00e7ok sihirli nesneyi renklendirebilecekler. Harry Potter Sihirli Nesneler Boyama Kitab\u0131\u2019nda yarat\u0131c\u0131l\u0131\u011f\u0131n\u0131z\u0131 harekete ge\u00e7irmek i\u00e7in Harry Potter filmlerinden sahneler ve nesne tasar\u0131mlar\u0131 i\u00e7eren sayfalar da var.<\/p>\n","protected":false},"excerpt":{"rendered":"<p>U\u00e7an s\u00fcp\u00fcrgelerden \u0131s\u0131ran ders kitaplar\u0131na, hatta \u015fark\u0131 s\u00f6yleyen \u015fapkalara, Harry Potter d\u00fcnyas\u0131 sihirli nesnelerle doludur. Harry Potter filmlerindeki nefes kesen sahnelerden ilham alarak tasarlanm\u0131\u015f s\u00fcsl\u00fc ill\u00fcstrasyonlar<span class=\"excerpt-hellip\"> [\u2026]<\/span><\/p>\n","protected":false},"featured_media":0,"template":"","meta":{"_monsterinsights_skip_tracking":false,"_monsterinsights_sitenote_active":false,"_monsterinsights_sitenote_note":"","_monsterinsights_sitenote_category":0},"product_brand":[],"product_cat":[12644,12274],"product_tag":[],"class_list":{"0":"post-755611","1":"product","2":"type-product","3":"status-publish","5":"product_cat-boyama-kitaplari","6":"product_cat-cocuk-ve-genclik-kitaplari","7":"pa_cilt-ciltsiz","8":"pa_tur-kitap","9":"pa_yayinevi-yapi-kredi-yayinlari","10":"pa_yazar-kolektif","12":"first","13":"instock","14":"sale","15":"shipping-taxable","16":"purchasable","17":"product-type-simple"},"_links":{"self":[{"href":"https:\/\/roveyayinevi.com.tr\/index.php\/wp-json\/wp\/v2\/product\/755611","targetHints":{"allow":["GET"]}}],"collection":[{"href":"https:\/\/roveyayinevi.com.tr\/index.php\/wp-json\/wp\/v2\/product"}],"about":[{"href":"https:\/\/roveyayinevi.com.tr\/index.php\/wp-json\/wp\/v2\/types\/product"}],"wp:attachment":[{"href":"https:\/\/roveyayinevi.com.tr\/index.php\/wp-json\/wp\/v2\/media?parent=755611"}],"wp:term":[{"taxonomy":"product_brand","embeddable":true,"href":"https:\/\/roveyayinevi.com.tr\/index.php\/wp-json\/wp\/v2\/product_brand?post=755611"},{"taxonomy":"product_cat","embeddable":true,"href":"https:\/\/roveyayinevi.com.tr\/index.php\/wp-json\/wp\/v2\/product_cat?post=755611"},{"taxonomy":"product_tag","embeddable":true,"href":"https:\/\/roveyayinevi.com.tr\/index.php\/wp-json\/wp\/v2\/product_tag?post=755611"}],"curies":[{"name":"wp","href":"https:\/\/api.w.org\/{rel}","templated":true}]}}