{"id":755607,"date":"2025-08-28T06:44:06","date_gmt":"2025-08-28T03:44:06","guid":{"rendered":"https:\/\/roveyayinevi.com.tr\/index.php\/urun\/buyukada-moris-danon-koleksiyonu\/"},"modified":"2025-11-21T09:48:13","modified_gmt":"2025-11-21T06:48:13","slug":"buyukada-moris-danon-koleksiyonu","status":"publish","type":"product","link":"https:\/\/roveyayinevi.com.tr\/index.php\/urun\/buyukada-moris-danon-koleksiyonu\/","title":{"rendered":"B\u00fcy\u00fckada &#8211; Moris Danon Koleksiyonu"},"content":{"rendered":"<p>B\u00fcy\u00fckada tarihi, kahramanlar ya da askeri dehalar taraf\u0131ndan ortaya konmaz. Tersine, tarihine y\u00f6n verenler s\u00fcrg\u00fcnler, muhalifler ve kaybedenlerdir. \u0130stanbul\u2019un yan\u0131 ba\u015f\u0131ndaki konumu, Ada\u2019y\u0131 tarih boyunca pek \u00e7ok kez d\u00fcnya sahnesine \u00e7\u0131karm\u0131\u015ft\u0131r. \u0130mparatorluk ba\u015fkentiyle kurdu\u011fu simbiyotik ili\u015fki, Ada\u2019y\u0131 merkez alan \u00f6nemli tarihsel olaylar\u0131 s\u0131kla\u015ft\u0131r\u0131r. B\u00f6ylece sakin bir bal\u0131k\u00e7\u0131 yerle\u015fimi kimli\u011finden s\u0131yr\u0131larak ideal bir s\u00fcrg\u00fcn yerine, aktif siyasetten d\u0131\u015flananlar\u0131n zorunlu ya da g\u00f6n\u00fcll\u00fc ikametg\u00e2h\u0131na, dolay\u0131s\u0131yla da bir muhalefet alan\u0131na evrilmi\u015f ve bu niteli\u011fini y\u00fczlerce y\u0131l s\u00fcrd\u00fcrm\u00fc\u015ft\u00fcr.   B\u00fcy\u00fckada\u2019n\u0131n y\u00fckseli\u015fi, Osmanl\u0131 \u0130mparatorlu\u011fu\u2019nun gerilemesi ve k\u00fcresel egemenlik aray\u0131\u015f\u0131nda meydana gelen dramatik t\u00fckeni\u015fle e\u015f zamanl\u0131d\u0131r. Ya\u015fanan b\u00fcy\u00fck k\u00fclt\u00fcrel ve demografik de\u011fi\u015fikliklere ra\u011fmen, Osmanl\u0131 modernle\u015fmesinin 19. y\u00fczy\u0131l\u0131n ortalar\u0131ndan itibaren g\u00f6z al\u0131c\u0131 yans\u0131mas\u0131 ve vitrini olmu\u015ftur.   K\u0131r\u0131m Sava\u015f\u0131\u2019ndan 1930\u2019lara kadar ya\u015fanan toplumsal \u00e7alkant\u0131lara, sonuna gelindi\u011fi herkes\u00e7e malum de\u011ferler sistemiyle gelece\u011fin bilinmezli\u011fi kar\u015f\u0131s\u0131nda duyulan endi\u015felere ve ya\u015fanan gerilimlerle ihtilaflara inat bir huzur ve keyif mek\u00e2n\u0131 g\u00f6r\u00fcnt\u00fcs\u00fc verir. S\u00fcrg\u00fcnlerin \u00f6nce var\u0131\u015f, sonra \u00e7\u0131k\u0131\u015f noktas\u0131 olmu\u015ftur.   Moris Danon taraf\u0131ndan bir araya getirilen, b\u00fcy\u00fck k\u0131sm\u0131 19. y\u00fczy\u0131l\u0131n ortalar\u0131ndan 20. y\u00fczy\u0131l\u0131n ikinci \u00e7eyre\u011fine uzanan foto\u011fraflar, el yazmalar\u0131, ithafl\u0131 ilk bask\u0131lar gibi farkl\u0131 par\u00e7alar\u0131n ortak noktas\u0131 B\u00fcy\u00fckada\u2019ya ait olmalar\u0131d\u0131r. Ada\u2019n\u0131n cazibesini merkeze alan g\u00fcndelik ya\u015fam g\u00f6r\u00fcnt\u00fcleri, fiziki ayr\u0131\u015fm\u0131\u015fl\u0131\u011f\u0131 sayesinde devlet kontrol\u00fcnden ve resmi protokolden g\u00f6rece ba\u011f\u0131ms\u0131z, ayr\u0131cal\u0131kl\u0131 bir d\u00fcnyan\u0131n m\u00fc\u015fterek belle\u011fini yans\u0131t\u0131r.   B\u00fcy\u00fck \u00f6l\u00e7\u00fcde Adas\u0131z yaz\u0131lm\u0131\u015f kent tarihini telafi etme denemesinden ibaret olan B\u00dcY\u00dcKADA: Moris Danon Koleksiyonu, y\u00fczy\u0131llar, imparatorluklar, milletler ve en \u00f6nemlisi insanlar aras\u0131ndaki ili\u015fkileri \u015fa\u015f\u0131rt\u0131c\u0131 bi\u00e7imde yeniden tan\u0131mlama g\u00fcc\u00fcndeki Ada ruhunu anlamak ve anlatmak amac\u0131yla yaz\u0131lm\u0131\u015f. <\/p>\n","protected":false},"excerpt":{"rendered":"<p>B\u00fcy\u00fckada tarihi, kahramanlar ya da askeri dehalar taraf\u0131ndan ortaya konmaz. Tersine, tarihine y\u00f6n verenler s\u00fcrg\u00fcnler, muhalifler ve kaybedenlerdir. \u0130stanbul\u2019un yan\u0131 ba\u015f\u0131ndaki konumu, Ada\u2019y\u0131 tarih boyunca pek<span class=\"excerpt-hellip\"> [\u2026]<\/span><\/p>\n","protected":false},"featured_media":0,"template":"","meta":{"_monsterinsights_skip_tracking":false,"_monsterinsights_sitenote_active":false,"_monsterinsights_sitenote_note":"","_monsterinsights_sitenote_category":0},"product_brand":[],"product_cat":[12370,12304],"product_tag":[],"class_list":{"0":"post-755607","1":"product","2":"type-product","3":"status-publish","5":"product_cat-arastirma-inceleme","6":"product_cat-tarih","7":"pa_cilt-ciltsiz","8":"pa_tur-kitap","9":"pa_yayinevi-yapi-kredi-yayinlari-kultur","10":"pa_yazar-buke-uras","12":"first","13":"instock","14":"sale","15":"shipping-taxable","16":"purchasable","17":"product-type-simple"},"_links":{"self":[{"href":"https:\/\/roveyayinevi.com.tr\/index.php\/wp-json\/wp\/v2\/product\/755607","targetHints":{"allow":["GET"]}}],"collection":[{"href":"https:\/\/roveyayinevi.com.tr\/index.php\/wp-json\/wp\/v2\/product"}],"about":[{"href":"https:\/\/roveyayinevi.com.tr\/index.php\/wp-json\/wp\/v2\/types\/product"}],"wp:attachment":[{"href":"https:\/\/roveyayinevi.com.tr\/index.php\/wp-json\/wp\/v2\/media?parent=755607"}],"wp:term":[{"taxonomy":"product_brand","embeddable":true,"href":"https:\/\/roveyayinevi.com.tr\/index.php\/wp-json\/wp\/v2\/product_brand?post=755607"},{"taxonomy":"product_cat","embeddable":true,"href":"https:\/\/roveyayinevi.com.tr\/index.php\/wp-json\/wp\/v2\/product_cat?post=755607"},{"taxonomy":"product_tag","embeddable":true,"href":"https:\/\/roveyayinevi.com.tr\/index.php\/wp-json\/wp\/v2\/product_tag?post=755607"}],"curies":[{"name":"wp","href":"https:\/\/api.w.org\/{rel}","templated":true}]}}