{"id":755602,"date":"2025-08-28T06:43:56","date_gmt":"2025-08-28T03:43:56","guid":{"rendered":"https:\/\/roveyayinevi.com.tr\/index.php\/urun\/elif-uzgun-ilk-okuma-kitabim\/"},"modified":"2026-04-16T03:08:48","modified_gmt":"2026-04-16T00:08:48","slug":"elif-uzgun-ilk-okuma-kitabim","status":"publish","type":"product","link":"https:\/\/roveyayinevi.com.tr\/index.php\/urun\/elif-uzgun-ilk-okuma-kitabim\/","title":{"rendered":"Elif \u00dczg\u00fcn &#8211; \u0130lk Okuma Kitab\u0131m"},"content":{"rendered":"<p>Hepimiz zaman zaman \u00fczg\u00fcn veya h\u00fcz\u00fcnl\u00fc olabiliriz. Elif de b\u00f6yle bir g\u00fcn ya\u015f\u0131yordu. Sabah babas\u0131n\u0131n en sevdi\u011fi fincan\u0131n\u0131 yere d\u00fc\u015f\u00fcrd\u00fc, \u00f6\u011fleden sonra futbol oynarken dizini ac\u0131tt\u0131. Ve talihsizlikler g\u00fcn boyu devam etti. Neyse ki Elif\u2019in ailesi ona her zamanki gibi destek oldu. Elif \u00fcz\u00fclmenin de hayat\u0131n bir par\u00e7as\u0131 oldu\u011funu \u00f6\u011frendi.<\/p>\n","protected":false},"excerpt":{"rendered":"<p>Hepimiz zaman zaman \u00fczg\u00fcn veya h\u00fcz\u00fcnl\u00fc olabiliriz. Elif de b\u00f6yle bir g\u00fcn ya\u015f\u0131yordu. Sabah babas\u0131n\u0131n en sevdi\u011fi fincan\u0131n\u0131 yere d\u00fc\u015f\u00fcrd\u00fc, \u00f6\u011fleden sonra futbol oynarken dizini ac\u0131tt\u0131.<span class=\"excerpt-hellip\"> [\u2026]<\/span><\/p>\n","protected":false},"featured_media":0,"template":"","meta":{"_monsterinsights_skip_tracking":false,"_monsterinsights_sitenote_active":false,"_monsterinsights_sitenote_note":"","_monsterinsights_sitenote_category":0},"product_brand":[],"product_cat":[12274,12284],"product_tag":[],"class_list":{"0":"post-755602","1":"product","2":"type-product","3":"status-publish","5":"product_cat-cocuk-ve-genclik-kitaplari","6":"product_cat-hikayeler","7":"pa_cilt-ciltsiz","8":"pa_tur-kitap","9":"pa_yayinevi-is-bankasi-kultur-yayinlari","10":"pa_yazar-liane-schneider","12":"first","13":"instock","14":"sale","15":"shipping-taxable","16":"purchasable","17":"product-type-simple"},"_links":{"self":[{"href":"https:\/\/roveyayinevi.com.tr\/index.php\/wp-json\/wp\/v2\/product\/755602","targetHints":{"allow":["GET"]}}],"collection":[{"href":"https:\/\/roveyayinevi.com.tr\/index.php\/wp-json\/wp\/v2\/product"}],"about":[{"href":"https:\/\/roveyayinevi.com.tr\/index.php\/wp-json\/wp\/v2\/types\/product"}],"wp:attachment":[{"href":"https:\/\/roveyayinevi.com.tr\/index.php\/wp-json\/wp\/v2\/media?parent=755602"}],"wp:term":[{"taxonomy":"product_brand","embeddable":true,"href":"https:\/\/roveyayinevi.com.tr\/index.php\/wp-json\/wp\/v2\/product_brand?post=755602"},{"taxonomy":"product_cat","embeddable":true,"href":"https:\/\/roveyayinevi.com.tr\/index.php\/wp-json\/wp\/v2\/product_cat?post=755602"},{"taxonomy":"product_tag","embeddable":true,"href":"https:\/\/roveyayinevi.com.tr\/index.php\/wp-json\/wp\/v2\/product_tag?post=755602"}],"curies":[{"name":"wp","href":"https:\/\/api.w.org\/{rel}","templated":true}]}}