{"id":755571,"date":"2025-08-28T06:43:06","date_gmt":"2025-08-28T03:43:06","guid":{"rendered":"https:\/\/roveyayinevi.com.tr\/index.php\/urun\/degisim-caginda-saglik-yonetimi\/"},"modified":"2026-04-16T03:08:48","modified_gmt":"2026-04-16T00:08:48","slug":"degisim-caginda-saglik-yonetimi","status":"publish","type":"product","link":"https:\/\/roveyayinevi.com.tr\/index.php\/urun\/degisim-caginda-saglik-yonetimi\/","title":{"rendered":"De\u011fi\u015fim \u00c7a\u011f\u0131nda Sa\u011fl\u0131k Y\u00f6netimi"},"content":{"rendered":"<p>\u0130\u00e7indekiler     1. B\u00d6L\u00dcM END\u00dcSTR\u0130 4.0 I\u015eI\u011eINDA SA\u011eLIK 4.0 VE SA\u011eLIK H\u0130ZMETLER\u0130NDE KAL\u0130TE 4.0 2. B\u00d6L\u00dcM SA\u011eLIK H\u0130ZMETLER\u0130NDE D\u0130J\u0130TALLE\u015eME 3. B\u00d6L\u00dcM MIKNATIS HASTANE 4. B\u00d6L\u00dcM SA\u011eLIK KURUMLARINDA F\u0130NANSAL BA\u015eARISIZLIK 5. B\u00d6L\u00dcM SA\u011eLIK KURUMLARINDA D\u0130J\u0130TAL PAZARLAMA 6. B\u00d6L\u00dcM SA\u011eLIK Y\u00d6NET\u0130M\u0130NDE KANT\u0130TAT\u0130F Y\u00d6NTEM VE TEKN\u0130KLER 7. B\u00d6L\u00dcM KEND\u0130 KEND\u0130NE \u0130LA\u00c7 KULLANIMI (SELF MED\u0130KASYON) 8. B\u00d6L\u00dcM SA\u011eLIK H\u0130ZMETLER\u0130NDE KANITA DAYALI SE\u00c7\u0130M: SA\u011eLIK TEKNOLOJ\u0130S\u0130 DE\u011eERLEND\u0130RME 9. B\u00d6L\u00dcM SA\u011eLIK SEKT\u00d6R\u00dc VE \u0130KT\u0130SAD\u0130 PLANLAMA 10. B\u00d6L\u00dcM SA\u011eLIK KURUMLARINDA HASTA VE \u00c7ALI\u015eAN G\u00dcVENL\u0130\u011e\u0130 11. B\u00d6L\u00dcM SA\u011eLIK KURUMLARINDA AFET Y\u00d6NET\u0130M\u0130<\/p>\n","protected":false},"excerpt":{"rendered":"<p>\u0130\u00e7indekiler 1. B\u00d6L\u00dcM END\u00dcSTR\u0130 4.0 I\u015eI\u011eINDA SA\u011eLIK 4.0 VE SA\u011eLIK H\u0130ZMETLER\u0130NDE KAL\u0130TE 4.0 2. B\u00d6L\u00dcM SA\u011eLIK H\u0130ZMETLER\u0130NDE D\u0130J\u0130TALLE\u015eME 3. B\u00d6L\u00dcM MIKNATIS HASTANE 4. B\u00d6L\u00dcM SA\u011eLIK KURUMLARINDA<span class=\"excerpt-hellip\"> [\u2026]<\/span><\/p>\n","protected":false},"featured_media":0,"template":"","meta":{"_monsterinsights_skip_tracking":false,"_monsterinsights_sitenote_active":false,"_monsterinsights_sitenote_note":"","_monsterinsights_sitenote_category":0},"product_brand":[],"product_cat":[13365],"product_tag":[],"class_list":{"0":"post-755571","1":"product","2":"type-product","3":"status-publish","5":"product_cat-saglik","6":"pa_cilt-ciltsiz","7":"pa_tur-kitap","8":"pa_yayinevi-gazi-kitabevi","9":"pa_yazar-kolektif","11":"first","12":"instock","13":"sale","14":"shipping-taxable","15":"purchasable","16":"product-type-simple"},"_links":{"self":[{"href":"https:\/\/roveyayinevi.com.tr\/index.php\/wp-json\/wp\/v2\/product\/755571","targetHints":{"allow":["GET"]}}],"collection":[{"href":"https:\/\/roveyayinevi.com.tr\/index.php\/wp-json\/wp\/v2\/product"}],"about":[{"href":"https:\/\/roveyayinevi.com.tr\/index.php\/wp-json\/wp\/v2\/types\/product"}],"wp:attachment":[{"href":"https:\/\/roveyayinevi.com.tr\/index.php\/wp-json\/wp\/v2\/media?parent=755571"}],"wp:term":[{"taxonomy":"product_brand","embeddable":true,"href":"https:\/\/roveyayinevi.com.tr\/index.php\/wp-json\/wp\/v2\/product_brand?post=755571"},{"taxonomy":"product_cat","embeddable":true,"href":"https:\/\/roveyayinevi.com.tr\/index.php\/wp-json\/wp\/v2\/product_cat?post=755571"},{"taxonomy":"product_tag","embeddable":true,"href":"https:\/\/roveyayinevi.com.tr\/index.php\/wp-json\/wp\/v2\/product_tag?post=755571"}],"curies":[{"name":"wp","href":"https:\/\/api.w.org\/{rel}","templated":true}]}}