{"id":755556,"date":"2025-08-28T06:42:44","date_gmt":"2025-08-28T03:42:44","guid":{"rendered":"https:\/\/roveyayinevi.com.tr\/index.php\/urun\/altin-ebabil-gumus-ok-serisi-2-kitap\/"},"modified":"2026-04-16T03:08:47","modified_gmt":"2026-04-16T00:08:47","slug":"altin-ebabil-gumus-ok-serisi-2-kitap","status":"publish","type":"product","link":"https:\/\/roveyayinevi.com.tr\/index.php\/urun\/altin-ebabil-gumus-ok-serisi-2-kitap\/","title":{"rendered":"Alt\u0131n Ebabil G\u00fcm\u00fc\u015f Ok Serisi 2. Kitap"},"content":{"rendered":"<p>\u0130K\u0130 S\u0130H\u0130RL\u0130 TREN, G\u0130ZL\u0130 G\u00d6REVDEK\u0130 D\u00d6RT \u00c7OCUK, KAYIP B\u0130R K\u0130\u015e\u0130 VE D\u00dcNYANIN \u00c7E\u015e\u0130TL\u0130 YERLER\u0130NDEN GELEN ZOR DURUMDAK\u0130 HAYVANLAR\u2026  NEFES KES\u0130C\u0130 B\u0130R \u00c7EVREC\u0130 DEDEKT\u0130FL\u0130K \u00d6YK\u00dcS\u00dcNE HAZIR OLUN!   Son bir y\u0131lda Kate\u2019in hayat\u0131nda \u00e7ok \u015fey de\u011fi\u015fmi\u015fti. O ve Tom art\u0131k buharla \u00e7al\u0131\u015fan ve hayvanlar\u0131 kurtaran b\u00fcy\u00fcl\u00fc bir trenin kond\u00fckt\u00f6rleriydiler. Ancak gizli bir kimli\u011fe sahip olmak her zaman g\u00f6r\u00fcnd\u00fc\u011f\u00fc kadar kolay de\u011fildi. Herbert day\u0131 kay\u0131pt\u0131 ve iklim krizi g\u00fcnden g\u00fcne k\u00f6t\u00fcle\u015fiyordu. Giderek daha fazla hayvan yard\u0131ma ihtiya\u00e7 duyuyordu. B\u00f6ylece Kate kurallar\u0131 bir kenara b\u0131rakt\u0131 ve hem Herbert day\u0131s\u0131n\u0131 bulmak hem de d\u00fcnyaya yeniden denge getirmek i\u00e7in G\u00fcm\u00fc\u015f Ok\u2019la birlikte onaylanmam\u0131\u015f bir g\u00f6reve \u00e7\u0131kt\u0131. Ancak bu yolculukta yaln\u0131z olmad\u0131\u011f\u0131n\u0131 \u00e7ok ge\u00e7meden fark etti. Alt\u0131n Ebabil adl\u0131 gizemli bir tren de kendi meselesiyle raylarda ilerliyordu. Acaba bu tren ve i\u00e7indekiler, dost mu yoksa d\u00fc\u015fman m\u0131yd\u0131? G\u00fcm\u00fc\u015f Ok\u2019un bu heyecan verici devam kitab\u0131nda Kate, Tom ve hayvan dostlar\u0131n\u0131; Kuzey \u0130sko\u00e7ya\u2019dan Avustralya\u2019n\u0131n ta\u015fralar\u0131na, Bering Denizi\u2019nin derinliklerinden \u00c7ok Gizli K\u0131talar Aras\u0131 Demiryollar\u0131\u2019n\u0131n arkas\u0131ndaki gizemli g\u00fc\u00e7lere var\u0131ncaya dek soluk solu\u011fa bir macera bekliyor. <\/p>\n","protected":false},"excerpt":{"rendered":"<p>\u0130K\u0130 S\u0130H\u0130RL\u0130 TREN, G\u0130ZL\u0130 G\u00d6REVDEK\u0130 D\u00d6RT \u00c7OCUK, KAYIP B\u0130R K\u0130\u015e\u0130 VE D\u00dcNYANIN \u00c7E\u015e\u0130TL\u0130 YERLER\u0130NDEN GELEN ZOR DURUMDAK\u0130 HAYVANLAR\u2026 NEFES KES\u0130C\u0130 B\u0130R \u00c7EVREC\u0130 DEDEKT\u0130FL\u0130K \u00d6YK\u00dcS\u00dcNE HAZIR OLUN!<span class=\"excerpt-hellip\"> [\u2026]<\/span><\/p>\n","protected":false},"featured_media":0,"template":"","meta":{"_monsterinsights_skip_tracking":false,"_monsterinsights_sitenote_active":false,"_monsterinsights_sitenote_note":"","_monsterinsights_sitenote_category":0},"product_brand":[],"product_cat":[12274,12284],"product_tag":[],"class_list":{"0":"post-755556","1":"product","2":"type-product","3":"status-publish","5":"product_cat-cocuk-ve-genclik-kitaplari","6":"product_cat-hikayeler","7":"pa_cilt-ciltsiz","8":"pa_tur-kitap","9":"pa_yayinevi-ithaki-yayinlari","10":"pa_yazar-lev-grossman","12":"first","13":"instock","14":"sale","15":"shipping-taxable","16":"purchasable","17":"product-type-simple"},"_links":{"self":[{"href":"https:\/\/roveyayinevi.com.tr\/index.php\/wp-json\/wp\/v2\/product\/755556","targetHints":{"allow":["GET"]}}],"collection":[{"href":"https:\/\/roveyayinevi.com.tr\/index.php\/wp-json\/wp\/v2\/product"}],"about":[{"href":"https:\/\/roveyayinevi.com.tr\/index.php\/wp-json\/wp\/v2\/types\/product"}],"wp:attachment":[{"href":"https:\/\/roveyayinevi.com.tr\/index.php\/wp-json\/wp\/v2\/media?parent=755556"}],"wp:term":[{"taxonomy":"product_brand","embeddable":true,"href":"https:\/\/roveyayinevi.com.tr\/index.php\/wp-json\/wp\/v2\/product_brand?post=755556"},{"taxonomy":"product_cat","embeddable":true,"href":"https:\/\/roveyayinevi.com.tr\/index.php\/wp-json\/wp\/v2\/product_cat?post=755556"},{"taxonomy":"product_tag","embeddable":true,"href":"https:\/\/roveyayinevi.com.tr\/index.php\/wp-json\/wp\/v2\/product_tag?post=755556"}],"curies":[{"name":"wp","href":"https:\/\/api.w.org\/{rel}","templated":true}]}}