{"id":755554,"date":"2025-08-28T06:42:41","date_gmt":"2025-08-28T03:42:41","guid":{"rendered":"https:\/\/roveyayinevi.com.tr\/index.php\/urun\/merhaba-yapay-zeka-ben-insan\/"},"modified":"2026-04-16T03:08:47","modified_gmt":"2026-04-16T00:08:47","slug":"merhaba-yapay-zeka-ben-insan","status":"publish","type":"product","link":"https:\/\/roveyayinevi.com.tr\/index.php\/urun\/merhaba-yapay-zeka-ben-insan\/","title":{"rendered":"Merhaba Yapay Zeka, Ben \u0130nsan!"},"content":{"rendered":"<p>Yapay zek\u00e2n\u0131n y\u00fckseli\u015fi insanl\u0131\u011f\u0131n ba\u015f\u0131na gelen ya en iyi ya da en k\u00f6t\u00fc \u015fey olacak. Hangisi oldu\u011funu hen\u00fcz bilmiyoruz. Stephen Hawking G\u00fcn\u00fcm\u00fczde, al\u0131\u015fveri\u015ften seyahate, ileti\u015fimden e\u011flenceye kadar pek \u00e7ok sekt\u00f6r yapay zek\u00e2 ile \u015fekilleniyor. \u00d6yleyse, elektri\u011fin ke\u015ffine benzer bir devrim niteli\u011fi ta\u015f\u0131yan bu duruma biz insanlar ne kadar haz\u0131r\u0131z? G\u00fcnl\u00fck ya\u015fam\u0131m\u0131zda bir\u00e7ok karar\u0131n giderek yapay zek\u00e2 taraf\u0131ndan verildi\u011fi bir d\u00fcnyada insan olarak kendimizi nas\u0131l yeniden tan\u0131mlamal\u0131y\u0131z? Yapay zek\u00e2n\u0131n hayatlar\u0131m\u0131z\u0131, de\u011ferlerimizi ve temel varolu\u015f \u015feklimizi nas\u0131l etkiledi\u011fi sorusu bu teknolojiyi geli\u015ftirmek i\u00e7in ba\u015f d\u00f6nd\u00fcr\u00fcc\u00fc bir yar\u0131\u015fa giren insanl\u0131\u011f\u0131n bug\u00fcne kadar belki de en az ele ald\u0131\u011f\u0131 konulardan biri. Bu kitapta sade bir dille aktar\u0131lan ve g\u00fcnl\u00fck ya\u015famdan \u00f6rneklerle desteklenen bilgilerin \u0131\u015f\u0131\u011f\u0131nda, medya ve pop\u00fcler k\u00fclt\u00fcrde s\u00fcrekli yer alan yapay zek\u00e2 haberlerini anlamland\u0131rabilir, \u00f6ng\u00f6r\u00fcleri de\u011ferlendirebilir, yapay zek\u00e2 geli\u015fimi nedeniyle olu\u015fan endi\u015felerinizi y\u00f6netebilir, \u00e7al\u0131\u015fma ya\u015fam\u0131n\u0131z\u0131 planlayabilir ve s\u00fcrekli de\u011fi\u015fen yeni bir d\u00fcnyaya haz\u0131rlanabilirsiniz. Bilim ke\u015ffeder, i\u015f d\u00fcnyas\u0131 uygular, insan adapte olur. Peki, siz haz\u0131r m\u0131s\u0131n\u0131z?<\/p>\n","protected":false},"excerpt":{"rendered":"<p>Yapay zek\u00e2n\u0131n y\u00fckseli\u015fi insanl\u0131\u011f\u0131n ba\u015f\u0131na gelen ya en iyi ya da en k\u00f6t\u00fc \u015fey olacak. Hangisi oldu\u011funu hen\u00fcz bilmiyoruz. Stephen Hawking G\u00fcn\u00fcm\u00fczde, al\u0131\u015fveri\u015ften seyahate, ileti\u015fimden e\u011flenceye<span class=\"excerpt-hellip\"> [\u2026]<\/span><\/p>\n","protected":false},"featured_media":0,"template":"","meta":{"_monsterinsights_skip_tracking":false,"_monsterinsights_sitenote_active":false,"_monsterinsights_sitenote_note":"","_monsterinsights_sitenote_category":0},"product_brand":[],"product_cat":[13005,37328],"product_tag":[],"class_list":{"0":"post-755554","1":"product","2":"type-product","3":"status-publish","5":"product_cat-bilim-muhendislik","6":"product_cat-diger-bilim-muhendislik","7":"pa_cilt-ciltsiz","8":"pa_tur-kitap","9":"pa_yayinevi-remzi-kitabevi","10":"pa_yazar-mine-yurdagel-huseyin-sami-karaca","12":"first","13":"instock","14":"sale","15":"shipping-taxable","16":"purchasable","17":"product-type-simple"},"_links":{"self":[{"href":"https:\/\/roveyayinevi.com.tr\/index.php\/wp-json\/wp\/v2\/product\/755554","targetHints":{"allow":["GET"]}}],"collection":[{"href":"https:\/\/roveyayinevi.com.tr\/index.php\/wp-json\/wp\/v2\/product"}],"about":[{"href":"https:\/\/roveyayinevi.com.tr\/index.php\/wp-json\/wp\/v2\/types\/product"}],"wp:attachment":[{"href":"https:\/\/roveyayinevi.com.tr\/index.php\/wp-json\/wp\/v2\/media?parent=755554"}],"wp:term":[{"taxonomy":"product_brand","embeddable":true,"href":"https:\/\/roveyayinevi.com.tr\/index.php\/wp-json\/wp\/v2\/product_brand?post=755554"},{"taxonomy":"product_cat","embeddable":true,"href":"https:\/\/roveyayinevi.com.tr\/index.php\/wp-json\/wp\/v2\/product_cat?post=755554"},{"taxonomy":"product_tag","embeddable":true,"href":"https:\/\/roveyayinevi.com.tr\/index.php\/wp-json\/wp\/v2\/product_tag?post=755554"}],"curies":[{"name":"wp","href":"https:\/\/api.w.org\/{rel}","templated":true}]}}