{"id":755533,"date":"2025-08-28T06:42:06","date_gmt":"2025-08-28T03:42:06","guid":{"rendered":"https:\/\/roveyayinevi.com.tr\/index.php\/urun\/cinsel-fark-etigi\/"},"modified":"2026-04-16T03:08:47","modified_gmt":"2026-04-16T00:08:47","slug":"cinsel-fark-etigi","status":"publish","type":"product","link":"https:\/\/roveyayinevi.com.tr\/index.php\/urun\/cinsel-fark-etigi\/","title":{"rendered":"Cinsel Fark Eti\u011fi"},"content":{"rendered":"<p>Cinsel Fark Eti\u011fi felsefeyle feminizmin geleneksel s\u0131n\u0131rlar\u0131n\u0131 zorlayan, \u00e7\u0131\u011f\u0131r a\u00e7\u0131c\u0131 bir ke\u015fif yolculu\u011fu. Bu k\u0131\u015fk\u0131rt\u0131c\u0131 eserinde Luce Irigaray cinsel fark\u0131n karma\u015f\u0131k d\u00fcnyas\u0131na dal\u0131yor, etik s\u00f6ylemin temellerini yeniden tan\u0131ml\u0131yor. Dile, k\u00fclt\u00fcre ve arzunun dinamiklerine dair derinlikli kavray\u0131\u015flar\u0131ndan hareketle, kad\u0131nlar\u0131 tarihsel olarak marjinalle\u015ftirmi\u015f patriyarkal yap\u0131lar\u0131 \u00e7\u00f6z\u00fcml\u00fcyor. Irigaray, temeline cinsel fark\u0131n tan\u0131nmas\u0131n\u0131 alan ve geleneksel ahlaki \u00e7er\u00e7evelerin s\u0131n\u0131rlar\u0131n\u0131 a\u015fmaya \u00e7al\u0131\u015fan yeni bir etik paradigma \u00f6neriyor. Okuyucuyu felsefenin de s\u0131n\u0131rlar\u0131n\u0131 a\u015fan sorular sormaya sevk ediyor ve daha kapsay\u0131c\u0131, e\u015fitlik\u00e7i bir d\u00fcnyan\u0131n nas\u0131l kurulabilece\u011fi hakk\u0131nda d\u00fc\u015f\u00fcnmeye zorluyor. Ayr\u0131ca dil ve d\u00fc\u015f\u00fcnceyi somutla\u015ft\u0131ran \u00e7e\u015fitli yollar\u0131 izleyerek \u00e7a\u011f\u0131m\u0131z\u0131n en \u00f6nemli felsefi problemlerinden biri olan cinsel fark meselesini pek \u00e7ok y\u00f6n\u00fcyle soru\u015fturmay\u0131 deniyor. Bu ba\u011flamda felsefe tarihinin baz\u0131 \u00f6nemli metinleri hakk\u0131ndaki ilgi \u00e7ekici okumalar\u0131yla sevginin \u00e7e\u015fitli deneyimleri hakk\u0131ndaki sorgulamalar\u0131n\u0131 da bir araya getiriyor. <\/p>\n","protected":false},"excerpt":{"rendered":"<p>Cinsel Fark Eti\u011fi felsefeyle feminizmin geleneksel s\u0131n\u0131rlar\u0131n\u0131 zorlayan, \u00e7\u0131\u011f\u0131r a\u00e7\u0131c\u0131 bir ke\u015fif yolculu\u011fu. Bu k\u0131\u015fk\u0131rt\u0131c\u0131 eserinde Luce Irigaray cinsel fark\u0131n karma\u015f\u0131k d\u00fcnyas\u0131na dal\u0131yor, etik s\u00f6ylemin temellerini<span class=\"excerpt-hellip\"> [\u2026]<\/span><\/p>\n","protected":false},"featured_media":0,"template":"","meta":{"_monsterinsights_skip_tracking":false,"_monsterinsights_sitenote_active":false,"_monsterinsights_sitenote_note":"","_monsterinsights_sitenote_category":0},"product_brand":[],"product_cat":[12388],"product_tag":[],"class_list":{"0":"post-755533","1":"product","2":"type-product","3":"status-publish","5":"product_cat-felsefe","6":"pa_cilt-ciltsiz","7":"pa_tur-kitap","8":"pa_yayinevi-fol-kitap","9":"pa_yazar-luce-irigaray","11":"first","12":"instock","13":"sale","14":"shipping-taxable","15":"purchasable","16":"product-type-simple"},"_links":{"self":[{"href":"https:\/\/roveyayinevi.com.tr\/index.php\/wp-json\/wp\/v2\/product\/755533","targetHints":{"allow":["GET"]}}],"collection":[{"href":"https:\/\/roveyayinevi.com.tr\/index.php\/wp-json\/wp\/v2\/product"}],"about":[{"href":"https:\/\/roveyayinevi.com.tr\/index.php\/wp-json\/wp\/v2\/types\/product"}],"wp:attachment":[{"href":"https:\/\/roveyayinevi.com.tr\/index.php\/wp-json\/wp\/v2\/media?parent=755533"}],"wp:term":[{"taxonomy":"product_brand","embeddable":true,"href":"https:\/\/roveyayinevi.com.tr\/index.php\/wp-json\/wp\/v2\/product_brand?post=755533"},{"taxonomy":"product_cat","embeddable":true,"href":"https:\/\/roveyayinevi.com.tr\/index.php\/wp-json\/wp\/v2\/product_cat?post=755533"},{"taxonomy":"product_tag","embeddable":true,"href":"https:\/\/roveyayinevi.com.tr\/index.php\/wp-json\/wp\/v2\/product_tag?post=755533"}],"curies":[{"name":"wp","href":"https:\/\/api.w.org\/{rel}","templated":true}]}}