{"id":755528,"date":"2025-08-28T06:41:58","date_gmt":"2025-08-28T03:41:58","guid":{"rendered":"https:\/\/roveyayinevi.com.tr\/index.php\/urun\/yuzu-opulesi-aydinlik\/"},"modified":"2026-04-16T03:08:47","modified_gmt":"2026-04-16T00:08:47","slug":"yuzu-opulesi-aydinlik","status":"publish","type":"product","link":"https:\/\/roveyayinevi.com.tr\/index.php\/urun\/yuzu-opulesi-aydinlik\/","title":{"rendered":"Y\u00fcz\u00fc \u00d6p\u00fclesi Ayd\u0131nl\u0131k"},"content":{"rendered":"<p>P\u0131r\u0131lt\u0131s\u0131zd\u0131 ac\u0131 duman, ve \u00e7\u0131t\u0131rdayan dallar k\u00fckreyen alev topu gibi sarm\u0131\u015ft\u0131 Ulucanlar\u2019\u0131 ANKARA\u2019n\u0131n ayaz\u0131nda \u201cUzakta aramay\u0131n beni Ana Nazi kamp\u0131 burada!\u201d \u00d6l\u00fc canlar ku\u015fatm\u0131\u015f ba\u015fkenti sabah\u0131n s\u0131f\u0131r \u00fc\u00e7\u00fcnde. Ac\u0131 \u00e7\u0131\u011fl\u0131klar i\u00e7inde Eyl\u00fcl ay\u0131n\u0131n yirmi alt\u0131s\u0131nda on y\u00fcrek, tek beden sar\u0131nd\u0131lar k\u0131z\u0131ly\u0131ld\u0131zl\u0131 bayra\u011fa G\u00fcn \u0131\u015f\u0131\u011f\u0131n\u0131n a\u011f\u0131rl\u0131\u011f\u0131 alt\u0131nda emsalsiz ve \u00d6nder\u2019diler On\u2019lar ULUCANLARDA mevsimlerden habersiz kire\u00e7 kuyusunda yakt\u0131lar \u201cbizi\u201d diri diri topra\u011f\u0131n derinliklerinde ay \u0131\u015f\u0131\u011f\u0131 vuruyor gecenin karanl\u0131k y\u00fcz\u00fcne.. H\u00fckm\u00fc \u00e7oktan verilmi\u015f vurdular \u201cbizi\u201d \u00f6bek \u00f6bek k\u0131r \u00e7i\u00e7eklerini o kadar \u00e7okturlar ki  kum kadar \u00e7ok.. Kemiklerimizden KALE-KOLLAR yapt\u0131lar. <\/p>\n","protected":false},"excerpt":{"rendered":"<p>P\u0131r\u0131lt\u0131s\u0131zd\u0131 ac\u0131 duman, ve \u00e7\u0131t\u0131rdayan dallar k\u00fckreyen alev topu gibi sarm\u0131\u015ft\u0131 Ulucanlar\u2019\u0131 ANKARA\u2019n\u0131n ayaz\u0131nda \u201cUzakta aramay\u0131n beni Ana Nazi kamp\u0131 burada!\u201d \u00d6l\u00fc canlar ku\u015fatm\u0131\u015f ba\u015fkenti sabah\u0131n<span class=\"excerpt-hellip\"> [\u2026]<\/span><\/p>\n","protected":false},"featured_media":0,"template":"","meta":{"_monsterinsights_skip_tracking":false,"_monsterinsights_sitenote_active":false,"_monsterinsights_sitenote_note":"","_monsterinsights_sitenote_category":0},"product_brand":[],"product_cat":[12291,12509],"product_tag":[],"class_list":{"0":"post-755528","1":"product","2":"type-product","3":"status-publish","5":"product_cat-edebiyat","6":"product_cat-siir","7":"pa_cilt-ciltsiz","8":"pa_tur-kitap","9":"pa_yayinevi-favori-yayinlari","10":"pa_yazar-ali-baba-ari","12":"first","13":"instock","14":"sale","15":"shipping-taxable","16":"purchasable","17":"product-type-simple"},"_links":{"self":[{"href":"https:\/\/roveyayinevi.com.tr\/index.php\/wp-json\/wp\/v2\/product\/755528","targetHints":{"allow":["GET"]}}],"collection":[{"href":"https:\/\/roveyayinevi.com.tr\/index.php\/wp-json\/wp\/v2\/product"}],"about":[{"href":"https:\/\/roveyayinevi.com.tr\/index.php\/wp-json\/wp\/v2\/types\/product"}],"wp:attachment":[{"href":"https:\/\/roveyayinevi.com.tr\/index.php\/wp-json\/wp\/v2\/media?parent=755528"}],"wp:term":[{"taxonomy":"product_brand","embeddable":true,"href":"https:\/\/roveyayinevi.com.tr\/index.php\/wp-json\/wp\/v2\/product_brand?post=755528"},{"taxonomy":"product_cat","embeddable":true,"href":"https:\/\/roveyayinevi.com.tr\/index.php\/wp-json\/wp\/v2\/product_cat?post=755528"},{"taxonomy":"product_tag","embeddable":true,"href":"https:\/\/roveyayinevi.com.tr\/index.php\/wp-json\/wp\/v2\/product_tag?post=755528"}],"curies":[{"name":"wp","href":"https:\/\/api.w.org\/{rel}","templated":true}]}}