{"id":755522,"date":"2025-08-28T06:41:52","date_gmt":"2025-08-28T03:41:52","guid":{"rendered":"https:\/\/roveyayinevi.com.tr\/index.php\/urun\/tuylu-perdeleri-inmesin-kedi-gozunun\/"},"modified":"2026-04-16T03:08:46","modified_gmt":"2026-04-16T00:08:46","slug":"tuylu-perdeleri-inmesin-kedi-gozunun","status":"publish","type":"product","link":"https:\/\/roveyayinevi.com.tr\/index.php\/urun\/tuylu-perdeleri-inmesin-kedi-gozunun\/","title":{"rendered":"T\u00fcyl\u00fc Perdeleri \u0130nmesin Kedi G\u00f6z\u00fcn\u00fcn"},"content":{"rendered":"<p>\u00d6zg\u00fcvenine sar\u0131l, Duy kendi sesini.   Unutma, Sesine ili\u015ftirdi\u011fin herkes Senin ad\u0131na karar verir.   Murat Terlemez, kedilerin bak\u0131\u015f a\u00e7\u0131s\u0131ndan yola \u00e7\u0131karak g\u00fcndelik ya\u015famlar\u0131m\u0131z\u0131 mercek alt\u0131na al\u0131yor. Hayallere, kendine ve ya\u015fama g\u00fcvenmenin sonsuz olas\u0131l\u0131klar\u0131 da beraberinde getirdi\u011fini bizlere duru bir dille anlat\u0131yor\u2026<\/p>\n","protected":false},"excerpt":{"rendered":"<p>\u00d6zg\u00fcvenine sar\u0131l, Duy kendi sesini. Unutma, Sesine ili\u015ftirdi\u011fin herkes Senin ad\u0131na karar verir. Murat Terlemez, kedilerin bak\u0131\u015f a\u00e7\u0131s\u0131ndan yola \u00e7\u0131karak g\u00fcndelik ya\u015famlar\u0131m\u0131z\u0131 mercek alt\u0131na al\u0131yor. Hayallere,<span class=\"excerpt-hellip\"> [\u2026]<\/span><\/p>\n","protected":false},"featured_media":0,"template":"","meta":{"_monsterinsights_skip_tracking":false,"_monsterinsights_sitenote_active":false,"_monsterinsights_sitenote_note":"","_monsterinsights_sitenote_category":0},"product_brand":[],"product_cat":[12357],"product_tag":[],"class_list":{"0":"post-755522","1":"product","2":"type-product","3":"status-publish","5":"product_cat-psikoloji","6":"pa_cilt-ciltsiz","7":"pa_tur-kitap","8":"pa_yayinevi-perseus","9":"pa_yazar-murat-terlemez","11":"first","12":"instock","13":"sale","14":"shipping-taxable","15":"purchasable","16":"product-type-simple"},"_links":{"self":[{"href":"https:\/\/roveyayinevi.com.tr\/index.php\/wp-json\/wp\/v2\/product\/755522","targetHints":{"allow":["GET"]}}],"collection":[{"href":"https:\/\/roveyayinevi.com.tr\/index.php\/wp-json\/wp\/v2\/product"}],"about":[{"href":"https:\/\/roveyayinevi.com.tr\/index.php\/wp-json\/wp\/v2\/types\/product"}],"wp:attachment":[{"href":"https:\/\/roveyayinevi.com.tr\/index.php\/wp-json\/wp\/v2\/media?parent=755522"}],"wp:term":[{"taxonomy":"product_brand","embeddable":true,"href":"https:\/\/roveyayinevi.com.tr\/index.php\/wp-json\/wp\/v2\/product_brand?post=755522"},{"taxonomy":"product_cat","embeddable":true,"href":"https:\/\/roveyayinevi.com.tr\/index.php\/wp-json\/wp\/v2\/product_cat?post=755522"},{"taxonomy":"product_tag","embeddable":true,"href":"https:\/\/roveyayinevi.com.tr\/index.php\/wp-json\/wp\/v2\/product_tag?post=755522"}],"curies":[{"name":"wp","href":"https:\/\/api.w.org\/{rel}","templated":true}]}}