{"id":755518,"date":"2025-08-28T06:41:46","date_gmt":"2025-08-28T03:41:46","guid":{"rendered":"https:\/\/roveyayinevi.com.tr\/index.php\/urun\/ne-istersen-degil-neysen-onu-cekersin\/"},"modified":"2026-04-13T03:15:42","modified_gmt":"2026-04-13T00:15:42","slug":"ne-istersen-degil-neysen-onu-cekersin","status":"publish","type":"product","link":"https:\/\/roveyayinevi.com.tr\/index.php\/urun\/ne-istersen-degil-neysen-onu-cekersin\/","title":{"rendered":"Ne \u0130stersen De\u011fil Neysen Onu \u00c7ekersin"},"content":{"rendered":"<p>G\u00f6rd\u00fc\u011f\u00fcmde inan\u0131r\u0131m inand\u0131\u011f\u0131mda g\u00f6r\u00fcr\u00fcm.   Art\u0131k bir d\u00f6n\u00fcm noktas\u0131nday\u0131z. Kuantum fizi\u011fi, evrenin g\u00f6r\u00fcnenden ibaret olmad\u0131\u011f\u0131n\u0131 kan\u0131tlayarak, kendi ya\u015famlar\u0131m\u0131z\u0131n yarat\u0131c\u0131lar\u0131, hatta sanat\u00e7\u0131lar\u0131 oldu\u011fumuzu da ortaya koyuyor. Tezah\u00fcr etmek, var etmek, sadece irade meselesi de\u011fildir, ayn\u0131 zamanda bir sanatt\u0131r. Bu kitap sayesinde, Kuantum Tezah\u00fcr Ustal\u0131\u011f\u0131 yolunda edinece\u011finiz bilgilerle zaman\u0131n \u00f6tesinde bir deneyim ya\u015fayacaks\u0131n\u0131z, hem de saniyeler i\u00e7inde.   \u0130\u00e7d\u00fcnyan\u0131zda ba\u015flataca\u011f\u0131n\u0131z devrimsel d\u00f6n\u00fc\u015f\u00fcmleri, i\u00e7inde ya\u015fad\u0131\u011f\u0131n\u0131z d\u00fcnyada tezah\u00fcr ettirmeye ba\u015flad\u0131\u011f\u0131n\u0131zda, hayat\u0131n olas\u0131l\u0131klarla dolu bir sahne oldu\u011funu anlayacaks\u0131n\u0131z. Tezah\u00fcr bir \u201c\u0130ste ve olsun!\u201d s\u00fcreci de\u011fildir, \u201c\u0130ste ve ger\u00e7ekle\u015ftir!\u201d deneyimidir. <\/p>\n","protected":false},"excerpt":{"rendered":"<p>G\u00f6rd\u00fc\u011f\u00fcmde inan\u0131r\u0131m inand\u0131\u011f\u0131mda g\u00f6r\u00fcr\u00fcm. Art\u0131k bir d\u00f6n\u00fcm noktas\u0131nday\u0131z. Kuantum fizi\u011fi, evrenin g\u00f6r\u00fcnenden ibaret olmad\u0131\u011f\u0131n\u0131 kan\u0131tlayarak, kendi ya\u015famlar\u0131m\u0131z\u0131n yarat\u0131c\u0131lar\u0131, hatta sanat\u00e7\u0131lar\u0131 oldu\u011fumuzu da ortaya koyuyor. Tezah\u00fcr etmek,<span class=\"excerpt-hellip\"> [\u2026]<\/span><\/p>\n","protected":false},"featured_media":0,"template":"","meta":{"_monsterinsights_skip_tracking":false,"_monsterinsights_sitenote_active":false,"_monsterinsights_sitenote_note":"","_monsterinsights_sitenote_category":0},"product_brand":[],"product_cat":[12364,12376],"product_tag":[],"class_list":{"0":"post-755518","1":"product","2":"type-product","3":"status-publish","5":"product_cat-genel-konular","6":"product_cat-kisisel-gelisim","7":"pa_cilt-ciltsiz","8":"pa_tur-kitap","9":"pa_yayinevi-destek-yayinlari","10":"pa_yazar-ayse-tolga","12":"first","13":"instock","14":"sale","15":"shipping-taxable","16":"purchasable","17":"product-type-simple"},"_links":{"self":[{"href":"https:\/\/roveyayinevi.com.tr\/index.php\/wp-json\/wp\/v2\/product\/755518","targetHints":{"allow":["GET"]}}],"collection":[{"href":"https:\/\/roveyayinevi.com.tr\/index.php\/wp-json\/wp\/v2\/product"}],"about":[{"href":"https:\/\/roveyayinevi.com.tr\/index.php\/wp-json\/wp\/v2\/types\/product"}],"wp:attachment":[{"href":"https:\/\/roveyayinevi.com.tr\/index.php\/wp-json\/wp\/v2\/media?parent=755518"}],"wp:term":[{"taxonomy":"product_brand","embeddable":true,"href":"https:\/\/roveyayinevi.com.tr\/index.php\/wp-json\/wp\/v2\/product_brand?post=755518"},{"taxonomy":"product_cat","embeddable":true,"href":"https:\/\/roveyayinevi.com.tr\/index.php\/wp-json\/wp\/v2\/product_cat?post=755518"},{"taxonomy":"product_tag","embeddable":true,"href":"https:\/\/roveyayinevi.com.tr\/index.php\/wp-json\/wp\/v2\/product_tag?post=755518"}],"curies":[{"name":"wp","href":"https:\/\/api.w.org\/{rel}","templated":true}]}}