{"id":755517,"date":"2025-08-28T06:41:44","date_gmt":"2025-08-28T03:41:44","guid":{"rendered":"https:\/\/roveyayinevi.com.tr\/index.php\/urun\/gecmisin-yabancisi\/"},"modified":"2026-04-16T03:08:46","modified_gmt":"2026-04-16T00:08:46","slug":"gecmisin-yabancisi","status":"publish","type":"product","link":"https:\/\/roveyayinevi.com.tr\/index.php\/urun\/gecmisin-yabancisi\/","title":{"rendered":"Ge\u00e7mi\u015fin Yabanc\u0131s\u0131"},"content":{"rendered":"<p>Bug\u00fcn\u00fc ya\u015fayabilmek ne g\u00fczeldir kim bilir. Bu en \u00e7ok da ge\u00e7mi\u015fi ya\u015famaktan kurtulamayanlar\u0131n derin bir &#8221;ah&#8221; \u00e7eki\u015fidir. Ba\u015fkalar\u0131n\u0131n \u00e7ocukluk an\u0131lar\u0131 daha bir anlaml\u0131 gelir benim gibilere. Onlar\u0131n giydi\u011fi g\u00f6mlek daha \u00fct\u00fcl\u00fc, i\u00e7ti\u011fi \u00e7orba daha lezzetli, s\u00fcrd\u00fc\u011f\u00fc bisiklet daha haval\u0131d\u0131r sanki. Bizimkilerse, bo\u015fluklar\u0131n aras\u0131na serpi\u015ftirilen \u00f6ylesine bir \u015feylerle doludur. Peki, o bo\u015fluklar\u0131 da doldurabilmek m\u00fcmk\u00fcn m\u00fcd\u00fcr? San\u0131r\u0131m bunun en kestirme yolu, ge\u00e7mi\u015fime yabanc\u0131 olmakt\u0131. An\u0131lar\u0131mda gezinirken, baz\u0131 ya\u015fanm\u0131\u015fl\u0131klara biraz da ya\u015fanmam\u0131\u015fl\u0131k katmakt\u0131. Bu y\u00fczden bu kitap &#8221;ke\u015fke&#8221;lerin de\u011fil, &#8221;neden olmas\u0131n ki&#8221;lerin kitab\u0131.   Gizem Bing\u00f6l, Ge\u00e7mi\u015fin Yabanc\u0131s\u0131&#8217;nda, yaln\u0131z olma hissine ra\u011fmen hayata s\u0131ms\u0131k\u0131 tutunmak isteyen kahraman\u0131ndan beslenerek, sizleri al\u0131\u015f\u0131k olmad\u0131\u011f\u0131n\u0131z s\u00fcr\u00fckleyici bir maceraya davet ediyor.<\/p>\n","protected":false},"excerpt":{"rendered":"<p>Bug\u00fcn\u00fc ya\u015fayabilmek ne g\u00fczeldir kim bilir. Bu en \u00e7ok da ge\u00e7mi\u015fi ya\u015famaktan kurtulamayanlar\u0131n derin bir &#8221;ah&#8221; \u00e7eki\u015fidir. Ba\u015fkalar\u0131n\u0131n \u00e7ocukluk an\u0131lar\u0131 daha bir anlaml\u0131 gelir benim gibilere.<span class=\"excerpt-hellip\"> [\u2026]<\/span><\/p>\n","protected":false},"featured_media":0,"template":"","meta":{"_monsterinsights_skip_tracking":false,"_monsterinsights_sitenote_active":false,"_monsterinsights_sitenote_note":"","_monsterinsights_sitenote_category":0},"product_brand":[],"product_cat":[12291,12711],"product_tag":[],"class_list":{"0":"post-755517","1":"product","2":"type-product","3":"status-publish","5":"product_cat-edebiyat","6":"product_cat-roman-oyku","7":"pa_cilt-ciltsiz","8":"pa_tur-kitap","9":"pa_yayinevi-elpis-yayinlari","10":"pa_yazar-gizem-bingol","12":"first","13":"instock","14":"sale","15":"shipping-taxable","16":"purchasable","17":"product-type-simple"},"_links":{"self":[{"href":"https:\/\/roveyayinevi.com.tr\/index.php\/wp-json\/wp\/v2\/product\/755517","targetHints":{"allow":["GET"]}}],"collection":[{"href":"https:\/\/roveyayinevi.com.tr\/index.php\/wp-json\/wp\/v2\/product"}],"about":[{"href":"https:\/\/roveyayinevi.com.tr\/index.php\/wp-json\/wp\/v2\/types\/product"}],"wp:attachment":[{"href":"https:\/\/roveyayinevi.com.tr\/index.php\/wp-json\/wp\/v2\/media?parent=755517"}],"wp:term":[{"taxonomy":"product_brand","embeddable":true,"href":"https:\/\/roveyayinevi.com.tr\/index.php\/wp-json\/wp\/v2\/product_brand?post=755517"},{"taxonomy":"product_cat","embeddable":true,"href":"https:\/\/roveyayinevi.com.tr\/index.php\/wp-json\/wp\/v2\/product_cat?post=755517"},{"taxonomy":"product_tag","embeddable":true,"href":"https:\/\/roveyayinevi.com.tr\/index.php\/wp-json\/wp\/v2\/product_tag?post=755517"}],"curies":[{"name":"wp","href":"https:\/\/api.w.org\/{rel}","templated":true}]}}