{"id":755503,"date":"2025-08-28T06:41:21","date_gmt":"2025-08-28T03:41:21","guid":{"rendered":"https:\/\/roveyayinevi.com.tr\/index.php\/urun\/dunya-cocuk-klasikleri-ciltli\/"},"modified":"2026-04-16T03:08:46","modified_gmt":"2026-04-16T00:08:46","slug":"dunya-cocuk-klasikleri-ciltli","status":"publish","type":"product","link":"https:\/\/roveyayinevi.com.tr\/index.php\/urun\/dunya-cocuk-klasikleri-ciltli\/","title":{"rendered":"D\u00fcnya \u00c7ocuk Klasikleri (Ciltli)"},"content":{"rendered":"<p>G\u00fc\u00e7l\u00fc kurgular\u0131yla ve karakterleriyle zamana meydan okuyan d\u00fcnya klasikleri, \u00e7ocuklar i\u00e7in \u00f6zel bir se\u00e7kiyle bir araya geliyor! Define Adas\u0131\u2019ndan Oliver Twist\u2019e, Beyaz Di\u015f\u2019ten \u00dc\u00e7 Silah\u015forlar\u2019a d\u00fcnya klasikleri, \u00e7ocuklar\u0131n hayal g\u00fcc\u00fcn\u00fc beslerken evrensel de\u011ferleri tan\u0131malar\u0131n\u0131 sa\u011fl\u0131yor. Her bir sayfas\u0131 macera, dostluk ve cesaret dolu \u00f6yk\u00fcler, ku\u015faklar boyunca sevgiyle okunmaya ve haf\u0131zalarda yer edinmeye devam ediyor. D\u00fcnya klasiklerinin en sevilen on eserinden olu\u015fan bu koleksiyonla, b\u00fcy\u00fcl\u00fc bir d\u00fcnyan\u0131n kap\u0131s\u0131n\u0131 aralay\u0131n.   Define Adas\u0131 Oliver Twist Robinson Crusoe Beyaz Di\u015f Denizler Alt\u0131nda 20.000 Fersah Gizli Bah\u00e7e Kay\u0131p D\u00fcnya \u00dc\u00e7 Silah\u015forlar Gulliver\u2019in Gezileri Siyah \u0130nci <\/p>\n","protected":false},"excerpt":{"rendered":"<p>G\u00fc\u00e7l\u00fc kurgular\u0131yla ve karakterleriyle zamana meydan okuyan d\u00fcnya klasikleri, \u00e7ocuklar i\u00e7in \u00f6zel bir se\u00e7kiyle bir araya geliyor! Define Adas\u0131\u2019ndan Oliver Twist\u2019e, Beyaz Di\u015f\u2019ten \u00dc\u00e7 Silah\u015forlar\u2019a d\u00fcnya<span class=\"excerpt-hellip\"> [\u2026]<\/span><\/p>\n","protected":false},"featured_media":0,"template":"","meta":{"_monsterinsights_skip_tracking":false,"_monsterinsights_sitenote_active":false,"_monsterinsights_sitenote_note":"","_monsterinsights_sitenote_category":0},"product_brand":[],"product_cat":[12274,12467],"product_tag":[],"class_list":{"0":"post-755503","1":"product","2":"type-product","3":"status-publish","5":"product_cat-cocuk-ve-genclik-kitaplari","6":"product_cat-dunya-klasikleri","7":"pa_cilt-ciltli","8":"pa_tur-kitap","9":"pa_yayinevi-dogan-cocuk","10":"pa_yazar-kolektif","12":"first","13":"instock","14":"sale","15":"shipping-taxable","16":"purchasable","17":"product-type-simple"},"_links":{"self":[{"href":"https:\/\/roveyayinevi.com.tr\/index.php\/wp-json\/wp\/v2\/product\/755503","targetHints":{"allow":["GET"]}}],"collection":[{"href":"https:\/\/roveyayinevi.com.tr\/index.php\/wp-json\/wp\/v2\/product"}],"about":[{"href":"https:\/\/roveyayinevi.com.tr\/index.php\/wp-json\/wp\/v2\/types\/product"}],"wp:attachment":[{"href":"https:\/\/roveyayinevi.com.tr\/index.php\/wp-json\/wp\/v2\/media?parent=755503"}],"wp:term":[{"taxonomy":"product_brand","embeddable":true,"href":"https:\/\/roveyayinevi.com.tr\/index.php\/wp-json\/wp\/v2\/product_brand?post=755503"},{"taxonomy":"product_cat","embeddable":true,"href":"https:\/\/roveyayinevi.com.tr\/index.php\/wp-json\/wp\/v2\/product_cat?post=755503"},{"taxonomy":"product_tag","embeddable":true,"href":"https:\/\/roveyayinevi.com.tr\/index.php\/wp-json\/wp\/v2\/product_tag?post=755503"}],"curies":[{"name":"wp","href":"https:\/\/api.w.org\/{rel}","templated":true}]}}