{"id":755489,"date":"2025-08-28T06:40:59","date_gmt":"2025-08-28T03:40:59","guid":{"rendered":"https:\/\/roveyayinevi.com.tr\/index.php\/urun\/normal-ebeveyn\/"},"modified":"2026-04-16T03:08:46","modified_gmt":"2026-04-16T00:08:46","slug":"normal-ebeveyn","status":"publish","type":"product","link":"https:\/\/roveyayinevi.com.tr\/index.php\/urun\/normal-ebeveyn\/","title":{"rendered":"Normal Ebeveyn"},"content":{"rendered":"<p>Bu kitapta s\u0131k s\u0131k NORMAL kelimesine denk geleceksin. Neden biliyor musun? \u00c7\u00fcnk\u00fc bu kelimeyi duymaya ihtiyac\u0131n var. \u00c7ocu\u011funa zaman zaman sesini y\u00fckseltebilirsin, \u00e7ocu\u011funla oyun oynayamad\u0131\u011f\u0131n g\u00fcnler olabilir, evi bir kre\u015fe \u00e7evirip s\u00fcrekli etkinlik yapmak zorunda de\u011filsin, senin de yaln\u0131z kalmaya, bir kahve i\u00e7meye, arkada\u015flar\u0131n ile sohbet etmeye ihtiyac\u0131n var, \u00e7ocu\u011funla sarma\u015f\u0131k gibi ya\u015famak zorunda de\u011filsin. \u0130\u015fte bunlar\u0131n hepsi NORMAL\u2026 Sen de bunlar\u0131n fark\u0131ndas\u0131n ama kendini hep biraz eksik biraz yetersiz hissediyorsun. Sanki s\u00fcrekli hata yap\u0131yormu\u015fsun gibi bir his var i\u00e7inde ve o his seni i\u00e7ten i\u00e7e kemirip duruyor. Bunu kendine yapma l\u00fctfen. Omuzlar\u0131nda ta\u015f\u0131d\u0131\u011f\u0131n \u201cm\u00fckemmel ebeveyn\u201d tu\u011flas\u0131n\u0131 yere b\u0131rakman\u0131n vakti geldi. M\u00fckemmel olmak zorunda de\u011filsin. \u0130nan bana \u00e7ocu\u011fun da senden m\u00fckemmel olman\u0131 beklemiyor. \u0130\u00e7inde bulundu\u011fun ko\u015fullar \u00e7er\u00e7evesinde m\u00fcmk\u00fcn olan ebeveynli\u011fi ger\u00e7ekle\u015ftirmen yeterli. Kendini tokatlamay\u0131 b\u0131rak ve NORMAL EBEVEYN olma yolunda ilk ad\u0131m\u0131 at. Bu, sana ve \u00e7ocu\u011funa \u00e7ok iyi gelecek. Sevgiler\u2026 <\/p>\n","protected":false},"excerpt":{"rendered":"<p>Bu kitapta s\u0131k s\u0131k NORMAL kelimesine denk geleceksin. Neden biliyor musun? \u00c7\u00fcnk\u00fc bu kelimeyi duymaya ihtiyac\u0131n var. \u00c7ocu\u011funa zaman zaman sesini y\u00fckseltebilirsin, \u00e7ocu\u011funla oyun oynayamad\u0131\u011f\u0131n g\u00fcnler<span class=\"excerpt-hellip\"> [\u2026]<\/span><\/p>\n","protected":false},"featured_media":0,"template":"","meta":{"_monsterinsights_skip_tracking":false,"_monsterinsights_sitenote_active":false,"_monsterinsights_sitenote_note":"","_monsterinsights_sitenote_category":0},"product_brand":[],"product_cat":[26509,13365],"product_tag":[],"class_list":{"0":"post-755489","1":"product","2":"type-product","3":"status-publish","5":"product_cat-cocuk-gelisimi","6":"product_cat-saglik","7":"pa_cilt-ciltsiz","8":"pa_tur-kitap","9":"pa_yayinevi-kripto-basim-yayin","10":"pa_yazar-emine-ergun","12":"first","13":"instock","14":"sale","15":"shipping-taxable","16":"purchasable","17":"product-type-simple"},"_links":{"self":[{"href":"https:\/\/roveyayinevi.com.tr\/index.php\/wp-json\/wp\/v2\/product\/755489","targetHints":{"allow":["GET"]}}],"collection":[{"href":"https:\/\/roveyayinevi.com.tr\/index.php\/wp-json\/wp\/v2\/product"}],"about":[{"href":"https:\/\/roveyayinevi.com.tr\/index.php\/wp-json\/wp\/v2\/types\/product"}],"wp:attachment":[{"href":"https:\/\/roveyayinevi.com.tr\/index.php\/wp-json\/wp\/v2\/media?parent=755489"}],"wp:term":[{"taxonomy":"product_brand","embeddable":true,"href":"https:\/\/roveyayinevi.com.tr\/index.php\/wp-json\/wp\/v2\/product_brand?post=755489"},{"taxonomy":"product_cat","embeddable":true,"href":"https:\/\/roveyayinevi.com.tr\/index.php\/wp-json\/wp\/v2\/product_cat?post=755489"},{"taxonomy":"product_tag","embeddable":true,"href":"https:\/\/roveyayinevi.com.tr\/index.php\/wp-json\/wp\/v2\/product_tag?post=755489"}],"curies":[{"name":"wp","href":"https:\/\/api.w.org\/{rel}","templated":true}]}}