{"id":755487,"date":"2025-08-28T06:40:57","date_gmt":"2025-08-28T03:40:57","guid":{"rendered":"https:\/\/roveyayinevi.com.tr\/index.php\/urun\/ilahi-kelamin-mustesna-grameri\/"},"modified":"2026-04-16T03:08:46","modified_gmt":"2026-04-16T00:08:46","slug":"ilahi-kelamin-mustesna-grameri","status":"publish","type":"product","link":"https:\/\/roveyayinevi.com.tr\/index.php\/urun\/ilahi-kelamin-mustesna-grameri\/","title":{"rendered":"\u0130lahi Kelam\u0131n M\u00fcstesna Grameri"},"content":{"rendered":"<p>Kur\u2019\u00e2n ara\u015ft\u0131rmac\u0131lar\u0131n\u0131n istifadesine sunulan bu eser, Kur\u2019\u00e2n-\u0131 Kerim\u2019deki yerle\u015fik Arap gramerine muhalif olan ayetlerin ele al\u0131n\u0131p gerek\u00e7elerinin a\u00e7\u0131kland\u0131\u011f\u0131 bir \u00e7al\u0131\u015fmadan ibarettir.\u0130\u00e7eri\u011fini do\u011fru ifade edebilmesi i\u00e7in elinizdeki kitab\u0131n ad\u0131 \u201c\u0130l\u00e2h\u00ee Kel\u00e2m\u0131n M\u00fcstesna Grameri\u201d koyuldu. Bu isimlendirmede \u201ckurald\u0131\u015f\u0131, benzeri az bulunan, benzerlerinden ayr\u0131, \u00fcst\u00fcn olan, se\u00e7kin\u201d gibi anlamlara gelen \u201cm\u00fcstesna\u201d kelimesinin t\u00fcm anlamlar\u0131ndan istifade etmek hedeflendi. Kitapta ele al\u0131nan ayetler bilinen kurallar\u0131n d\u0131\u015f\u0131nda olduklar\u0131ndan bir y\u00f6n\u00fcyle kurald\u0131\u015f\u0131d\u0131rlar. Ama manay\u0131 en do\u011fru \u015fekilde aktarmak ve yanl\u0131\u015f anlamalar\u0131n \u00f6n\u00fcn\u00fc kesmek y\u00f6n\u00fcnden de benzerlerinden ayr\u0131, \u00fcst\u00fcn ve se\u00e7kindirler. Kur\u2019\u00e2n grameri m\u00fcstesnad\u0131r. Bir yandan bilinen kurallar\u0131n d\u0131\u015f\u0131ndad\u0131r ve kendisini bu kurallarla ilzam etmez, kurald\u0131\u015f\u0131 olmakla m\u00fcstesnad\u0131r. Di\u011fer yandan hi\u00e7kimse onun kadar kendisini do\u011fru ifade edemez, benzeri olmayan \u00fcst\u00fcn bir dil yap\u0131s\u0131na sahip olmakla m\u00fcstesnad\u0131r. Zira o, dillerin Yarat\u0131c\u0131s\u0131n\u0131n s\u00f6z\u00fcd\u00fcr.<\/p>\n","protected":false},"excerpt":{"rendered":"<p>Kur\u2019\u00e2n ara\u015ft\u0131rmac\u0131lar\u0131n\u0131n istifadesine sunulan bu eser, Kur\u2019\u00e2n-\u0131 Kerim\u2019deki yerle\u015fik Arap gramerine muhalif olan ayetlerin ele al\u0131n\u0131p gerek\u00e7elerinin a\u00e7\u0131kland\u0131\u011f\u0131 bir \u00e7al\u0131\u015fmadan ibarettir.\u0130\u00e7eri\u011fini do\u011fru ifade edebilmesi i\u00e7in elinizdeki<span class=\"excerpt-hellip\"> [\u2026]<\/span><\/p>\n","protected":false},"featured_media":0,"template":"","meta":{"_monsterinsights_skip_tracking":false,"_monsterinsights_sitenote_active":false,"_monsterinsights_sitenote_note":"","_monsterinsights_sitenote_category":0},"product_brand":[],"product_cat":[12718,12719],"product_tag":[],"class_list":{"0":"post-755487","1":"product","2":"type-product","3":"status-publish","5":"product_cat-din","6":"product_cat-islam","7":"pa_cilt-ciltsiz","8":"pa_tur-kitap","9":"pa_yayinevi-ilahiyat-yayinlari","10":"pa_yazar-mehmet-kilicarslan","12":"first","13":"instock","14":"sale","15":"shipping-taxable","16":"purchasable","17":"product-type-simple"},"_links":{"self":[{"href":"https:\/\/roveyayinevi.com.tr\/index.php\/wp-json\/wp\/v2\/product\/755487","targetHints":{"allow":["GET"]}}],"collection":[{"href":"https:\/\/roveyayinevi.com.tr\/index.php\/wp-json\/wp\/v2\/product"}],"about":[{"href":"https:\/\/roveyayinevi.com.tr\/index.php\/wp-json\/wp\/v2\/types\/product"}],"wp:attachment":[{"href":"https:\/\/roveyayinevi.com.tr\/index.php\/wp-json\/wp\/v2\/media?parent=755487"}],"wp:term":[{"taxonomy":"product_brand","embeddable":true,"href":"https:\/\/roveyayinevi.com.tr\/index.php\/wp-json\/wp\/v2\/product_brand?post=755487"},{"taxonomy":"product_cat","embeddable":true,"href":"https:\/\/roveyayinevi.com.tr\/index.php\/wp-json\/wp\/v2\/product_cat?post=755487"},{"taxonomy":"product_tag","embeddable":true,"href":"https:\/\/roveyayinevi.com.tr\/index.php\/wp-json\/wp\/v2\/product_tag?post=755487"}],"curies":[{"name":"wp","href":"https:\/\/api.w.org\/{rel}","templated":true}]}}