{"id":755480,"date":"2025-08-28T06:40:45","date_gmt":"2025-08-28T03:40:45","guid":{"rendered":"https:\/\/roveyayinevi.com.tr\/index.php\/urun\/delilige-ovgu-5\/"},"modified":"2026-04-16T03:08:46","modified_gmt":"2026-04-16T00:08:46","slug":"delilige-ovgu-5","status":"publish","type":"product","link":"https:\/\/roveyayinevi.com.tr\/index.php\/urun\/delilige-ovgu-5\/","title":{"rendered":"Delili\u011fe \u00d6vg\u00fc"},"content":{"rendered":"<p>Yanl\u0131\u015f yerde ve yanl\u0131\u015f zamanda ortaya \u00e7\u0131kan bilgelikten daha delice bir \u015fey olmad\u0131\u011f\u0131 gibi, orant\u0131s\u0131z ve dolay\u0131s\u0131yla yanl\u0131\u015f zek\u00e2dan daha ahmak\u00e7a bir \u015fey de yoktur.   H\u00fcmanizmin en \u00f6nemli temsilcilerinden Erasmus, tasla\u011f\u0131n\u0131 1509 yaz\u0131nda \u0130talya\u2019dan \u0130ngiltere\u2019ye yapt\u0131\u011f\u0131 yolculuk s\u0131ras\u0131nda haz\u0131rlad\u0131\u011f\u0131, daha sonra dostu Thomas More\u2019un evinde tamamlay\u0131p ona ithaf etti\u011fi ba\u015fyap\u0131t\u0131 Delili\u011fe \u00d6vg\u00fc\u2019de \u201cBeni benden daha iyi kim temsil edebilir?\u201d diyen delilik tanr\u0131\u00e7as\u0131n\u0131n a\u011fz\u0131ndan t\u00fcm insanl\u0131\u011fa seslenir.   Zalim h\u00fck\u00fcmdarlar\u0131n, a\u00e7g\u00f6zl\u00fc din adamlar\u0131n\u0131n, h\u0131rsl\u0131 t\u00fcccarlar\u0131n, kaypak entelekt\u00fcellerin ve m\u00fcridi olarak g\u00f6rd\u00fc\u011f\u00fc herkesin delili\u011findeki bilgeli\u011fi a\u00e7\u0131k\u00e7a ortaya sererken bilgeli\u011fin ahmakl\u0131\u011f\u0131n\u0131 ispatlamaktan da geri durmaz. Tanr\u0131\u00e7an\u0131n hiciv olarak an\u0131lmas\u0131n\u0131 istemedi\u011fi bu methiye, ayn\u0131 anda hem hicvin hem de methiyenin en delice ve bilgece \u00f6rneklerinden biridir. <\/p>\n","protected":false},"excerpt":{"rendered":"<p>Yanl\u0131\u015f yerde ve yanl\u0131\u015f zamanda ortaya \u00e7\u0131kan bilgelikten daha delice bir \u015fey olmad\u0131\u011f\u0131 gibi, orant\u0131s\u0131z ve dolay\u0131s\u0131yla yanl\u0131\u015f zek\u00e2dan daha ahmak\u00e7a bir \u015fey de yoktur. H\u00fcmanizmin<span class=\"excerpt-hellip\"> [\u2026]<\/span><\/p>\n","protected":false},"featured_media":0,"template":"","meta":{"_monsterinsights_skip_tracking":false,"_monsterinsights_sitenote_active":false,"_monsterinsights_sitenote_note":"","_monsterinsights_sitenote_category":0},"product_brand":[],"product_cat":[12777,12291],"product_tag":[],"class_list":{"0":"post-755480","1":"product","2":"type-product","3":"status-publish","5":"product_cat-deneme","6":"product_cat-edebiyat","7":"pa_cilt-ciltsiz","8":"pa_tur-kitap","9":"pa_yayinevi-can-yayinlari","10":"pa_yazar-desiderius-erasmus","12":"first","13":"instock","14":"sale","15":"shipping-taxable","16":"purchasable","17":"product-type-simple"},"_links":{"self":[{"href":"https:\/\/roveyayinevi.com.tr\/index.php\/wp-json\/wp\/v2\/product\/755480","targetHints":{"allow":["GET"]}}],"collection":[{"href":"https:\/\/roveyayinevi.com.tr\/index.php\/wp-json\/wp\/v2\/product"}],"about":[{"href":"https:\/\/roveyayinevi.com.tr\/index.php\/wp-json\/wp\/v2\/types\/product"}],"wp:attachment":[{"href":"https:\/\/roveyayinevi.com.tr\/index.php\/wp-json\/wp\/v2\/media?parent=755480"}],"wp:term":[{"taxonomy":"product_brand","embeddable":true,"href":"https:\/\/roveyayinevi.com.tr\/index.php\/wp-json\/wp\/v2\/product_brand?post=755480"},{"taxonomy":"product_cat","embeddable":true,"href":"https:\/\/roveyayinevi.com.tr\/index.php\/wp-json\/wp\/v2\/product_cat?post=755480"},{"taxonomy":"product_tag","embeddable":true,"href":"https:\/\/roveyayinevi.com.tr\/index.php\/wp-json\/wp\/v2\/product_tag?post=755480"}],"curies":[{"name":"wp","href":"https:\/\/api.w.org\/{rel}","templated":true}]}}