{"id":755468,"date":"2025-08-28T06:40:28","date_gmt":"2025-08-28T03:40:28","guid":{"rendered":"https:\/\/roveyayinevi.com.tr\/index.php\/urun\/kemal-bilbasar-egitime-ve-sanata-adanmis-bir-hayat\/"},"modified":"2026-04-16T03:08:45","modified_gmt":"2026-04-16T00:08:45","slug":"kemal-bilbasar-egitime-ve-sanata-adanmis-bir-hayat","status":"publish","type":"product","link":"https:\/\/roveyayinevi.com.tr\/index.php\/urun\/kemal-bilbasar-egitime-ve-sanata-adanmis-bir-hayat\/","title":{"rendered":"Kemal Bilba\u015far E\u011fitime ve Sanata Adanm\u0131\u015f Bir Hayat"},"content":{"rendered":"<p>Bu kitap, Sait Faik, Kemal Tahir ve Orhan Kemal\u2019le ayn\u0131 ku\u015faktan olan Kemal Bilba\u015far hakk\u0131nda yap\u0131lm\u0131\u015f ilk ciddi biyografi \u00e7al\u0131\u015fmas\u0131d\u0131r. Ansiklopedi ve edebiyat tarihi gibi kaynaklarda hayat\u0131 ve edebi faaliyeti birka\u00e7 paragrafla verilen yazar\u0131n bu y\u00f6n\u00fc, uzun s\u00fcren ara\u015ft\u0131rma ve incelemeler sonras\u0131nda alabildi\u011fine geni\u015f bir \u00e7er\u00e7evede ortaya konmu\u015ftur. Yazar\u0131n hayat\u0131 ve edeb\u00ee faaliyetinin hikayesi, \u0130stanbul, Ankara ve \u0130zmir k\u00fct\u00fcphane ve ar\u015fivlerinde uzun s\u00fcre yap\u0131lan taramalar\u0131n yan\u0131 s\u0131ra aile \u00e7evresinden gelen otantik ve de\u011ferli bilgilerle de zenginle\u015ftirilmi\u015ftir. Bilindi\u011fi gibi bir yazar\u0131n hayat\u0131 ile edeb\u00ee eserleri aras\u0131nda her zaman muayyen \u00f6l\u00e7\u00fclerde g\u00f6r\u00fclen bir ili\u015fki bulundu\u011fundan bu hayat hikayesi, yazar\u0131n edeb\u00ee eserlerinin anlamland\u0131r\u0131lmas\u0131 ve de\u011ferlendirilmesine elbetteki \u00e7ok yararl\u0131 olacakt\u0131r.<\/p>\n","protected":false},"excerpt":{"rendered":"<p>Bu kitap, Sait Faik, Kemal Tahir ve Orhan Kemal\u2019le ayn\u0131 ku\u015faktan olan Kemal Bilba\u015far hakk\u0131nda yap\u0131lm\u0131\u015f ilk ciddi biyografi \u00e7al\u0131\u015fmas\u0131d\u0131r. Ansiklopedi ve edebiyat tarihi gibi kaynaklarda<span class=\"excerpt-hellip\"> [\u2026]<\/span><\/p>\n","protected":false},"featured_media":0,"template":"","meta":{"_monsterinsights_skip_tracking":false,"_monsterinsights_sitenote_active":false,"_monsterinsights_sitenote_note":"","_monsterinsights_sitenote_category":0},"product_brand":[],"product_cat":[12573,12566],"product_tag":[],"class_list":{"0":"post-755468","1":"product","2":"type-product","3":"status-publish","5":"product_cat-akademik-kitaplar","6":"product_cat-egitim","7":"pa_cilt-ciltsiz","8":"pa_tur-kitap","9":"pa_yayinevi-platanus-publishing","10":"pa_yazar-muberra-bagci","12":"first","13":"instock","14":"sale","15":"shipping-taxable","16":"purchasable","17":"product-type-simple"},"_links":{"self":[{"href":"https:\/\/roveyayinevi.com.tr\/index.php\/wp-json\/wp\/v2\/product\/755468","targetHints":{"allow":["GET"]}}],"collection":[{"href":"https:\/\/roveyayinevi.com.tr\/index.php\/wp-json\/wp\/v2\/product"}],"about":[{"href":"https:\/\/roveyayinevi.com.tr\/index.php\/wp-json\/wp\/v2\/types\/product"}],"wp:attachment":[{"href":"https:\/\/roveyayinevi.com.tr\/index.php\/wp-json\/wp\/v2\/media?parent=755468"}],"wp:term":[{"taxonomy":"product_brand","embeddable":true,"href":"https:\/\/roveyayinevi.com.tr\/index.php\/wp-json\/wp\/v2\/product_brand?post=755468"},{"taxonomy":"product_cat","embeddable":true,"href":"https:\/\/roveyayinevi.com.tr\/index.php\/wp-json\/wp\/v2\/product_cat?post=755468"},{"taxonomy":"product_tag","embeddable":true,"href":"https:\/\/roveyayinevi.com.tr\/index.php\/wp-json\/wp\/v2\/product_tag?post=755468"}],"curies":[{"name":"wp","href":"https:\/\/api.w.org\/{rel}","templated":true}]}}