{"id":755463,"date":"2025-08-28T06:40:21","date_gmt":"2025-08-28T03:40:21","guid":{"rendered":"https:\/\/roveyayinevi.com.tr\/index.php\/urun\/evlilikte-sehvet-sefkat-dengesi\/"},"modified":"2026-01-28T03:44:50","modified_gmt":"2026-01-28T00:44:50","slug":"evlilikte-sehvet-sefkat-dengesi","status":"publish","type":"product","link":"https:\/\/roveyayinevi.com.tr\/index.php\/urun\/evlilikte-sehvet-sefkat-dengesi\/","title":{"rendered":"Evlilikte \u015eehvet \u015eefkat Dengesi"},"content":{"rendered":"<p>Uzman Psikolog Fatih Re\u015fit Civeleko\u011flu kar\u0131-kocalar\u0131 uyar\u0131yor: \u201cBirbirinize ebeveynlik yapmay\u0131n, e\u015flik yap\u0131n!\u201d Evlili\u011fin en \u00f6nemli gereklerinden biri sa\u011fl\u0131kl\u0131 bir cinsel hayatt\u0131r. Fakat pek \u00e7ok \u00e7ift cinsel hayat\u0131nda sa\u011fl\u0131kl\u0131 bir uyum yakalayam\u0131yor. \u015eehvetin unutuldu\u011fu kar\u0131-koca ili\u015fkisinde, bu \u00f6nemli y\u00f6nelimin yerini, birbirine adeta ana babal\u0131k yapan e\u015flerin bulundu\u011fu dengesi \u015fa\u015fm\u0131\u015f bir \u015fefkat ili\u015fkisi al\u0131yor. B\u00f6yle bir ili\u015fki ise \u201cevlilik\u201d de\u011fil, \u201cevcili\u011fe\u201d d\u00f6n\u00fc\u015f\u00fcyor. Kar\u0131-koca uyumu nas\u0131l olmal\u0131? E\u015fler aras\u0131nda \u015fehvet nas\u0131l artt\u0131r\u0131l\u0131r? Cinsel problemler nas\u0131l \u00e7\u00f6z\u00fcl\u00fcr? Evlilik ili\u015fkisinde do\u011fru \u015fefkat ne demektir? Romantizm ve erotizmin nas\u0131l ya\u015fanmas\u0131 gerekir? Evcili\u011fe d\u00f6nm\u00fc\u015f t\u00fcm ili\u015fkileri ger\u00e7ek bir evlili\u011fe d\u00f6n\u00fc\u015ft\u00fcrecek b\u00fct\u00fcn bilgiler bu kitapta! <\/p>\n","protected":false},"excerpt":{"rendered":"<p>Uzman Psikolog Fatih Re\u015fit Civeleko\u011flu kar\u0131-kocalar\u0131 uyar\u0131yor: \u201cBirbirinize ebeveynlik yapmay\u0131n, e\u015flik yap\u0131n!\u201d Evlili\u011fin en \u00f6nemli gereklerinden biri sa\u011fl\u0131kl\u0131 bir cinsel hayatt\u0131r. Fakat pek \u00e7ok \u00e7ift cinsel<span class=\"excerpt-hellip\"> [\u2026]<\/span><\/p>\n","protected":false},"featured_media":0,"template":"","meta":{"_monsterinsights_skip_tracking":false,"_monsterinsights_sitenote_active":false,"_monsterinsights_sitenote_note":"","_monsterinsights_sitenote_category":0},"product_brand":[],"product_cat":[18545,12291],"product_tag":[],"class_list":{"0":"post-755463","1":"product","2":"type-product","3":"status-publish","5":"product_cat-anlati","6":"product_cat-edebiyat","7":"pa_cilt-ciltsiz","8":"pa_tur-kitap","9":"pa_yayinevi-aile-yayinlari","10":"pa_yazar-fatih-resit-civelekoglu","12":"first","13":"instock","14":"sale","15":"shipping-taxable","16":"purchasable","17":"product-type-simple"},"_links":{"self":[{"href":"https:\/\/roveyayinevi.com.tr\/index.php\/wp-json\/wp\/v2\/product\/755463","targetHints":{"allow":["GET"]}}],"collection":[{"href":"https:\/\/roveyayinevi.com.tr\/index.php\/wp-json\/wp\/v2\/product"}],"about":[{"href":"https:\/\/roveyayinevi.com.tr\/index.php\/wp-json\/wp\/v2\/types\/product"}],"wp:attachment":[{"href":"https:\/\/roveyayinevi.com.tr\/index.php\/wp-json\/wp\/v2\/media?parent=755463"}],"wp:term":[{"taxonomy":"product_brand","embeddable":true,"href":"https:\/\/roveyayinevi.com.tr\/index.php\/wp-json\/wp\/v2\/product_brand?post=755463"},{"taxonomy":"product_cat","embeddable":true,"href":"https:\/\/roveyayinevi.com.tr\/index.php\/wp-json\/wp\/v2\/product_cat?post=755463"},{"taxonomy":"product_tag","embeddable":true,"href":"https:\/\/roveyayinevi.com.tr\/index.php\/wp-json\/wp\/v2\/product_tag?post=755463"}],"curies":[{"name":"wp","href":"https:\/\/api.w.org\/{rel}","templated":true}]}}