{"id":755449,"date":"2025-08-28T06:39:58","date_gmt":"2025-08-28T03:39:58","guid":{"rendered":"https:\/\/roveyayinevi.com.tr\/index.php\/urun\/kelebek-kozasindan-cikinca\/"},"modified":"2026-04-16T03:08:45","modified_gmt":"2026-04-16T00:08:45","slug":"kelebek-kozasindan-cikinca","status":"publish","type":"product","link":"https:\/\/roveyayinevi.com.tr\/index.php\/urun\/kelebek-kozasindan-cikinca\/","title":{"rendered":"Kelebek Kozas\u0131ndan \u00c7\u0131k\u0131nca"},"content":{"rendered":"<p>Yaral\u0131 ku\u015ftur insan, her daim yeniden yaras\u0131ndan do\u011fan. A\u015fk, kalbin kara deli\u011fi olarak sevda, insan\u0131n y\u00fcre\u011fini hem \u00e7izen hem de ya\u015fam sevincini dirilten\u2026 H\u00fcseyin Ozan Uyumlu\u2019nun \u201cKelebek Kozas\u0131ndan \u00c7\u0131k\u0131nca\u201d kitab\u0131, \u201cyaral\u0131 sevda \u015fiirleri\u201d olarak Myrina Yay\u0131nlar\u0131\u2019ndan \u00e7\u0131kt\u0131. Son d\u00f6nemde y\u00fcr\u00fcnebilir \u015fehirlerin s\u0131n\u0131r\u0131na dayand\u0131\u011f\u0131m\u0131z kapitalist d\u00fcnyan\u0131n yaratt\u0131\u011f\u0131 insan\u0131n uyku haline sallanm\u0131\u015f bir b\u0131\u00e7akt\u0131r bu kitaptaki k\u0131rk sekiz \u015fiir\u2026 \u00dc\u00e7 b\u00f6l\u00fcmden olu\u015fan \u015fiirinde; \u201cbir ad\u0131m\/ ge\u00e7mi\u015fe ve gelece\u011fe\/ her \u015fiire bir ad\u0131m\/ gelir \u00e7ocuklu\u011fum\/ dizinde iyile\u015fmi\u015f yaralar\u0131\/ dilinde ku\u015f c\u0131v\u0131lt\u0131lar\u0131yla\u201d diyen Uyumlu, dize-imge b\u00fct\u00fcnl\u00fc\u011f\u00fc i\u00e7inde \u015fiirle ya\u015fam kozas\u0131n\u0131, onun i\u00e7inden \u00f6zg\u00fcrl\u00fc\u011fe s\u00fcrekli kelebek u\u00e7urmak i\u00e7in \u00f6rd\u00fc\u011f\u00fcn\u00fc her an hissettirir \u00f6zenli \u015fiir okuruna\u2026  \u015eiirlerin t\u00fcm\u00fcnde \u00e7ocuk, su, r\u00fczg\u00e2r, \u015fehir, yaln\u0131zl\u0131k ve umut g\u00fc\u00e7l\u00fc imgelerle \u00f6r\u00fcl\u00fcr ve kelebe\u011fin kozadan \u00e7\u0131k\u0131\u015f halleri dizelere d\u00f6k\u00fcl\u00fcr\u2026 \u201cC\u00fcmb\u00fc\u015f\u201d \u015fiirindeki \u201cve salk\u0131m sa\u00e7akt\u0131 evler\/ uzun bir \u00e7ocuktu umudumuz\/ yola koyulduk\/ \u00e7ocu\u011fun ellerinden tutarak\u201d dize \u00f6rg\u00fcs\u00fc, bunlardan sadece biridir\u2026 <\/p>\n","protected":false},"excerpt":{"rendered":"<p>Yaral\u0131 ku\u015ftur insan, her daim yeniden yaras\u0131ndan do\u011fan. A\u015fk, kalbin kara deli\u011fi olarak sevda, insan\u0131n y\u00fcre\u011fini hem \u00e7izen hem de ya\u015fam sevincini dirilten\u2026 H\u00fcseyin Ozan Uyumlu\u2019nun<span class=\"excerpt-hellip\"> [\u2026]<\/span><\/p>\n","protected":false},"featured_media":0,"template":"","meta":{"_monsterinsights_skip_tracking":false,"_monsterinsights_sitenote_active":false,"_monsterinsights_sitenote_note":"","_monsterinsights_sitenote_category":0},"product_brand":[],"product_cat":[12291,12509],"product_tag":[],"class_list":{"0":"post-755449","1":"product","2":"type-product","3":"status-publish","5":"product_cat-edebiyat","6":"product_cat-siir","7":"pa_cilt-ciltsiz","8":"pa_tur-kitap","9":"pa_yayinevi-myrina-yayinlari","10":"pa_yazar-huseyin-ozan-uyumlu","12":"first","13":"instock","14":"sale","15":"shipping-taxable","16":"purchasable","17":"product-type-simple"},"_links":{"self":[{"href":"https:\/\/roveyayinevi.com.tr\/index.php\/wp-json\/wp\/v2\/product\/755449","targetHints":{"allow":["GET"]}}],"collection":[{"href":"https:\/\/roveyayinevi.com.tr\/index.php\/wp-json\/wp\/v2\/product"}],"about":[{"href":"https:\/\/roveyayinevi.com.tr\/index.php\/wp-json\/wp\/v2\/types\/product"}],"wp:attachment":[{"href":"https:\/\/roveyayinevi.com.tr\/index.php\/wp-json\/wp\/v2\/media?parent=755449"}],"wp:term":[{"taxonomy":"product_brand","embeddable":true,"href":"https:\/\/roveyayinevi.com.tr\/index.php\/wp-json\/wp\/v2\/product_brand?post=755449"},{"taxonomy":"product_cat","embeddable":true,"href":"https:\/\/roveyayinevi.com.tr\/index.php\/wp-json\/wp\/v2\/product_cat?post=755449"},{"taxonomy":"product_tag","embeddable":true,"href":"https:\/\/roveyayinevi.com.tr\/index.php\/wp-json\/wp\/v2\/product_tag?post=755449"}],"curies":[{"name":"wp","href":"https:\/\/api.w.org\/{rel}","templated":true}]}}